000
CXUS55 KPUB 291059
CF6TAD
PRELIMINARY LOCAL CLIMATOLOGICAL DATA (WS FORM: F-6)

                                          STATION:   TRINIDAD CO
                                          MONTH:     APRIL
                                          YEAR:      2017
                                          LATITUDE:   37 16 N
                                          LONGITUDE: 104 20 W

  TEMPERATURE IN F:       :PCPN:    SNOW:  WIND      :SUNSHINE: SKY     :PK WND
================================================================================
1   2   3   4   5  6A  6B    7    8   9   10  11  12  13   14  15   16   17  18
                                     12Z  AVG MX 2MIN
DY MAX MIN AVG DEP HDD CDD  WTR  SNW DPTH SPD SPD DIR MIN PSBL S-S WX    SPD DR
================================================================================

 1  40  31  36 -10  29   0 0.28    M    0  6.4 15  40   M    M   9 1      18  40
 2  60  30  45  -1  20   0 0.00  0.0    0  9.4 21 260   M    M   1        24 250
 3  57  34  46   0  19   0 0.06  0.0    0  9.2 18 340   M    M   4        24 350
 4  41  30  36 -10  29   0 0.81    M    M 10.4 22 330   M    M   9 128    29 320
 5  45  22  34 -13  31   0    T    M    M  6.3 14 320   M    M   3 1      18 320
 6  62  30  46  -1  19   0 0.00  0.0    0  9.1 18 110   M    M   0        23 110
 7  75  44  60  13   5   0 0.00  0.0    0 12.5 28 270   M    M   0        32 260
 8  73  49  61  14   4   0 0.00  0.0    0 14.9 26 260   M    M   0        33 260
 9  68  40  54   6  11   0 0.00  0.0    0 20.1 48 260   M    M   0        55 260
10  65  28  47  -1  18   0 0.00  0.0    0 10.2 25 190   M    M   0        35 170
11  72  39  56   8   9   0 0.00  0.0    0 13.3 32 190   M    M   0        39 180
12  74  44  59  11   6   0    T  0.0    0 15.1 31 200   M    M   0 3      41 200
13  76  41  59  10   6   0 0.00  0.0    0 10.9 24 180   M    M   1 3      30 180
14  82  47  65  16   0   0 0.00  0.0    0 12.8 26 240   M    M   0        36 240
15  78  45  62  13   3   0 0.00  0.0    0  9.8 20 260   M    M   0        25 270
16  71  42  57   7   8   0 0.00  0.0    0  9.7 24 160   M    M   2 3      29 160
17  78  44  61  11   4   0    T  0.0    0 10.4 38 230   M    M   1 12     50 240
18  80  44  62  12   3   0 0.00  0.0    0  9.9 21 250   M    M   0        25 240
19  82  51  67  16   0   2 0.00  0.0    0 10.1 32  40   M    M   0        42  40
20  67  44  56   5   9   0 0.09  0.0    0 10.4 29 170   M    M   8        34 140
21  61  41  51   0  14   0 0.14  0.0    0 10.8 28  50   M    M   8 1      34  60
22  54  36  45  -7  20   0 0.02  0.0    0  6.4 14  40   M    M   7 1      19  90
23  80  36  58   6   7   0 0.00  0.0    0 10.2 29 170   M    M   0        35 180
24  77  48  63  11   2   0 0.00  0.0    0 11.9 29 280   M    M   0        35 280
25  57  33  45  -8  20   0 0.60    M    0  9.4 29  10   M    M   6 1      36  10
26  57  33  45  -8  20   0 0.06    M    0  7.1 18 150   M    M   5 1      22 150
27  62  37  50  -3  15   0 0.01  0.0    0  9.6 33 300   M    M   3        54 300
28  56  31  44 -10  21   0 0.14    M    0 13.5 28 330   M    M   4 1      37 350
================================================================================
SM 1850 1074       352   2  2.21     0.0 299.8          M       71
================================================================================
AV 66.1 38.4                              10.7 FASTST   M    M   3    MAX(MPH)
                                 MISC ---->  # 48 260               # 55  260
================================================================================
NOTES:
# LAST OF SEVERAL OCCURRENCES

COLUMN 17 PEAK WIND IN M.P.H.

PRELIMINARY LOCAL CLIMATOLOGICAL DATA (WS FORM: F-6) , PAGE 2

                                          STATION:  TRINIDAD CO
                                          MONTH:    APRIL
                                          YEAR:     2017
                                          LATITUDE:   37 16 N
                                          LONGITUDE: 104 20 W

[TEMPERATURE DATA]      [PRECIPITATION DATA]       SYMBOLS USED IN COLUMN 16

AVERAGE MONTHLY: 52.2   TOTAL FOR MONTH:   2.21    1 = FOG OR MIST
DPTR FM NORMAL:   2.8   DPTR FM NORMAL:    1.16    2 = FOG REDUCING VISIBILITY
HIGHEST:    82 ON 19,14 GRTST 24HR  0.86 ON  3- 4      TO 1/4 MILE OR LESS
LOWEST:     22 ON  5                               3 = THUNDER
                        SNOW, ICE PELLETS, HAIL    4 = ICE PELLETS
                        TOTAL MONTH:   0.0 INCH    5 = HAIL
                        GRTST 24HR     0.0         6 = FREEZING RAIN OR DRIZZLE
                        GRTST DEPTH:   0           7 = DUSTSTORM OR SANDSTORM:
                                                       VSBY 1/2 MILE OR LESS
                                                   8 = SMOKE OR HAZE
[NO. OF DAYS WITH]      [WEATHER - DAYS WITH]      9 = BLOWING SNOW
                                                   X = TORNADO
MAX 32 OR BELOW:   0    0.01 INCH OR MORE:  10
MAX 90 OR ABOVE:   0    0.10 INCH OR MORE:   5
MIN 32 OR BELOW:   7    0.50 INCH OR MORE:   2
MIN  0 OR BELOW:   0    1.00 INCH OR MORE:   0

[HDD (BASE 65) ]
TOTAL THIS MO.   352    CLEAR  (SCALE 0-3)  19
DPTR FM NORMAL   -87    PTCLDY (SCALE 4-7)   7
TOTAL FM JUL 1  4279    CLOUDY (SCALE 8-10)  2
DPTR FM NORMAL  -989

[CDD (BASE 65) ]
TOTAL THIS MO.     2
DPTR FM NORMAL     2    [PRESSURE DATA]
TOTAL FM JAN 1     3    HIGHEST SLP M ON M
DPTR FM NORMAL     3    LOWEST  SLP 29.38 ON 25

[REMARKS]
