000
CXUS52 KTAE 290800
CF6TLH
PRELIMINARY LOCAL CLIMATOLOGICAL DATA (WS FORM: F-6)

                                          STATION:   TALLAHASSEE
                                          MONTH:     MAY
                                          YEAR:      2017
                                          LATITUDE:   30 22 N
                                          LONGITUDE:  84 22 W

  TEMPERATURE IN F:       :PCPN:    SNOW:  WIND      :SUNSHINE: SKY     :PK WND
================================================================================
1   2   3   4   5  6A  6B    7    8   9   10  11  12  13   14  15   16   17  18
                                     12Z  AVG MX 2MIN
DY MAX MIN AVG DEP HDD CDD  WTR  SNW DPTH SPD SPD DIR MIN PSBL S-S WX    SPD DR
================================================================================

 1  82  60  71   1   0   6 0.04  0.0    0  8.1 24 180   M    M   8 13     34 150
 2  87  53  70   0   0   5 0.00  0.0    0  4.1 16  10   M    M   1 1      23  20
 3  91  51  71   0   0   6 0.00  0.0    0  5.6 21 100   M    M   4        28 110
 4  76  64  70  -1   0   5 2.43  0.0    0 10.3 29 160   M    M   8 13     38 160
 5  71  51  61 -10   4   0 0.00  0.0    0 13.3 26 270   M    M   5 8      33 300
 6  78  49  64  -8   1   0 0.00  0.0    0  9.7 21 350   M    M   1        27 340
 7  87  51  69  -3   0   4 0.00  0.0    0  5.8 20 290   M    M   1 1      31 280
 8  85  53  69  -3   0   4 0.00  0.0    0  4.6 15 330   M    M   0        20 320
 9  91  53  72   0   0   7 0.00  0.0    0  3.1 13 180   M    M   1        15 170
10  93  56  75   2   0  10 0.00  0.0    0  5.2 16 190   M    M   2 1      20 190
11  92  58  75   2   0  10 0.00  0.0    0  6.9 18 270   M    M   5 1      23 270
12  88  63  76   3   0  11 0.56  0.0    0  6.4 29 290   M    M   6 123    43 300
13  87  65  76   2   0  11 0.08  0.0    0  6.5 21 250   M    M   6 13     25 250
14  88  64  76   2   0  11 0.00  0.0    0  5.0 15  80   M    M   2 1      19  80
15  90  60  75   1   0  10 0.00  0.0    0  2.7 12 320   M    M   2        14 350
16  94  65  80   6   0  15 0.00  0.0    0  4.1 15  90   M    M   1        19  90
17  91  69  80   5   0  15 0.00  0.0    0  7.4 16 180   M    M   4        32 270
18  90  72  81   6   0  16 0.00  0.0    0  7.9 14 130   M    M   5 8      17 140
19  90  69  80   5   0  15 0.00  0.0    0  6.4 14 130   M    M   5 8      20  20
20  90  72  81   5   0  16    T  0.0    0  8.2 18 140   M    M   6        24 160
21  82  69  76   0   0  11 0.29  0.0    0  4.3 23 300   M    M   9 13     29 290
22  86  69  78   2   0  13    T  0.0    0  4.0 16 150   M    M   6 138    20 180
23  84  72  78   2   0  13 0.58  0.0    0  8.7 25 200   M    M   9 138    35 210
24  77  62  70  -6   0   5 1.52  0.0    0  8.9 28 280   M    M   6 13     39 290
25  82  59  71  -6   0   6 0.00  0.0    0  8.9 22 290   M    M   3        28 330
26  88  54  71  -6   0   6 0.00  0.0    0  2.5 14 170   M    M   1        17 160
27  92  58  75  -2   0  10 0.00  0.0    0  3.7 15 290   M    M   1 1      19 230
28  94  73  84   6   0  19 0.01  0.0    0  8.1 17 270   M    M   7 13     23 260
================================================================================
SM 2426 1714         5 260  5.51     0.0 180.4          M      115
================================================================================
AV 86.6 61.2                               6.4 FASTST   M    M   4    MAX(MPH)
                                 MISC ---->  # 29 160               # 43  300
================================================================================
NOTES:
# LAST OF SEVERAL OCCURRENCES

COLUMN 17 PEAK WIND IN M.P.H.

PRELIMINARY LOCAL CLIMATOLOGICAL DATA (WS FORM: F-6) , PAGE 2

                                          STATION:  TALLAHASSEE
                                          MONTH:    MAY
                                          YEAR:     2017
                                          LATITUDE:   30 22 N
                                          LONGITUDE:  84 22 W

[TEMPERATURE DATA]      [PRECIPITATION DATA]       SYMBOLS USED IN COLUMN 16

AVERAGE MONTHLY: 73.9   TOTAL FOR MONTH:   5.51    1 = FOG OR MIST
DPTR FM NORMAL:   0.0   DPTR FM NORMAL:    2.53    2 = FOG REDUCING VISIBILITY
HIGHEST:    94 ON 28,16 GRTST 24HR  2.43 ON  4- 4      TO 1/4 MILE OR LESS
LOWEST:     49 ON  6                               3 = THUNDER
                        SNOW, ICE PELLETS, HAIL    4 = ICE PELLETS
                        TOTAL MONTH:   0.0 INCH    5 = HAIL
                        GRTST 24HR     0.0         6 = FREEZING RAIN OR DRIZZLE
                        GRTST DEPTH:   0           7 = DUSTSTORM OR SANDSTORM:
                                                       VSBY 1/2 MILE OR LESS
                                                   8 = SMOKE OR HAZE
[NO. OF DAYS WITH]      [WEATHER - DAYS WITH]      9 = BLOWING SNOW
                                                   X = TORNADO
MAX 32 OR BELOW:   0    0.01 INCH OR MORE:   8
MAX 90 OR ABOVE:  12    0.10 INCH OR MORE:   5
MIN 32 OR BELOW:   0    0.50 INCH OR MORE:   4
MIN  0 OR BELOW:   0    1.00 INCH OR MORE:   2

[HDD (BASE 65) ]
TOTAL THIS MO.     5    CLEAR  (SCALE 0-3)  12
DPTR FM NORMAL     2    PTCLDY (SCALE 4-7)  14
TOTAL FM JUL 1   805    CLOUDY (SCALE 8-10)  2
DPTR FM NORMAL  -788

[CDD (BASE 65) ]
TOTAL THIS MO.   260
DPTR FM NORMAL     5    [PRESSURE DATA]
TOTAL FM JAN 1   576    HIGHEST SLP M ON M
DPTR FM NORMAL   168    LOWEST  SLP 29.53 ON 24

[REMARKS]
