736
CXUS51 KCLE 240800
CF6TOL
PRELIMINARY LOCAL CLIMATOLOGICAL DATA (WS FORM: F-6)

                                          STATION:   TOLEDO OH
                                          MONTH:     APRIL
                                          YEAR:      2017
                                          LATITUDE:   41 35 N
                                          LONGITUDE:  83 48 W

  TEMPERATURE IN F:       :PCPN:    SNOW:  WIND      :SUNSHINE: SKY     :PK WND
================================================================================
1   2   3   4   5  6A  6B    7    8   9   10  11  12  13   14  15   16   17  18
                                     12Z  AVG MX 2MIN
DY MAX MIN AVG DEP HDD CDD  WTR  SNW DPTH SPD SPD DIR MIN PSBL S-S WX    SPD DR
================================================================================

 1  56  36  46   2  19   0 0.00  0.0    0  6.7 15  10   M    M   5        19 360
 2  59  31  45   1  20   0 0.00  0.0    0  3.7 13 180   M    M   2 1      16 190
 3  59  45  52   7  13   0 0.15  0.0    0  6.6 12  80   M    M   6 1      14 150
 4  57  46  52   7  13   0 0.08  0.0    0 18.0 33 260   M    M  10 1      44 250
 5  52  39  46   1  19   0 0.35  0.0    0 15.8 32  50   M    M   8 13     42  60
 6  43  33  38  -8  27   0 0.28  0.3    0 16.3 29 310   M    M  10 1      41 320
 7  51  32  42  -4  23   0 0.06  0.4    0 13.6 23 320   M    M   3 1      30 310
 8  60  29  45  -2  20   0 0.00  0.0    0  6.1 18 240   M    M   0 8      24 240
 9  75  45  60  13   5   0 0.00  0.0    0 11.6 25 220   M    M   0        37 200
10  76  58  67  20   0   2 0.08  0.0    0 14.2 29 240   M    M   2 13     39 240
11  64  45  55   7  10   0 0.02    M    0 11.6 22 280   M    M   3 13     30 290
12  61  36  49   1  16   0 0.00  0.0    0  5.8 16 310   M    M   2        22 290
13  55  45  50   2  15   0 0.00  0.0    0 10.9 20  70   M    M   6        24  70
14  61  44  53   4  12   0 0.00  0.0    0 11.6 20  70   M    M   4        24  80
15  82  47  65  16   0   0 0.03    M    0 13.0 32 240   M    M   3        40 230
16  74  58  66  16   0   1 0.00  0.0    0 15.3 29 260   M    M   2        36 260
17  71  45  58   8   7   0    T  0.0    0  7.7 24  60   M    M   1        29  60
18  66  44  55   5  10   0 0.00  0.0    0  9.6 16  90   M    M   2        20  90
19  79  50  65  14   0   0 0.44  0.0    0 10.7 25 330   M    M   7 13     30 340
20  80  50  65  14   0   0 0.80  0.0    0 10.5 40 250   M    M   7 13     53 260
21  55  45  50  -2  15   0 0.00  0.0    0 12.7 22 290   M    M   9        27 270
22  58  39  49  -3  16   0 0.00  0.0    0  7.9 18  60   M    M   1        24  50
23  67  33  50  -2  15   0 0.00  0.0    0  3.2 13  90   M    M   0        17 110
================================================================================
SM 1461  975       275   3  2.29     0.7 243.1          M       93
================================================================================
AV 63.5 42.4                              10.6 FASTST   M    M   4    MAX(MPH)
                                 MISC ---->  # 40 250               # 53  260
================================================================================
NOTES:
# LAST OF SEVERAL OCCURRENCES

COLUMN 17 PEAK WIND IN M.P.H.

PRELIMINARY LOCAL CLIMATOLOGICAL DATA (WS FORM: F-6) , PAGE 2

                                          STATION:  TOLEDO OH
                                          MONTH:    APRIL
                                          YEAR:     2017
                                          LATITUDE:   41 35 N
                                          LONGITUDE:  83 48 W

[TEMPERATURE DATA]      [PRECIPITATION DATA]       SYMBOLS USED IN COLUMN 16

AVERAGE MONTHLY: 53.0   TOTAL FOR MONTH:   2.29    1 = FOG OR MIST
DPTR FM NORMAL:   4.9   DPTR FM NORMAL:   -0.17    2 = FOG REDUCING VISIBILITY
HIGHEST:    82 ON 15    GRTST 24HR  1.03 ON 19-20      TO 1/4 MILE OR LESS
LOWEST:     29 ON  8                               3 = THUNDER
                        SNOW, ICE PELLETS, HAIL    4 = ICE PELLETS
                        TOTAL MONTH:   0.7 INCH    5 = HAIL
                        GRTST 24HR   0.4 ON   M    6 = FREEZING RAIN OR DRIZZLE
                        GRTST DEPTH:   0           7 = DUSTSTORM OR SANDSTORM:
                                                       VSBY 1/2 MILE OR LESS
                                                   8 = SMOKE OR HAZE
[NO. OF DAYS WITH]      [WEATHER - DAYS WITH]      9 = BLOWING SNOW
                                                   X = TORNADO
MAX 32 OR BELOW:   0    0.01 INCH OR MORE:  10
MAX 90 OR ABOVE:   0    0.10 INCH OR MORE:   5
MIN 32 OR BELOW:   3    0.50 INCH OR MORE:   1
MIN  0 OR BELOW:   0    1.00 INCH OR MORE:   0

[HDD (BASE 65) ]
TOTAL THIS MO.   275    CLEAR  (SCALE 0-3)  10
DPTR FM NORMAL  -119    PTCLDY (SCALE 4-7)  10
TOTAL FM JUL 1  4992    CLOUDY (SCALE 8-10)  3
DPTR FM NORMAL  -828

[CDD (BASE 65) ]
TOTAL THIS MO.     3
DPTR FM NORMAL     3    [PRESSURE DATA]
TOTAL FM JAN 1     3    HIGHEST SLP M ON M
DPTR FM NORMAL     3    LOWEST  SLP 29.28 ON  6

[REMARKS]
