875
CXUS51 KCLE 210800
CF6TOL
PRELIMINARY LOCAL CLIMATOLOGICAL DATA (WS FORM: F-6)

                                          STATION:   TOLEDO OH
                                          MONTH:     JANUARY
                                          YEAR:      2017
                                          LATITUDE:   41 35 N
                                          LONGITUDE:  83 48 W

  TEMPERATURE IN F:       :PCPN:    SNOW:  WIND      :SUNSHINE: SKY     :PK WND
================================================================================
1   2   3   4   5  6A  6B    7    8   9   10  11  12  13   14  15   16   17  18
                                     12Z  AVG MX 2MIN
DY MAX MIN AVG DEP HDD CDD  WTR  SNW DPTH SPD SPD DIR MIN PSBL S-S WX    SPD DR
================================================================================

 1  39  23  31   5  34   0 0.00  0.0    0  3.5 13 180   M    M   1        16 180
 2  41  25  33   7  32   0 0.08  0.0    0  7.3 13  70   M    M   8 13     16  90
 3  43  37  40  14  25   0 0.83  0.0    0  7.8 20 300   M    M  10 123    29 300
 4  37  18  28   2  37   0    T    T    0 20.5 27 280   M    M  10        44 270
 5  18   9  14 -12  51   0 0.02  0.3    0 12.7 22 250   M    M   7 18     26 250
 6  15   4  10 -16  55   0    T    T    T  7.6 16 280   M    M   3 8      24 290
 7  15  -2   7 -19  58   0 0.01  0.2    0 10.6 22 250   M    M   5 1      28 260
 8  17   7  12 -14  53   0    T    T    T  9.2 20 300   M    M   6 1      24 310
 9  28  13  21  -5  44   0 0.03  0.5    T  9.8 16 220   M    M   7 1      22 230
10  48  27  38  12  27   0 0.52  0.1    1 16.5 43 250   M    M  10 16     55 240
11  58  30  44  19  21   0 0.01  0.0    0 12.9 32 250   M    M   5 1      42 250
12  58  29  44  19  21   0 1.00  0.0    0 10.2 23 320   M    M  10 13     32 210
13  29  22  26   1  39   0 0.00  0.0    0  8.0 14  90   M    M   2        18 310
14  31  20  26   1  39   0 0.00  0.0    0  4.7 12  70   M    M   8 1      13  60
15  32  16  24  -1  41   0 0.00  0.0    0  0.8  7 180   M    M   0 1       8 190
16  36  20  28   3  37   0 0.07  0.0    0  4.1  9  80   M    M   8 18     11  70
17  53  34  44  19  21   0 0.79  0.0    0 13.5 26 240   M    M  10 12     33 240
18  39  34  37  12  28   0 0.01  0.0    0 13.1 22 260   M    M  10 1      26 270
19  39  33  36  11  29   0 0.00  0.0    0  6.4 17 260   M    M   8 1      20 250
20  47  34  41  16  24   0 0.32  0.0    0  6.9 15 250   M    M  10 12     19 260
================================================================================
SM  723  433       716   0  3.69     1.1 186.1          M      138
================================================================================
AV 36.2 21.7                               9.3 FASTST   M    M   7    MAX(MPH)
                                 MISC ---->  # 43 250               # 55  240
================================================================================
NOTES:
# LAST OF SEVERAL OCCURRENCES

COLUMN 17 PEAK WIND IN M.P.H.

PRELIMINARY LOCAL CLIMATOLOGICAL DATA (WS FORM: F-6) , PAGE 2

                                          STATION:  TOLEDO OH
                                          MONTH:    JANUARY
                                          YEAR:     2017
                                          LATITUDE:   41 35 N
                                          LONGITUDE:  83 48 W

[TEMPERATURE DATA]      [PRECIPITATION DATA]       SYMBOLS USED IN COLUMN 16

AVERAGE MONTHLY: 28.9   TOTAL FOR MONTH:   3.69    1 = FOG OR MIST
DPTR FM NORMAL:   3.4   DPTR FM NORMAL:    2.31    2 = FOG REDUCING VISIBILITY
HIGHEST:    58 ON 12,11 GRTST 24HR  1.01 ON 11-12      TO 1/4 MILE OR LESS
LOWEST:     -2 ON  7                               3 = THUNDER
                        SNOW, ICE PELLETS, HAIL    4 = ICE PELLETS
                        TOTAL MONTH:   1.1 INCHES  5 = HAIL
                        GRTST 24HR   0.5 ON  9- 9  6 = FREEZING RAIN OR DRIZZLE
                        GRTST DEPTH:   1 ON 10     7 = DUSTSTORM OR SANDSTORM:
                                                       VSBY 1/2 MILE OR LESS
                                                   8 = SMOKE OR HAZE
[NO. OF DAYS WITH]      [WEATHER - DAYS WITH]      9 = BLOWING SNOW
                                                   X = TORNADO
MAX 32 OR BELOW:   8    0.01 INCH OR MORE:  12
MAX 90 OR ABOVE:   0    0.10 INCH OR MORE:   5
MIN 32 OR BELOW:  15    0.50 INCH OR MORE:   4
MIN  0 OR BELOW:   1    1.00 INCH OR MORE:   1

[HDD (BASE 65) ]
TOTAL THIS MO.   716    CLEAR  (SCALE 0-3)   3
DPTR FM NORMAL   -75    PTCLDY (SCALE 4-7)  10
TOTAL FM JUL 1  2798    CLOUDY (SCALE 8-10)  7
DPTR FM NORMAL  -318

[CDD (BASE 65) ]
TOTAL THIS MO.     0
DPTR FM NORMAL     0    [PRESSURE DATA]
TOTAL FM JAN 1     0    HIGHEST SLP M ON M
DPTR FM NORMAL     0    LOWEST  SLP 29.55 ON  3

[REMARKS]
