337
CXUS53 KTOP 232020
CF6TOP
PRELIMINARY LOCAL CLIMATOLOGICAL DATA (WS FORM: F-6)

                                          STATION:   Topeka KS
                                          MONTH:     JANUARY
                                          YEAR:      2018
                                          LATITUDE:   39  4 N
                                          LONGITUDE:  95 38 W

  TEMPERATURE IN F:       :PCPN:    SNOW:  WIND      :SUNSHINE: SKY     :PK WND
================================================================================
1   2   3   4   5  6A  6B    7    8   9   10  11  12  13   14  15   16   17  18
                                     12Z  AVG MX 2MIN
DY MAX MIN AVG DEP HDD CDD  WTR  SNW DPTH SPD SPD DIR MIN PSBL S-S WX    SPD DR
================================================================================

 1  13  -9   2 -28  63   0 0.00  0.0    0  5.2  9  20   M    M   0        11 320
 2  24  -4  10 -20  55   0 0.00  0.0    0  5.8 14 210   M    M   1        19 220
 3  29  11  20 -10  45   0 0.00  0.0    0  9.4 23 350   M    M   2        32 340
 4  31   5  18 -12  47   0 0.00  0.0    0  3.0 10 160   M    M   1        14 120
 5  32  12  22  -8  43   0 0.00  0.0    0  7.9 14  50   M    M   0        17  50
 6  33  11  22  -8  43   0 0.00  0.0    0  8.7 15 160   M    M   0        20 120
 7  41  30  36   6  29   0 0.01  0.0    0  6.4 18 160   M    M   7 1      24 170
 8  53  23  38   8  27   0 0.00  0.0    0  3.9  9 280   M    M   0 1      12 280
 9  51  25  38   8  27   0 0.00  0.0    0  7.6 21 140   M    M   1 1      25 140
10  55  39  47  17  18   0 0.00  0.0    0 14.3 22 170   M    M   5        29 170
11  51  12  32   2  33   0 0.55  0.4    0 15.7 30 330   M    M   8 16     40 340
12  21   6  14 -16  51   0 0.00  0.0    T 10.1 16 360   M    M   3        22 320
13  21  13  17 -13  48   0    T    T    T  6.9 16  10   M    M  10        23  10
14  34  18  26  -4  39   0 0.24  2.0    2  6.2 13 210   M    M   8 16     17 220
15  35   2  19 -11  46   0    T    T    2 16.2 31 330   M    M   3 1      41 350
16  14  -3   6 -24  59   0 0.00  0.0    1  6.7 15 310   M    M   0        19 310
17  27  -4  12 -18  53   0 0.00  0.0    1  5.2 14 180   M    M   0        18 180
18  43  14  29  -1  36   0 0.00  0.0    1  6.8 16 180   M    M   0        23 200
19  51  31  41  11  24   0 0.00  0.0    T  9.3 17 180   M    M   0        23 190
20  52  33  43  13  22   0 0.00  0.0    0  5.5 13 180   M    M   6 12     17 200
21  64  31  48  18  17   0 0.02  0.0    0  7.5 22 240   M    M   9 123    29 250
22  42  30  36   6  29   0 0.12  0.7    0 12.8 26 310   M    M   8 1      40 300
================================================================================
SM  817  326       854   0  0.94     3.1 181.1          M       72
================================================================================
AV 37.1 14.8                               8.2 FASTST   M    M   3    MAX(MPH)
                                 MISC ---->  # 31 330               # 41  350
================================================================================
NOTES:
# LAST OF SEVERAL OCCURRENCES

COLUMN 17 PEAK WIND IN M.P.H.

PRELIMINARY LOCAL CLIMATOLOGICAL DATA (WS FORM: F-6) , PAGE 2

                                          STATION:  Topeka KS
                                          MONTH:    JANUARY
                                          YEAR:     2018
                                          LATITUDE:   39  4 N
                                          LONGITUDE:  95 38 W

[TEMPERATURE DATA]      [PRECIPITATION DATA]       SYMBOLS USED IN COLUMN 16

AVERAGE MONTHLY: 26.0   TOTAL FOR MONTH:   0.94    1 = FOG OR MIST
DPTR FM NORMAL:  -4.0   DPTR FM NORMAL:    0.39    2 = FOG REDUCING VISIBILITY
HIGHEST:    64 ON 21    GRTST 24HR  0.55 ON 11-11      TO 1/4 MILE OR LESS
LOWEST:     -9 ON  1                               3 = THUNDER
                        SNOW, ICE PELLETS, HAIL    4 = ICE PELLETS
                        TOTAL MONTH:   3.1 INCHES  5 = HAIL
                        GRTST 24HR   2.0 ON 14-14  6 = FREEZING RAIN OR DRIZZLE
                        GRTST DEPTH:   2 ON 15,14  7 = DUSTSTORM OR SANDSTORM:
                                                       VSBY 1/2 MILE OR LESS
                                                   8 = SMOKE OR HAZE
[NO. OF DAYS WITH]      [WEATHER - DAYS WITH]      9 = BLOWING SNOW
                                                   X = TORNADO
MAX 32 OR BELOW:   9    0.01 INCH OR MORE:   5
MAX 90 OR ABOVE:   0    0.10 INCH OR MORE:   3
MIN 32 OR BELOW:  20    0.50 INCH OR MORE:   1
MIN  0 OR BELOW:   4    1.00 INCH OR MORE:   0

[HDD (BASE 65) ]
TOTAL THIS MO.   854    CLEAR  (SCALE 0-3)  13
DPTR FM NORMAL    77    PTCLDY (SCALE 4-7)   6
TOTAL FM JUL 1  2650    CLOUDY (SCALE 8-10)  3
DPTR FM NORMAL  -144

[CDD (BASE 65) ]
TOTAL THIS MO.     0
DPTR FM NORMAL     0    [PRESSURE DATA]
TOTAL FM JAN 1     0    HIGHEST SLP M ON M
DPTR FM NORMAL     0    LOWEST  SLP 29.44 ON 22

[REMARKS]
