000
CXUS53 KTOP 280800
CF6TOP
PRELIMINARY LOCAL CLIMATOLOGICAL DATA (WS FORM: F-6)

                                          STATION:   Topeka KS
                                          MONTH:     APRIL
                                          YEAR:      2016
                                          LATITUDE:   39  4 N
                                          LONGITUDE:  95 38 W

  TEMPERATURE IN F:       :PCPN:    SNOW:  WIND      :SUNSHINE: SKY     :PK WND
================================================================================
1   2   3   4   5  6A  6B    7    8   9   10  11  12  13   14  15   16   17  18
                                     12Z  AVG MX 2MIN
DY MAX MIN AVG DEP HDD CDD  WTR  SNW DPTH SPD SPD DIR MIN PSBL S-S WX    SPD DR
================================================================================

 1  55  34  45  -5  20   0    T  0.0    0 13.0 28 320   M    M   3        34 300
 2  67  29  48  -3  17   0 0.00  0.0    0  7.7 22 360   M    M   0        34 350
 3  81  39  60   9   5   0 0.00  0.0    0 10.4 26 230   M    M   0 8      36 250
 4  68  48  58   7   7   0 0.00  0.0    0  8.3 21 360   M    M   0        25  20
 5  83  46  65  13   0   0 0.03  0.0    0 15.5 30 170   M    M   1 3      40 180
 6  65  47  56   4   9   0 0.12  0.0    0 11.7 32 310   M    M   3        43 310
 7  67  42  55   3  10   0 0.00  0.0    0 14.3 37 310   M    M   2        48 310
 8  67  35  51  -2  14   0 0.00  0.0    0 10.3 28 320   M    M   0        38 320
 9  65  33  49  -4  16   0 0.00  0.0    0 12.9 25 200   M    M   1        37 210
10  75  52  64  11   1   0 0.01  0.0    0 10.1 21 360   M    M   5 3      31 180
11  61  37  49  -5  16   0 0.00  0.0    0 11.8 25  10   M    M   2        33  10
12  65  30  48  -6  17   0 0.00  0.0    0  6.0 15 120   M    M   0        22 130
13  74  37  56   2   9   0 0.00  0.0    0  5.8 14 170   M    M   0        20 170
14  74  38  56   1   9   0 0.00  0.0    0  6.8 20 140   M    M   1 12     27 130
15  77  50  64   9   1   0 0.00  0.0    0 12.9 26 120   M    M   1        31 110
16  75  56  66  11   0   1 0.00  0.0    0 14.9 26 120   M    M   5        33 120
17  76  57  67  11   0   2 0.48  0.0    0 10.0 24 140   M    M   9 1      30 150
18  66  57  62   6   3   0 0.87  0.0    0  6.1 16 150   M    M  10 1      19 150
19  66  56  61   5   4   0 0.12  0.0    0  5.3 14  50   M    M   9 1      17  50
20  68  52  60   3   5   0 0.92  0.0    0  8.7 21 250   M    M   6 1      29 260
21  68  50  59   2   6   0    T  0.0    0  8.9 22 310   M    M   6 1      30 300
22  71  48  60   3   5   0 0.00  0.0    0  3.4 13  10   M    M   5 1      17 360
23  80  48  64   6   1   0 0.00  0.0    0  9.3 22 150   M    M   0 1      27 160
24  80  60  70  12   0   5 0.82  0.0    0 15.3 32 150   M    M   2 13     41 150
25  79  60  70  12   0   5 0.00  0.0    0  6.8 14 170   M    M   6        19 200
26  74  59  67   8   0   2 2.04    T    0 11.4 26  10   M    M   5 135    36  10
27  70  49  60   1   5   0 0.49    T    0 11.4 35  60   M    M   5 135    40  60
================================================================================
SM 1917 1249       180  15  5.90    T    269.0          M       87
================================================================================
AV 71.0 46.3                              10.0 FASTST   M    M   3    MAX(MPH)
                                 MISC ---->  # 37 310               # 48  310
================================================================================
NOTES:
# LAST OF SEVERAL OCCURRENCES

COLUMN 17 PEAK WIND IN M.P.H.

PRELIMINARY LOCAL CLIMATOLOGICAL DATA (WS FORM: F-6) , PAGE 2

                                          STATION:  Topeka KS
                                          MONTH:    APRIL
                                          YEAR:     2016
                                          LATITUDE:   39  4 N
                                          LONGITUDE:  95 38 W

[TEMPERATURE DATA]      [PRECIPITATION DATA]       SYMBOLS USED IN COLUMN 16

AVERAGE MONTHLY: 58.6   TOTAL FOR MONTH:   5.90    1 = FOG OR MIST
DPTR FM NORMAL:   4.0   DPTR FM NORMAL:    2.80    2 = FOG REDUCING VISIBILITY
HIGHEST:    83 ON  5    GRTST 24HR  2.38 ON 26-27      TO 1/4 MILE OR LESS
LOWEST:     29 ON  2                               3 = THUNDER
                        SNOW, ICE PELLETS, HAIL    4 = ICE PELLETS
                        TOTAL MONTH:    T          5 = HAIL
                        GRTST 24HR    T  ON 27-27  6 = FREEZING RAIN OR DRIZZLE
                        GRTST DEPTH:   0           7 = DUSTSTORM OR SANDSTORM:
                                                       VSBY 1/2 MILE OR LESS
                                                   8 = SMOKE OR HAZE
[NO. OF DAYS WITH]      [WEATHER - DAYS WITH]      9 = BLOWING SNOW
                                                   X = TORNADO
MAX 32 OR BELOW:   0    0.01 INCH OR MORE:  10
MAX 90 OR ABOVE:   0    0.10 INCH OR MORE:   8
MIN 32 OR BELOW:   2    0.50 INCH OR MORE:   4
MIN  0 OR BELOW:   0    1.00 INCH OR MORE:   1

[HDD (BASE 65) ]
TOTAL THIS MO.   180    CLEAR  (SCALE 0-3)  15
DPTR FM NORMAL  -122    PTCLDY (SCALE 4-7)   9
TOTAL FM JUL 1  3860    CLOUDY (SCALE 8-10)  3
DPTR FM NORMAL -1037

[CDD (BASE 65) ]
TOTAL THIS MO.    15
DPTR FM NORMAL    -5    [PRESSURE DATA]
TOTAL FM JAN 1    18    HIGHEST SLP M ON M
DPTR FM NORMAL    -5    LOWEST  SLP 29.30 ON 27

[REMARKS]
