000
CXUS55 KCYS 241000
CF6TOR
PRELIMINARY LOCAL CLIMATOLOGICAL DATA (WS FORM: F-6)

                                          STATION:   TORRINGTON WY AIRPORT
                                          MONTH:     FEBRUARY
                                          YEAR:      2017
                                          LATITUDE:   42  3 N
                                          LONGITUDE: 104  9 W

  TEMPERATURE IN F:       :PCPN:    SNOW:  WIND      :SUNSHINE: SKY     :PK WND
================================================================================
1   2   3   4   5  6A  6B    7    8   9   10  11  12  13   14  15   16   17  18
                                     12Z  AVG MX 2MIN
DY MAX MIN AVG DEP HDD CDD  WTR  SNW DPTH SPD SPD DIR MIN PSBL S-S WX    SPD DR
================================================================================

 1  23  15  19 -10  46   0    T    M    M  9.9 17  10   M    M  10 1      20  10
 2  15  12  14 -15  51   0    T    M    M 10.5 20  30   M    M  10 18     23  30
 3  31  -7  12 -17  53   0    T    M    M 10.7 24 160   M    M   1 1      30 150
 4  54  14  34   4  31   0 0.00    M    M 16.9 39 270   M    M   0        52 290
 5  59  38  49  19  16   0 0.00    M    M  9.9 33 260   M    M   1        43 250
 6  57  31  44  14  21   0 0.00    M    M 13.5 36 280   M    M   0        50 280
 7  49  18  34   4  31   0    T    M    M 11.4 23 290   M    M   7 128    31 260
 8  34  11  23  -7  42   0    T    M    M  5.6 29  30   M    M   3 18     35  30
 9  67  21  44  14  21   0 0.00    M    M 10.3 35 270   M    M   1        44 270
10  69  46  58  28   7   0 0.00    M    M 10.6 29 260   M    M   1        44 250
11  54  30  42  12  23   0    T    M    M 11.3 28 360   M    M   8        35 360
12  53  19  36   6  29   0 0.00    M    M  7.0 17 170   M    M   0        20 170
13  54  19  37   6  28   0 0.00    M    M  9.2 26 360   M    M   0        36 350
14  53  22  38   7  27   0 0.00  0.0    0  9.0 24 330   M    M   1        29 320
15  65  20  43  12  22   0 0.00    M    M  8.9 25 270   M    M   0        31 280
16  71  28  50  19  15   0 0.00    M    M  9.7 21 260   M    M   0        26 260
17  65  31  48  17  17   0 0.00    M    M  8.7 18 310   M    M   0        25 270
18  67  34  51  19  14   0 0.00    M    M  7.9 21 130   M    M   2        28 140
19  63  29  46  14  19   0    T    M    M  6.7 20 290   M    M   3        26 310
20  63  32  48  16  17   0 0.00    M    M 12.5 29 270   M    M   0        36 290
21  70  32  51  19  14   0 0.00    M    M 19.0 45 270   M    M   0        58 270
22  54  32  43  11  22   0 0.02    M    M 14.5 31 260   M    M   6 1      40 260
23  33  21  27  -6  38   0    M    M    M 12.9 25  40   M    M  10 12     30  40
================================================================================
SM 1223  548       604   0  0.02     0.0 246.6          M       64
================================================================================
AV 53.2 23.8                              10.7 FASTST   M    M   3    MAX(MPH)
                                 MISC ---->  # 45 270               # 58  270
================================================================================
NOTES:
# LAST OF SEVERAL OCCURRENCES

COLUMN 17 PEAK WIND IN M.P.H.

PRELIMINARY LOCAL CLIMATOLOGICAL DATA (WS FORM: F-6) , PAGE 2

                                          STATION:  TORRINGTON WY AIRPORT
                                          MONTH:    FEBRUARY
                                          YEAR:     2017
                                          LATITUDE:   42  3 N
                                          LONGITUDE: 104  9 W

[TEMPERATURE DATA]      [PRECIPITATION DATA]       SYMBOLS USED IN COLUMN 16

AVERAGE MONTHLY: 38.5   TOTAL FOR MONTH:   0.02    1 = FOG OR MIST
DPTR FM NORMAL:   7.8   DPTR FM NORMAL:   -0.25    2 = FOG REDUCING VISIBILITY
HIGHEST:    71 ON 16    GRTST 24HR  0.03 ON 22-23      TO 1/4 MILE OR LESS
LOWEST:     -7 ON  3                               3 = THUNDER
                        SNOW, ICE PELLETS, HAIL    4 = ICE PELLETS
                        TOTAL MONTH:   0.0 INCH    5 = HAIL
                        GRTST 24HR     0.0         6 = FREEZING RAIN OR DRIZZLE
                        GRTST DEPTH:   0           7 = DUSTSTORM OR SANDSTORM:
                                                       VSBY 1/2 MILE OR LESS
                                                   8 = SMOKE OR HAZE
[NO. OF DAYS WITH]      [WEATHER - DAYS WITH]      9 = BLOWING SNOW
                                                   X = TORNADO
MAX 32 OR BELOW:   3    0.01 INCH OR MORE:   1
MAX 90 OR ABOVE:   0    0.10 INCH OR MORE:   0
MIN 32 OR BELOW:  20    0.50 INCH OR MORE:   0
MIN  0 OR BELOW:   1    1.00 INCH OR MORE:   0

[HDD (BASE 65) ]
TOTAL THIS MO.   604    CLEAR  (SCALE 0-3)  17
DPTR FM NORMAL  -187    PTCLDY (SCALE 4-7)   3
TOTAL FM JUL 1  4250    CLOUDY (SCALE 8-10)  3
DPTR FM NORMAL  -436

[CDD (BASE 65) ]
TOTAL THIS MO.     0
DPTR FM NORMAL     0    [PRESSURE DATA]
TOTAL FM JAN 1     0    HIGHEST SLP M ON M
DPTR FM NORMAL     0    LOWEST  SLP 29.43 ON  7

[REMARKS]
