000
CXUS56 KLKN 241009
CF6TPH
PRELIMINARY LOCAL CLIMATOLOGICAL DATA (WS FORM: F-6)

                                          STATION:   TONOPAH AIRPORT NV
                                          MONTH:     SEPTEMBER
                                          YEAR:      2017
                                          LATITUDE:   38  3 N
                                          LONGITUDE: 117  5 W

  TEMPERATURE IN F:       :PCPN:    SNOW:  WIND      :SUNSHINE: SKY     :PK WND
================================================================================
1   2   3   4   5  6A  6B    7    8   9   10  11  12  13   14  15   16   17  18
                                     12Z  AVG MX 2MIN
DY MAX MIN AVG DEP HDD CDD  WTR  SNW DPTH SPD SPD DIR MIN PSBL S-S WX    SPD DR
================================================================================

 1  91  54  73   4   0   8 0.00    M    M  8.8 21 360   M    M   0        22 360
 2  96  61  79  10   0  14 0.00    M    M  8.2 20  20   M    M   0        24  80
 3  93  60  77   8   0  12 0.00    M    M  8.5 28 140   M    M   1        36 160
 4  94  62  78  10   0  13    T    M    M  7.8 30 200   M    M   0 3      41 200
 5  94  63  79  11   0  14    T    M    M  9.4 39 170   M    M   0 3      54 160
 6  86  64  75   7   0  10 0.01    M    M  8.4 26 140   M    M   3 3      33 140
 7  89  58  74   6   0   9    T    M    M 10.8 29 230   M    M   1        37 220
 8  85  57  71   4   0   6    T    M    M 12.6 31 140   M    M   3        40 130
 9  79  53  66  -1   0   1 0.00    M    M  6.5 21 130   M    M   2        26 130
10  86  54  70   4   0   5 0.00    M    M  8.5 16  10   M    M   0        21 100
11  87  61  74   8   0   9 0.01    M    M  9.8 23 260   M    M   2 3      28 240
12  87  60  74   8   0   9    T    M    M  9.4 25 240   M    M   0 3      30 240
13  85  57  71   5   0   6 0.07    M    M  9.4 29 190   M    M   3 3      36 180
14  79  53  66   1   0   1    T    M    M  9.5 31 260   M    M   4 3      37 260
15  73  50  62  -3   3   0 0.00    M    M 13.1 24 330   M    M   1        29 330
16  74  44  59  -5   6   0 0.00    M    M  7.5 17  10   M    M   0        21  10
17  79  48  64   0   1   0 0.00    M    M  5.9 17 280   M    M   1        24 280
18  82  47  65   1   0   0 0.00    M    M 11.6 25 220   M    M   M        32 210
19  75  49  62  -1   3   0 0.00    M    M  9.3 20 340   M    M   M        36 350
20  81  45  63   0   2   0 0.00  0.0    0  8.8 21 200   M    M   2        38 170
21  58  37  48 -15  17   0    T    M    0 12.7 25  10   M    M   7 1      33  10
22  56  36  46 -16  19   0 0.00  0.0    0 10.6 17  10   M    M   4        22 340
23  58  35  47 -15  18   0 0.00  0.0    0 11.9 21 360   M    M   3        27 330
================================================================================
SM 1867 1208        69 117  0.09     0.0 219.0          M       37
================================================================================
AV 81.2 52.5                               9.5 FASTST   M    M   2    MAX(MPH)
                                 MISC ---->  # 39 170               # 54  160
================================================================================
NOTES:
# LAST OF SEVERAL OCCURRENCES

COLUMN 17 PEAK WIND IN M.P.H.

PRELIMINARY LOCAL CLIMATOLOGICAL DATA (WS FORM: F-6) , PAGE 2

                                          STATION:  TONOPAH AIRPORT NV
                                          MONTH:    SEPTEMBER
                                          YEAR:     2017
                                          LATITUDE:   38  3 N
                                          LONGITUDE: 117  5 W

[TEMPERATURE DATA]      [PRECIPITATION DATA]       SYMBOLS USED IN COLUMN 16

AVERAGE MONTHLY: 66.9   TOTAL FOR MONTH:   0.09    1 = FOG OR MIST
DPTR FM NORMAL:   1.1   DPTR FM NORMAL:   -0.21    2 = FOG REDUCING VISIBILITY
HIGHEST:    96 ON  2    GRTST 24HR  0.25 ON 31- 1      TO 1/4 MILE OR LESS
LOWEST:     35 ON 23                               3 = THUNDER
                        SNOW, ICE PELLETS, HAIL    4 = ICE PELLETS
                        TOTAL MONTH:   0.0 INCH    5 = HAIL
                        GRTST 24HR     0.0         6 = FREEZING RAIN OR DRIZZLE
                        GRTST DEPTH:   0           7 = DUSTSTORM OR SANDSTORM:
                                                       VSBY 1/2 MILE OR LESS
                                                   8 = SMOKE OR HAZE
[NO. OF DAYS WITH]      [WEATHER - DAYS WITH]      9 = BLOWING SNOW
                                                   X = TORNADO
MAX 32 OR BELOW:   0    0.01 INCH OR MORE:   3
MAX 90 OR ABOVE:   5    0.10 INCH OR MORE:   0
MIN 32 OR BELOW:   0    0.50 INCH OR MORE:   0
MIN  0 OR BELOW:   0    1.00 INCH OR MORE:   0

[HDD (BASE 65) ]
TOTAL THIS MO.    69    CLEAR  (SCALE 0-3)  18
DPTR FM NORMAL    21    PTCLDY (SCALE 4-7)   3
TOTAL FM JUL 1    69    CLOUDY (SCALE 8-10)  0
DPTR FM NORMAL    15

[CDD (BASE 65) ]
TOTAL THIS MO.   117
DPTR FM NORMAL    53    [PRESSURE DATA]
TOTAL FM JAN 1  1222    HIGHEST SLP M ON M
DPTR FM NORMAL   445    LOWEST  SLP 29.59 ON 14

[REMARKS]
