000
CXUS56 KLKN 311009
CF6TPH
PRELIMINARY LOCAL CLIMATOLOGICAL DATA (WS FORM: F-6)

                                          STATION:   TONOPAH AIRPORT NV
                                          MONTH:     AUGUST
                                          YEAR:      2015
                                          LATITUDE:   38  3 N
                                          LONGITUDE: 117  5 W

  TEMPERATURE IN F:       :PCPN:    SNOW:  WIND      :SUNSHINE: SKY     :PK WND
================================================================================
1   2   3   4   5  6A  6B    7    8   9   10  11  12  13   14  15   16   17  18
                                     12Z  AVG MX 2MIN
DY MAX MIN AVG DEP HDD CDD  WTR  SNW DPTH SPD SPD DIR MIN PSBL S-S WX    SPD DR
================================================================================

 1  92  61  77   2   0  12 0.18    M    M 10.0 31  40   M    M   3 3      38  30
 2  87  60  74  -1   0   9 0.00    M    M  6.3 15 240   M    M   3        19 290
 3  92  59  76   1   0  11 0.00    M    M  8.7 22 220   M    M   0        30 200
 4  90  57  74   0   0   9 0.00    M    M  9.2 23 200   M    M   0        30 200
 5  89  62  76   2   0  11 0.00    M    M  7.2 21 250   M    M   0        26 230
 6  87  62  75   1   0  10 0.00    M    M 10.4 31 190   M    M   0        36 190
 7  84  52  68  -6   0   3 0.04    M    M 15.6 45 320   M    M   2 38     58 320
 8  82  48  65  -9   0   0 0.00    M    M  7.5 15 230   M    M   0        20 240
 9  89  55  72  -2   0   7 0.00    M    M 10.0 21 200   M    M   0        29 220
10  90  54  72  -2   0   7 0.00    M    M 11.5 26 190   M    M   0        34 190
11  90  53  72  -2   0   7 0.00    M    M 14.5 32 190   M    M   0        43 180
12  90  58  74   1   0   9 0.00    M    M 11.6 29 180   M    M   1        37 170
13  93  59  76   3   0  11 0.00    M    M 13.6 29 190   M    M   0        42 330
14  95  67  81   8   0  16 0.00    M    M 11.3 30 200   M    M   0        38 180
15  96  60  78   5   0  13 0.00    M    M  6.3 15 260   M    M   0        21 190
16  95  64  80   7   0  15 0.00    M    M  6.6 14 360   M    M   0        18 280
17  96  63  80   7   0  15 0.00    M    M 10.1 22 330   M    M   0        26 310
18  96  60  78   6   0  13 0.00    M    M 10.9 23 330   M    M   0        41 210
19  96  59  78   6   0  13 0.00    M    M  8.4 18 320   M    M   0        25 340
20  96  61  79   7   0  14 0.00    M    M  8.7 18 280   M    M   0        30 260
21  93  58  76   4   0  11 0.00    M    M  8.4 20 190   M    M   0 8      24 190
22  94  58  76   4   0  11 0.00    M    M  9.3 20 180   M    M   0 8      23 170
23  93  58  76   5   0  11 0.00    M    M  9.4 20 170   M    M   0        27 180
24  94  58  76   5   0  11 0.00    M    M  9.2 22 190   M    M   0        28 190
25  94  57  76   5   0  11 0.00    M    M  9.0 21 210   M    M   0        27 200
26  88  63  76   5   0  11    T    M    M  8.5 18 100   M    M   2 3      24 120
27  91  59  75   5   0  10 0.00    M    M  5.4 14  90   M    M   1        17 190
28  93  60  77   7   0  12 0.00    M    M  9.1 23 200   M    M   1        30 190
29  95  61  78   8   0  13 0.00    M    M 13.8 32 210   M    M   0 8      41 190
30  88  57  73   3   0   8 0.00    M    M  7.2 16  10   M    M   0        22 270
================================================================================
SM 2748 1763         0 314  0.22    M    287.7          M       13
================================================================================
AV 91.6 58.8                               9.6 FASTST   M    M   0    MAX(MPH)
                                 MISC ---->  # 45 320               # 58  320
================================================================================
NOTES:
# LAST OF SEVERAL OCCURRENCES

COLUMN 17 PEAK WIND IN M.P.H.

PRELIMINARY LOCAL CLIMATOLOGICAL DATA (WS FORM: F-6) , PAGE 2

                                          STATION:  TONOPAH AIRPORT NV
                                          MONTH:    AUGUST
                                          YEAR:     2015
                                          LATITUDE:   38  3 N
                                          LONGITUDE: 117  5 W

[TEMPERATURE DATA]      [PRECIPITATION DATA]       SYMBOLS USED IN COLUMN 16

AVERAGE MONTHLY: 75.2   TOTAL FOR MONTH:   0.22    1 = FOG OR MIST
DPTR FM NORMAL:   2.6   DPTR FM NORMAL:   -0.28    2 = FOG REDUCING VISIBILITY
HIGHEST:    96 ON 20,19 GRTST 24HR  0.18 ON  1- 1      TO 1/4 MILE OR LESS
LOWEST:     48 ON  8                               3 = THUNDER
                        SNOW, ICE PELLETS, HAIL    4 = ICE PELLETS
                        TOTAL MONTH:    M          5 = HAIL
                        GRTST 24HR    M  ON   M    6 = FREEZING RAIN OR DRIZZLE
                        GRTST DEPTH:  M  ON   M    7 = DUSTSTORM OR SANDSTORM:
                                                       VSBY 1/2 MILE OR LESS
                                                   8 = SMOKE OR HAZE
[NO. OF DAYS WITH]      [WEATHER - DAYS WITH]      9 = BLOWING SNOW
                                                   X = TORNADO
MAX 32 OR BELOW:   0    0.01 INCH OR MORE:   2
MAX 90 OR ABOVE:  22    0.10 INCH OR MORE:   1
MIN 32 OR BELOW:   0    0.50 INCH OR MORE:   0
MIN  0 OR BELOW:   0    1.00 INCH OR MORE:   0

[HDD (BASE 65) ]
TOTAL THIS MO.     0    CLEAR  (SCALE 0-3)  29
DPTR FM NORMAL     0    PTCLDY (SCALE 4-7)   1
TOTAL FM JUL 1     0    CLOUDY (SCALE 8-10)  0
DPTR FM NORMAL    -2

[CDD (BASE 65) ]
TOTAL THIS MO.   314
DPTR FM NORMAL    81    [PRESSURE DATA]
TOTAL FM JAN 1   897    HIGHEST SLP M ON M
DPTR FM NORMAL   189    LOWEST  SLP 29.71 ON 29

[REMARKS]
