000
CXUS53 KOAX 211000
CF6TQE
PRELIMINARY LOCAL CLIMATOLOGICAL DATA (WS FORM: F-6)

                                          STATION:   TEKAMAH, NEBRASKA
                                          MONTH:     OCTOBER
                                          YEAR:      2014
                                          LATITUDE:   41 46 N
                                          LONGITUDE:  96 11 W

  TEMPERATURE IN F:       :PCPN:    SNOW:  WIND      :SUNSHINE: SKY     :PK WND
================================================================================
1   2   3   4   5  6A  6B    7    8   9   10  11  12  13   14  15   16   17  18
                                     12Z  AVG MX 2MIN
DY MAX MIN AVG DEP HDD CDD  WTR  SNW DPTH SPD SPD DIR MIN PSBL S-S WX    SPD DR
================================================================================

 1  80  60  70  12   0   5 0.25    M    M  5.1 24 110   M    M   3 13     29 110
 2  64  49  57  -1   8   0 0.18    M    M 11.5 22 350   M    M   5 13     28 320
 3  54  36  45 -12  20   0 0.00    M    M 18.8 32 310   M    M   5        44 300
 4  57  34  46 -11  19   0 0.00    M    M  8.9 23 330   M    M   2        30 330
 5  70  37  54  -2  11   0 0.06    M    M  8.4 24 310   M    M   4        36 290
 6  71  45  58   2   7   0    T    M    M  7.1 22 290   M    M   4        29 300
 7  74  53  64   9   1   0 0.00    M    M 12.3 26 310   M    M   0        35 310
 8  72  38  55   0  10   0 0.12    M    M  5.4 12  10   M    M   2 3      14 350
 9  65  44  55   1  10   0 0.03    M    M  9.1 15  20   M    M   5 3      20  30
10  58  33  46  -8  19   0 0.00    M    M  6.1 12 360   M    M   0        16  10
11  63  29  46  -8  19   0 0.00    M    M  5.5 14 160   M    M   0 1      17 170
12  66  34  50  -3  15   0 0.22    M    M  9.2 22 140   M    M   2 18     28 130
13  59  53  56   3   9   0 0.05    M    M 15.3 26 340   M    M   7 1      35 330
14  69  40  55   3  10   0 0.00    M    M 16.8 31 360   M    M   0        38 360
15  72  32  52   0  13   0 0.00    M    M  3.5 10 270   M    M   0 8      13 240
16  80  40  60   9   5   0 0.00    M    M 10.0 25 320   M    M   0 8      31 320
17  65  42  54   3  11   0 0.00    M    M 15.6 32 320   M    M   4 8      42 320
18  60  37  49  -2  16   0 0.00    M    M  6.4 14 360   M    M   5        19 360
19  76  38  57   7   8   0 0.00    M    M  9.6 20 210   M    M   0        27 210
20  75  40  58   8   7   0 0.00    M    M  5.1 13 340   M    M   0 8      17 320
================================================================================
SM 1350  814       218   5  0.91    M    189.7          M       48
================================================================================
AV 67.5 40.7                               9.5 FASTST   M    M   2    MAX(MPH)
                                 MISC ---->  # 32 310               # 44  300
================================================================================
NOTES:
# LAST OF SEVERAL OCCURRENCES

COLUMN 17 PEAK WIND IN M.P.H.

PRELIMINARY LOCAL CLIMATOLOGICAL DATA (WS FORM: F-6) , PAGE 2

                                          STATION:  TEKAMAH, NEBRASKA
                                          MONTH:    OCTOBER
                                          YEAR:     2014
                                          LATITUDE:   41 46 N
                                          LONGITUDE:  96 11 W

[TEMPERATURE DATA]      [PRECIPITATION DATA]       SYMBOLS USED IN COLUMN 16

AVERAGE MONTHLY: 54.1   TOTAL FOR MONTH:   0.91    1 = FOG OR MIST
DPTR FM NORMAL:   0.2   DPTR FM NORMAL:   -0.46    2 = FOG REDUCING VISIBILITY
HIGHEST:    80 ON 16, 1 GRTST 24HR  0.89 ON 30- 1      TO 1/4 MILE OR LESS
LOWEST:     29 ON 11                               3 = THUNDER
                        SNOW, ICE PELLETS, HAIL    4 = ICE PELLETS
                        TOTAL MONTH:    M          5 = HAIL
                        GRTST 24HR    M  ON   M    6 = FREEZING RAIN OR DRIZZLE
                        GRTST DEPTH:  M  ON   M    7 = DUSTSTORM OR SANDSTORM:
                                                       VSBY 1/2 MILE OR LESS
                                                   8 = SMOKE OR HAZE
[NO. OF DAYS WITH]      [WEATHER - DAYS WITH]      9 = BLOWING SNOW
                                                   X = TORNADO
MAX 32 OR BELOW:   0    0.01 INCH OR MORE:   7
MAX 90 OR ABOVE:   0    0.10 INCH OR MORE:   4
MIN 32 OR BELOW:   2    0.50 INCH OR MORE:   0
MIN  0 OR BELOW:   0    1.00 INCH OR MORE:   0

[HDD (BASE 65) ]
TOTAL THIS MO.   218    CLEAR  (SCALE 0-3)  12
DPTR FM NORMAL   -18    PTCLDY (SCALE 4-7)   8
TOTAL FM JUL 1   321    CLOUDY (SCALE 8-10)  0
DPTR FM NORMAL   -33

[CDD (BASE 65) ]
TOTAL THIS MO.     5
DPTR FM NORMAL    -7    [PRESSURE DATA]
TOTAL FM JAN 1   976    HIGHEST SLP M ON M
DPTR FM NORMAL    -8    LOWEST  SLP 29.64 ON  6

[REMARKS]
