846
CXUS56 KSGX 231545
CF6TRM
PRELIMINARY LOCAL CLIMATOLOGICAL DATA (WS FORM: F-6)

                                          STATION:   THERMAL AIRPORT CA
                                          MONTH:     FEBRUARY
                                          YEAR:      2017
                                          LATITUDE:   33 37 N
                                          LONGITUDE: 116 10 W

  TEMPERATURE IN F:       :PCPN:    SNOW:  WIND      :SUNSHINE: SKY     :PK WND
================================================================================
1   2   3   4   5  6A  6B    7    8   9   10  11  12  13   14  15   16   17  18
                                     12Z  AVG MX 2MIN
DY MAX MIN AVG DEP HDD CDD  WTR  SNW DPTH SPD SPD DIR MIN PSBL S-S WX    SPD DR
================================================================================

 1  73  37  55  -1  10   0 0.00  0.0    0  3.5  9 150   M    M   0        13 160
 2  72  39  56   0   9   0 0.00  0.0    0  1.9  6 270   M    M   0 8       9 210
 3  75  47  61   5   4   0 0.00  0.0    0  3.4  8 150   M    M   2        10 140
 4  76  45  61   5   4   0 0.00  0.0    0  4.1 12 330   M    M   0 8      15 320
 5  73  43  58   2   7   0 0.00  0.0    0  4.3 20 340   M    M   0 1      24 330
 6  71  52  62   6   3   0 0.00  0.0    0  4.9 18 330   M    M   3        24 330
 7  80  50  65   8   0   0 0.00  0.0    0  7.0 23 340   M    M   1        29 340
 8  82  57  70  13   0   5 0.00  0.0    0  5.5 14 320   M    M   0        17 310
 9  86  51  69  12   0   4 0.00  0.0    0  4.7 12 150   M    M   0        14 160
10  81  52  67  10   0   2 0.00  0.0    0  5.4 17 340   M    M   0        23 340
11  78  63  71  14   0   6 0.00  0.0    0  7.6 20 330   M    M   3        25 330
12  78  57  68  11   0   3 0.00  0.0    0 11.1 21 290   M    M   1 8      27 300
13  82  59  71  13   0   6 0.00  0.0    0  6.5 13 290   M    M   0        18 300
14  83  50  67   9   0   2 0.00  0.0    0  4.6 13 140   M    M   0        16 140
15  84  49  67   9   0   2 0.00  0.0    0  5.1 10  30   M    M   0 8      13 340
16  78  45  62   4   3   0 0.00  0.0    0  4.1 13 140   M    M   0        17 140
17  75  58  67   9   0   2 0.24  0.0    0 13.0 25 140   M    M   5 18     34 130
18  59  52  56  -3   9   0 0.13  0.0    0  3.4 13 120   M    M   9 1      17 120
19  67  48  58  -1   7   0 0.00  0.0    0  3.9 13 330   M    M   5 1      20 340
20  70  49  60   1   5   0 0.00  0.0    0  3.6 14 330   M    M   1        17 320
21  77  48  63   4   2   0 0.00  0.0    0  2.0  9 250   M    M   0 1      12 160
22  77  48  63   4   2   0 0.00  0.0    0  9.0 28 280   M    M   0        36 290
================================================================================
SM 1677 1099        65  32  0.37     0.0 118.6          M       30
================================================================================
AV 76.2 50.0                               5.4 FASTST   M    M   1    MAX(MPH)
                                 MISC ---->  # 28 280               # 36  290
================================================================================
NOTES:
# LAST OF SEVERAL OCCURRENCES

COLUMN 17 PEAK WIND IN M.P.H.

PRELIMINARY LOCAL CLIMATOLOGICAL DATA (WS FORM: F-6) , PAGE 2

                                          STATION:  THERMAL AIRPORT CA
                                          MONTH:    FEBRUARY
                                          YEAR:     2017
                                          LATITUDE:   33 37 N
                                          LONGITUDE: 116 10 W

[TEMPERATURE DATA]      [PRECIPITATION DATA]       SYMBOLS USED IN COLUMN 16

AVERAGE MONTHLY: 63.1   TOTAL FOR MONTH:   0.37    1 = FOG OR MIST
DPTR FM NORMAL:   5.7   DPTR FM NORMAL:   -0.15    2 = FOG REDUCING VISIBILITY
HIGHEST:    86 ON  9    GRTST 24HR  0.37 ON 17-18      TO 1/4 MILE OR LESS
LOWEST:     37 ON  1                               3 = THUNDER
                        SNOW, ICE PELLETS, HAIL    4 = ICE PELLETS
                        TOTAL MONTH:   0.0 INCH    5 = HAIL
                        GRTST 24HR     0.0         6 = FREEZING RAIN OR DRIZZLE
                        GRTST DEPTH:   0           7 = DUSTSTORM OR SANDSTORM:
                                                       VSBY 1/2 MILE OR LESS
                                                   8 = SMOKE OR HAZE
[NO. OF DAYS WITH]      [WEATHER - DAYS WITH]      9 = BLOWING SNOW
                                                   X = TORNADO
MAX 32 OR BELOW:   0    0.01 INCH OR MORE:   2
MAX 90 OR ABOVE:   0    0.10 INCH OR MORE:   2
MIN 32 OR BELOW:   0    0.50 INCH OR MORE:   0
MIN  0 OR BELOW:   0    1.00 INCH OR MORE:   0

[HDD (BASE 65) ]
TOTAL THIS MO.    65    CLEAR  (SCALE 0-3)  19
DPTR FM NORMAL  -107    PTCLDY (SCALE 4-7)   2
TOTAL FM JUL 1   811    CLOUDY (SCALE 8-10)  1
DPTR FM NORMAL  -221

[CDD (BASE 65) ]
TOTAL THIS MO.    32
DPTR FM NORMAL    30    [PRESSURE DATA]
TOTAL FM JAN 1    32    HIGHEST SLP M ON M
DPTR FM NORMAL    28    LOWEST  SLP 29.47 ON 17

[REMARKS]
