000
CXUS56 KSGX 211445
CF6TRM
PRELIMINARY LOCAL CLIMATOLOGICAL DATA (WS FORM: F-6)

                                          STATION:   THERMAL AIRPORT CA
                                          MONTH:     SEPTEMBER
                                          YEAR:      2017
                                          LATITUDE:   33 37 N
                                          LONGITUDE: 116 10 W

  TEMPERATURE IN F:       :PCPN:    SNOW:  WIND      :SUNSHINE: SKY     :PK WND
================================================================================
1   2   3   4   5  6A  6B    7    8   9   10  11  12  13   14  15   16   17  18
                                     12Z  AVG MX 2MIN
DY MAX MIN AVG DEP HDD CDD  WTR  SNW DPTH SPD SPD DIR MIN PSBL S-S WX    SPD DR
================================================================================

 1 112  78  95   7   0  30 0.00  0.0    0  4.6 13 160   M    M   0        16 160
 2 104  78  91   3   0  26 0.00  0.0    0  8.9 23 130   M    M   1 8      31 140
 3 100  81  91   3   0  26    T  0.0    0  8.1 17 120   M    M   0        23 110
 4 100  77  89   2   0  24 0.00  0.0    0  5.2 14 320   M    M   0        17 360
 5 110  77  94   7   0  29 0.00  0.0    0  6.6 18 320   M    M   0        25 320
 6 109  80  95   8   0  30 0.00  0.0    0  7.1 18 330   M    M   0        24 340
 7 106  73  90   3   0  25    T  0.0    0  6.4 17 320   M    M   0 38     24 320
 8  98  72  85  -1   0  20 1.28  0.0    0  6.0 46 150   M    M   1 13     63 150
 9  90  75  83  -3   0  18 0.00  0.0    0  2.2 13 320   M    M   4        15 320
10 102  72  87   1   0  22 0.00  0.0    0  4.2 12 140   M    M   0        15 190
11 108  82  95   9   0  30    T  0.0    0  6.0 16 150   M    M   0        19 130
12 107  75  91   6   0  26 0.00  0.0    0  5.4 17 320   M    M   0        21 320
13 107  77  92   7   0  27 0.00  0.0    0 10.9 25 330   M    M   0        32 320
14  93  72  83  -2   0  18 0.00  0.0    0 16.1 28 340   M    M   0        35 330
15  94  73  84   0   0  19 0.00  0.0    0 12.6 21 340   M    M   0        27 330
16  96  73  85   1   0  20 0.00  0.0    0  7.7 17 330   M    M   0        22 340
17  96  72  84   0   0  19 0.00  0.0    0  9.1 18 330   M    M   0        24 330
18  97  67  82  -1   0  17 0.00  0.0    0  7.6 22 330   M    M   0        26 330
19  97  73  85   2   0  20 0.00  0.0    0  8.4 21 340   M    M   0        27 340
20  96  73  85   2   0  20 0.00  0.0    0 10.2 24 340   M    M   0        29 330
================================================================================
SM 2022 1500         0 466  1.28     0.0 153.3          M        6
================================================================================
AV101.1 75.0                               7.7 FASTST   M    M   0    MAX(MPH)
                                 MISC ---->  # 46 150               # 63  150
================================================================================
NOTES:
# LAST OF SEVERAL OCCURRENCES

COLUMN 17 PEAK WIND IN M.P.H.

PRELIMINARY LOCAL CLIMATOLOGICAL DATA (WS FORM: F-6) , PAGE 2

                                          STATION:  THERMAL AIRPORT CA
                                          MONTH:    SEPTEMBER
                                          YEAR:     2017
                                          LATITUDE:   33 37 N
                                          LONGITUDE: 116 10 W

[TEMPERATURE DATA]      [PRECIPITATION DATA]       SYMBOLS USED IN COLUMN 16

AVERAGE MONTHLY: 88.1   TOTAL FOR MONTH:   1.28    1 = FOG OR MIST
DPTR FM NORMAL:   2.5   DPTR FM NORMAL:    1.12    2 = FOG REDUCING VISIBILITY
HIGHEST:   112 ON  1    GRTST 24HR  1.28 ON  8- 8      TO 1/4 MILE OR LESS
LOWEST:     67 ON 18                               3 = THUNDER
                        SNOW, ICE PELLETS, HAIL    4 = ICE PELLETS
                        TOTAL MONTH:   0.0 INCH    5 = HAIL
                        GRTST 24HR     0.0         6 = FREEZING RAIN OR DRIZZLE
                        GRTST DEPTH:   0           7 = DUSTSTORM OR SANDSTORM:
                                                       VSBY 1/2 MILE OR LESS
                                                   8 = SMOKE OR HAZE
[NO. OF DAYS WITH]      [WEATHER - DAYS WITH]      9 = BLOWING SNOW
                                                   X = TORNADO
MAX 32 OR BELOW:   0    0.01 INCH OR MORE:   1
MAX 90 OR ABOVE:  20    0.10 INCH OR MORE:   1
MIN 32 OR BELOW:   0    0.50 INCH OR MORE:   1
MIN  0 OR BELOW:   0    1.00 INCH OR MORE:   1

[HDD (BASE 65) ]
TOTAL THIS MO.     0    CLEAR  (SCALE 0-3)  19
DPTR FM NORMAL     0    PTCLDY (SCALE 4-7)   1
TOTAL FM JUL 1     0    CLOUDY (SCALE 8-10)  0
DPTR FM NORMAL     0

[CDD (BASE 65) ]
TOTAL THIS MO.   466
DPTR FM NORMAL    54    [PRESSURE DATA]
TOTAL FM JAN 1  3935    HIGHEST SLP M ON M
DPTR FM NORMAL   690    LOWEST  SLP 29.71 ON  1

[REMARKS]
