774
CXUS56 KPQR 231200
CF6TTD
PRELIMINARY LOCAL CLIMATOLOGICAL DATA (WS FORM: F-6)

                                          STATION:   TROUTDALE OR
                                          MONTH:     OCTOBER
                                          YEAR:      2017
                                          LATITUDE:   45 33 N
                                          LONGITUDE: 122 25 W

  TEMPERATURE IN F:       :PCPN:    SNOW:  WIND      :SUNSHINE: SKY     :PK WND
================================================================================
1   2   3   4   5  6A  6B    7    8   9   10  11  12  13   14  15   16   17  18
                                     12Z  AVG MX 2MIN
DY MAX MIN AVG DEP HDD CDD  WTR  SNW DPTH SPD SPD DIR MIN PSBL S-S WX    SPD DR
================================================================================

 1  66  51  59   0   6   0 0.10    M    M  4.1 12 320   M    M   8 18     18 250
 2  65  46  56  -2   9   0    T    M    0  2.1 10 320   M    M   5        19 300
 3  71  41  56  -2   9   0 0.00  0.0    0  5.8 21  50   M    M   2 12     28  50
 4  72  38  55  -3  10   0 0.00  0.0    0  1.7  8 250   M    M   0        11 110
 5  74  40  57   0   8   0 0.00  0.0    0  2.1  9  60   M    M   0        14  50
 6  73  41  57   0   8   0 0.00  0.0    0  4.0 17 250   M    M   4        20 250
 7  65  53  59   2   6   0 0.02  0.0    0  6.0 15 270   M    M   9 1      22 270
 8  65  43  54  -2  11   0 0.03    M    0  2.8  9 230   M    M   5 1      12 250
 9  67  40  54  -2  11   0 0.00  0.0    0  6.9 20  90   M    M   2 12     25  90
10  58  41  50  -6  15   0 0.06    M    0  3.1 14  80   M    M   5 1      19  70
11  56  44  50  -5  15   0 0.24    M    0  3.5 13 210   M    M   8 13     16 220
12  58  46  52  -3  13   0 0.85    M    0  5.4 20 220   M    M  10 13     25 220
13  58  38  48  -7  17   0 0.18    M    0  3.8 20 230   M    M   5 13     25 230
14  61  37  49  -5  16   0 0.00  0.0    0  2.3 10  80   M    M   4        14  70
15  67  41  54   0  11   0 0.00  0.0    0  3.2 20  90   M    M   0 1      26  80
16  68  38  53  -1  12   0 0.00  0.0    0  1.6  9  80   M    M   0        12  90
17  59  40  50  -3  15   0 0.00  0.0    0  2.6 15 230   M    M   6 1      20 230
18  66  51  59   6   6   0 0.05  0.0    0  7.5 18 200   M    M   9        24 190
19  62  51  57   4   8   0 0.98  0.0    0  7.4 16 240   M    M  10 1      22 240
20  57  47  52   0  13   0 0.41    M    0  8.5 20 200   M    M   9 1      28 220
21  63  47  55   3  10   0 1.78    M    0 12.9 28 210   M    M  10 1      38 210
22  63  48  56   4   9   0 0.49    M    0  6.9 26 220   M    M   6 1      37 210
================================================================================
SM 1414  962       238   0  5.19     0.0 104.2          M      117
================================================================================
AV 64.3 43.7                               4.7 FASTST   M    M   5    MAX(MPH)
                                 MISC ---->  # 28 210               # 38  210
================================================================================
NOTES:
# LAST OF SEVERAL OCCURRENCES

COLUMN 17 PEAK WIND IN M.P.H.

PRELIMINARY LOCAL CLIMATOLOGICAL DATA (WS FORM: F-6) , PAGE 2

                                          STATION:  TROUTDALE OR
                                          MONTH:    OCTOBER
                                          YEAR:     2017
                                          LATITUDE:   45 33 N
                                          LONGITUDE: 122 25 W

[TEMPERATURE DATA]      [PRECIPITATION DATA]       SYMBOLS USED IN COLUMN 16

AVERAGE MONTHLY: 54.0   TOTAL FOR MONTH:   5.19    1 = FOG OR MIST
DPTR FM NORMAL:  -1.2   DPTR FM NORMAL:    2.83    2 = FOG REDUCING VISIBILITY
HIGHEST:    74 ON  5    GRTST 24HR  1.78 ON 21-21      TO 1/4 MILE OR LESS
LOWEST:     37 ON 14                               3 = THUNDER
                        SNOW, ICE PELLETS, HAIL    4 = ICE PELLETS
                        TOTAL MONTH:   0.0 INCH    5 = HAIL
                        GRTST 24HR     0.0         6 = FREEZING RAIN OR DRIZZLE
                        GRTST DEPTH:   0           7 = DUSTSTORM OR SANDSTORM:
                                                       VSBY 1/2 MILE OR LESS
                                                   8 = SMOKE OR HAZE
[NO. OF DAYS WITH]      [WEATHER - DAYS WITH]      9 = BLOWING SNOW
                                                   X = TORNADO
MAX 32 OR BELOW:   0    0.01 INCH OR MORE:  12
MAX 90 OR ABOVE:   0    0.10 INCH OR MORE:   8
MIN 32 OR BELOW:   0    0.50 INCH OR MORE:   3
MIN  0 OR BELOW:   0    1.00 INCH OR MORE:   1

[HDD (BASE 65) ]
TOTAL THIS MO.   238    CLEAR  (SCALE 0-3)   6
DPTR FM NORMAL    19    PTCLDY (SCALE 4-7)   9
TOTAL FM JUL 1   318    CLOUDY (SCALE 8-10)  7
DPTR FM NORMAL   -73

[CDD (BASE 65) ]
TOTAL THIS MO.     0
DPTR FM NORMAL     0    [PRESSURE DATA]
TOTAL FM JAN 1   673    HIGHEST SLP M ON M
DPTR FM NORMAL   335    LOWEST  SLP 29.57 ON 19

[REMARKS]
