000
CXUS54 KTSA 280940
CF6TUL
PRELIMINARY LOCAL CLIMATOLOGICAL DATA (WS FORM: F-6)

                                          STATION:   TULSA OKLAHOMA
                                          MONTH:     FEBRUARY
                                          YEAR:      2015
                                          LATITUDE:   36 12 N
                                          LONGITUDE:  95 54 W

  TEMPERATURE IN F:       :PCPN:    SNOW:  WIND      :SUNSHINE: SKY     :PK WND
================================================================================
1   2   3   4   5  6A  6B    7    8   9   10  11  12  13   14  15   16   17  18
                                     12Z  AVG MX 2MIN
DY MAX MIN AVG DEP HDD CDD  WTR  SNW DPTH SPD SPD DIR MIN PSBL S-S WX    SPD DR
================================================================================

 1  47  18  33  -6  32   0 0.11    T    0 19.2 32 320   M    M  10 1      40 280
 2  34  11  23 -16  42   0 0.00  0.0    0  6.3 21 330   M    M   2        25 330
 3  58  24  41   2  24   0 0.00  0.0    0 12.6 22 190   M    M   2        28 200
 4  53  26  40   0  25   0    T  0.0    0 13.5 26 360   M    M   6 16     35  20
 5  38  16  27 -13  38   0 0.00  0.0    0  8.1 20 360   M    M   6        26 360
 6  59  30  45   5  20   0 0.00  0.0    0 13.4 22 190   M    M   5        29 190
 7  69  42  56  16   9   0 0.00  0.0    0 12.4 22 170   M    M   0        26 190
 8  79  38  59  19   6   0 0.00  0.0    0  4.5 17 360   M    M   2 1      23 350
 9  59  38  49   8  16   0 0.00  0.0    0  7.6 15 350   M    M   0 8      19 360
10  63  30  47   6  18   0 0.00  0.0    0  7.2 15 150   M    M   0 1      20 130
11  52  27  40  -1  25   0 0.00  0.0    0 11.7 24 360   M    M   5 1      30  10
12  39  22  31 -10  34   0 0.00  0.0    0  7.3 22  10   M    M   4        27  10
13  62  26  44   2  21   0 0.00  0.0    0  5.7 15 190   M    M   6        18 210
14  76  32  54  12  11   0 0.00  0.0    0 10.6 28  40   M    M   0        39  40
15  45  27  36  -6  29   0 0.18    T    0 10.7 18  40   M    M   6 1346   23  50
16  30  16  23 -19  42   0 0.78  2.7    3  9.9 21 350   M    M   7 134    27 350
17  48  15  32 -11  33   0 0.04    T    3  7.5 36 310   M    M   5 18     45 300
18  35  19  27 -16  38   0 0.00  0.0    1  6.3 15 320   M    M   5        18 320
19  42  21  32 -11  33   0 0.00  0.0    T  8.7 18 130   M    M   6        23 130
20  43  27  35  -9  30   0 0.01  0.0    T 10.1 18 160   M    M   9 123    22 150
21  54  35  45   1  20   0 0.10  0.0    0  8.4 15  10   M    M   7 123    20 340
22  44  24  34 -10  31   0 0.03  0.5    0 17.1 26  10   M    M  10 1      34  10
23  25  19  22 -23  43   0 0.03  0.5    T  9.9 23  10   M    M  10 89     28  10
24  42  23  33 -12  32   0 0.00  0.0    0  6.0 13 240   M    M   7        19 250
25  53  25  39  -6  26   0 0.00  0.0    0  6.4 30 350   M    M   5 18     37 350
26  34  20  27 -19  38   0 0.00  0.0    0 16.0 31 340   M    M   7        39 360
27  20  14  17 -29  48   0 0.04  0.9    0  8.2 16  10   M    M   9 1      21  10
================================================================================
SM 1303  665       764   0  1.32     4.6 265.3          M      141
================================================================================
AV 48.3 24.6                               9.8 FASTST   M    M   5    MAX(MPH)
                                 MISC ---->  # 36 310               # 45  300
================================================================================
NOTES:
# LAST OF SEVERAL OCCURRENCES

COLUMN 17 PEAK WIND IN M.P.H.

PRELIMINARY LOCAL CLIMATOLOGICAL DATA (WS FORM: F-6) , PAGE 2

                                          STATION:  TULSA OKLAHOMA
                                          MONTH:    FEBRUARY
                                          YEAR:     2015
                                          LATITUDE:   36 12 N
                                          LONGITUDE:  95 54 W

[TEMPERATURE DATA]      [PRECIPITATION DATA]       SYMBOLS USED IN COLUMN 16

AVERAGE MONTHLY: 36.4   TOTAL FOR MONTH:   1.32    1 = FOG OR MIST
DPTR FM NORMAL:  -5.7   DPTR FM NORMAL:   -0.45    2 = FOG REDUCING VISIBILITY
HIGHEST:    79 ON  8    GRTST 24HR  0.96 ON 15-16      TO 1/4 MILE OR LESS
LOWEST:     11 ON  2                               3 = THUNDER
                        SNOW, ICE PELLETS, HAIL    4 = ICE PELLETS
                        TOTAL MONTH:   4.6 INCHES  5 = HAIL
                        GRTST 24HR   2.7 ON   M    6 = FREEZING RAIN OR DRIZZLE
                        GRTST DEPTH:   3 ON 17,16  7 = DUSTSTORM OR SANDSTORM:
                                                       VSBY 1/2 MILE OR LESS
                                                   8 = SMOKE OR HAZE
[NO. OF DAYS WITH]      [WEATHER - DAYS WITH]      9 = BLOWING SNOW
                                                   X = TORNADO
MAX 32 OR BELOW:   3    0.01 INCH OR MORE:   9
MAX 90 OR ABOVE:   0    0.10 INCH OR MORE:   4
MIN 32 OR BELOW:  23    0.50 INCH OR MORE:   1
MIN  0 OR BELOW:   0    1.00 INCH OR MORE:   0

[HDD (BASE 65) ]
TOTAL THIS MO.   764    CLEAR  (SCALE 0-3)   7
DPTR FM NORMAL   145    PTCLDY (SCALE 4-7)  15
TOTAL FM JUL 1  2974    CLOUDY (SCALE 8-10)  5
DPTR FM NORMAL    82

[CDD (BASE 65) ]
TOTAL THIS MO.     0
DPTR FM NORMAL     0    [PRESSURE DATA]
TOTAL FM JAN 1     0    HIGHEST SLP M ON M
DPTR FM NORMAL     0    LOWEST  SLP 29.71 ON  7

[REMARKS]
