954
CXUS54 KMEG 230735
CF6TUP
PRELIMINARY LOCAL CLIMATOLOGICAL DATA (WS FORM: F-6)

                                          STATION:   TUPELO
                                          MONTH:     FEBRUARY
                                          YEAR:      2018
                                          LATITUDE:   34 16 N
                                          LONGITUDE:  88 46 W

  TEMPERATURE IN F:       :PCPN:    SNOW:  WIND      :SUNSHINE: SKY     :PK WND
================================================================================
1   2   3   4   5  6A  6B    7    8   9   10  11  12  13   14  15   16   17  18
                                     12Z  AVG MX 2MIN
DY MAX MIN AVG DEP HDD CDD  WTR  SNW DPTH SPD SPD DIR MIN PSBL S-S WX    SPD DR
================================================================================

 1  63  34  49   6  16   0 0.11  0.0    0 11.3 30 350   M    M   8 1      35 340
 2  39  23  31 -12  34   0 0.00  0.0    0 10.4 21 350   M    M   0        27 350
 3  53  30  42  -1  23   0 0.13  0.0    0  9.0 22 150   M    M   5        27 160
 4  58  37  48   5  17   0 0.59  0.0    0  8.8 20 350   M    M   7 1      32 120
 5  49  26  38  -6  27   0 0.00  0.0    0  7.3 20 340   M    M   4        26 320
 6  49  44  47   3  18   0 0.85  0.0    0  6.4 13 300   M    M  10 13     24 310
 7  56  30  43  -1  22   0 1.57  0.0    0 11.5 20 320   M    M   7 13     25 320
 8  54  25  40  -4  25   0 0.00  0.0    0  4.0 10 350   M    M   0 1      12 310
 9  64  27  46   2  19   0 0.14  0.0    0  6.2 16 150   M    M   5 1      22 150
10  61  55  58  13   7   0 2.14  0.0    0  8.2 17 150   M    M  10 1      23 140
11  62  35  49   4  16   0 0.12  0.0    0 10.0 17 330   M    M  10 1      22 330
12  41  33  37  -8  28   0    T  0.0    0 11.8 21 340   M    M  10        24 340
13  53  38  46   1  19   0    T  0.0    0  3.1  8 360   M    M  10 18     10 150
14  64  52  58  12   7   0 0.80  0.0    0  8.2 16 160   M    M  10 12     22 150
15  78  63  71  25   0   6 0.00  0.0    0  9.8 22 170   M    M   7 1      27 170
16  68  46  57  11   8   0 0.01  0.0    0 12.1 25 340   M    M   9 18     31 310
17  56  46  51   5  14   0 0.42  0.0    0  6.9 18 350   M    M  10 1      22 160
18  59  39  49   2  16   0 0.07    M    0  8.4 16  10   M    M   7 1      21  10
19  75  53  64  17   1   0 0.00  0.0    0  9.9 21 140   M    M   4 1      27 150
20  77  65  71  24   0   6 0.00  0.0    0 12.4 21 160   M    M   6        27 140
21  78  55  67  19   0   2 0.45  0.0    0 11.5 26 310   M    M   9 1      32 310
22  73  55  64  16   1   0 2.90  0.0    0  4.9 21 270   M    M   6 13     30 270
================================================================================
SM 1330  911       318  14 10.30     0.0 192.1          M      154
================================================================================
AV 60.5 41.4                               8.7 FASTST   M    M   7    MAX(MPH)
                                 MISC ---->  # 30 350               # 35  340
================================================================================
NOTES:
# LAST OF SEVERAL OCCURRENCES

COLUMN 17 PEAK WIND IN M.P.H.

PRELIMINARY LOCAL CLIMATOLOGICAL DATA (WS FORM: F-6) , PAGE 2

                                          STATION:  TUPELO
                                          MONTH:    FEBRUARY
                                          YEAR:     2018
                                          LATITUDE:   34 16 N
                                          LONGITUDE:  88 46 W

[TEMPERATURE DATA]      [PRECIPITATION DATA]       SYMBOLS USED IN COLUMN 16

AVERAGE MONTHLY: 50.9   TOTAL FOR MONTH:  10.30    1 = FOG OR MIST
DPTR FM NORMAL:   5.8   DPTR FM NORMAL:    6.49    2 = FOG REDUCING VISIBILITY
HIGHEST:    78 ON 21,15 GRTST 24HR  2.90 ON 22-22      TO 1/4 MILE OR LESS
LOWEST:     23 ON  2                               3 = THUNDER
                        SNOW, ICE PELLETS, HAIL    4 = ICE PELLETS
                        TOTAL MONTH:   0.0 INCH    5 = HAIL
                        GRTST 24HR     0.0         6 = FREEZING RAIN OR DRIZZLE
                        GRTST DEPTH:   0           7 = DUSTSTORM OR SANDSTORM:
                                                       VSBY 1/2 MILE OR LESS
                                                   8 = SMOKE OR HAZE
[NO. OF DAYS WITH]      [WEATHER - DAYS WITH]      9 = BLOWING SNOW
                                                   X = TORNADO
MAX 32 OR BELOW:   0    0.01 INCH OR MORE:  14
MAX 90 OR ABOVE:   0    0.10 INCH OR MORE:  12
MIN 32 OR BELOW:   6    0.50 INCH OR MORE:   6
MIN  0 OR BELOW:   0    1.00 INCH OR MORE:   3

[HDD (BASE 65) ]
TOTAL THIS MO.   318    CLEAR  (SCALE 0-3)   2
DPTR FM NORMAL  -119    PTCLDY (SCALE 4-7)  11
TOTAL FM JUL 1  2294    CLOUDY (SCALE 8-10)  9
DPTR FM NORMAL   -39

[CDD (BASE 65) ]
TOTAL THIS MO.    14
DPTR FM NORMAL    14    [PRESSURE DATA]
TOTAL FM JAN 1    14    HIGHEST SLP M ON M
DPTR FM NORMAL    13    LOWEST  SLP 29.85 ON 11

[REMARKS]
