000
CXUS53 KAPX 200631
CF6TVC
PRELIMINARY LOCAL CLIMATOLOGICAL DATA (WS FORM: F-6)

                                          STATION:   TRAVERSE CITY MI
                                          MONTH:     OCTOBER
                                          YEAR:      2017
                                          LATITUDE:   44 44 N
                                          LONGITUDE:  85 34 W

  TEMPERATURE IN F:       :PCPN:    SNOW:  WIND      :SUNSHINE: SKY     :PK WND
================================================================================
1   2   3   4   5  6A  6B    7    8   9   10  11  12  13   14  15   16   17  18
                                     12Z  AVG MX 2MIN
DY MAX MIN AVG DEP HDD CDD  WTR  SNW DPTH SPD SPD DIR MIN PSBL S-S WX    SPD DR
================================================================================

 1  70  43  57   3   8   0 0.00    M    M  4.3 12 120   M    M   2        17 110
 2  80  55  68  15   0   3 0.00    M    M  5.9 12 160   M    M   5        19 150
 3  79  62  71  18   0   6 0.00    M    M  7.2 14 210   M    M   6        25 240
 4  75  50  63  10   2   0 0.50    M    M  8.0 22 280   M    M   5 138    29 240
 5  64  45  55   3  10   0 0.02    M    M  5.5 16 260   M    M   5 1      25 270
 6  68  53  61   9   4   0 0.01    M    M  2.6 12 140   M    M   8        20 150
 7  76  62  69  18   0   4 0.59    M    M  8.1 16 210   M    M  10 1      26 200
 8  77  56  67  16   0   2 0.02    M    M  5.6 20 290   M    M   1 1      25 290
 9  70  51  61  10   4   0 0.00    M    M  4.6 13 350   M    M   1        18  20
10  60  50  55   5  10   0 0.00    M    M  9.1 15  40   M    M   6        21  30
11  65  43  54   4  11   0    T    M    M  7.0 16  90   M    M   6        21  90
12  65  40  53   3  12   0 0.00    M    M  3.0 13 120   M    M   5        17 140
13  66  56  61  12   4   0 0.03    M    M  3.6 13 260   M    M  10 1      17 220
14  61  50  56   7   9   0 0.41    M    M  6.3 15  50   M    M   9 12     20  50
15  67  47  57   9   8   0 0.70    M    M 11.3 24 340   M    M   9 1      33 330
16  57  37  47  -1  18   0 0.00    M    M  5.1 16 270   M    M   5        22 260
17  67  47  57   9   8   0 0.00    M    M  6.2 15 260   M    M   5        22 230
18  73  56  65  18   0   0 0.00    M    M  9.5 20 220   M    M   1 8      33 230
19  66  49  58  11   7   0 0.00    M    M  9.2 23 270   M    M   5        29 280
================================================================================
SM 1306  952       115  15  2.28    M    122.1          M      104
================================================================================
AV 68.7 50.1                               6.4 FASTST   M    M   5    MAX(MPH)
                                 MISC ---->  # 24 340               # 33  330
================================================================================
NOTES:
# LAST OF SEVERAL OCCURRENCES

COLUMN 17 PEAK WIND IN M.P.H.

PRELIMINARY LOCAL CLIMATOLOGICAL DATA (WS FORM: F-6) , PAGE 2

                                          STATION:  TRAVERSE CITY MI
                                          MONTH:    OCTOBER
                                          YEAR:     2017
                                          LATITUDE:   44 44 N
                                          LONGITUDE:  85 34 W

[TEMPERATURE DATA]      [PRECIPITATION DATA]       SYMBOLS USED IN COLUMN 16

AVERAGE MONTHLY: 59.4   TOTAL FOR MONTH:   2.28    1 = FOG OR MIST
DPTR FM NORMAL:   9.1   DPTR FM NORMAL:    0.28    2 = FOG REDUCING VISIBILITY
HIGHEST:    80 ON  2    GRTST 24HR  0.70 ON 15-15      TO 1/4 MILE OR LESS
LOWEST:     37 ON 16                               3 = THUNDER
                        SNOW, ICE PELLETS, HAIL    4 = ICE PELLETS
                        TOTAL MONTH:    M          5 = HAIL
                        GRTST 24HR    M  ON   M    6 = FREEZING RAIN OR DRIZZLE
                        GRTST DEPTH:  M  ON   M    7 = DUSTSTORM OR SANDSTORM:
                                                       VSBY 1/2 MILE OR LESS
                                                   8 = SMOKE OR HAZE
[NO. OF DAYS WITH]      [WEATHER - DAYS WITH]      9 = BLOWING SNOW
                                                   X = TORNADO
MAX 32 OR BELOW:   0    0.01 INCH OR MORE:   8
MAX 90 OR ABOVE:   0    0.10 INCH OR MORE:   4
MIN 32 OR BELOW:   0    0.50 INCH OR MORE:   3
MIN  0 OR BELOW:   0    1.00 INCH OR MORE:   0

[HDD (BASE 65) ]
TOTAL THIS MO.   115    CLEAR  (SCALE 0-3)   4
DPTR FM NORMAL  -169    PTCLDY (SCALE 4-7)  11
TOTAL FM JUL 1   250    CLOUDY (SCALE 8-10)  4
DPTR FM NORMAL  -296

[CDD (BASE 65) ]
TOTAL THIS MO.    15
DPTR FM NORMAL    15    [PRESSURE DATA]
TOTAL FM JAN 1   522    HIGHEST SLP M ON M
DPTR FM NORMAL   115    LOWEST  SLP 29.38 ON  7

[REMARKS]
