000
CXUS55 KREV 280838
CF6TVL
PRELIMINARY LOCAL CLIMATOLOGICAL DATA (WS FORM: F-6)

                                          STATION:   SOUTH LAKE TAHOE CA
                                          MONTH:     MARCH
                                          YEAR:      2017
                                          LATITUDE:   38 53 N
                                          LONGITUDE: 119 60 W

  TEMPERATURE IN F:       :PCPN:    SNOW:  WIND      :SUNSHINE: SKY     :PK WND
================================================================================
1   2   3   4   5  6A  6B    7    8   9   10  11  12  13   14  15   16   17  18
                                     12Z  AVG MX 2MIN
DY MAX MIN AVG DEP HDD CDD  WTR  SNW DPTH SPD SPD DIR MIN PSBL S-S WX    SPD DR
================================================================================

 1  45   6  26  -7  39   0 0.00  0.0   33  3.8 10  30   M    M   M        13  30
 2  47  10  29  -4  36   0 0.00  0.0   32  3.3  9  30   M    M   M        13  30
 3  53  14  34   1  31   0 0.00  0.0   30  5.3 14 160   M    M   M        24 190
 4  43  30  37   3  28   0 0.09  1.4   28 14.4 28 180   M    M   M 18     41 180
 5  33  18  26  -8  39   0 0.33  4.3   32 10.7 22 190   M    M   M 128    45 190
 6  28  19  24 -10  41   0    T    T   33 11.2 22 190   M    M   M 8      33 170
 7  42  11  27  -7  38   0    T    T   31  3.4 14 190   M    M   M 1      29 180
 8  51  18  35   1  30   0 0.00  0.0   30  2.8  9  30   M    M   M        15  30
 9  60  19  40   6  25   0 0.00  0.0   29  2.6  9  30   M    M   M        15  20
10  55  28  42   7  23   0 0.00  0.0   27  1.3  9  30   M    M   M        13  30
11  59  23  41   6  24   0 0.00  0.0   26  3.1 12 200   M    M   M        17 210
12  56  22  39   4  26   0 0.00  0.0   26  3.3 10  40   M    M   M        13  30
13  56  21  39   4  26   0 0.00  0.0   24  3.7 12  20   M    M   M        12  30
14  62  23  43   8  22   0 0.00  0.0   23  3.3 17 200   M    M   M        23 190
15  57  28  43   7  22   0 0.00  0.0   22  6.9 24 180   M    M   M        33 190
16  55  31  43   7  22   0 0.00  0.0   21  6.8 20 200   M    M   M        25 200
17  60  27  44   8  21   0 0.00  0.0   19  3.2 10  30   M    M   M        12  20
18  54  30  42   6  23   0 0.01  0.0   16  7.0 30 180   M    M   M        40 180
19  58  32  45   9  20   0 0.00  0.0   14  3.6 21 180   M    M   M        28 180
20  55  32  44   8  21   0 0.01  0.0   12  8.7 31 190   M    M   M        37 190
21  43  34  39   3  26   0 0.96  0.0   10  8.0 23 190   M    M   M 1      37 180
22  38  27  33  -3  32   0 0.06  0.9    8  7.1 26 180   M    M   M 18     31 180
23  45  24  35  -2  30   0 0.00  0.0    7  5.8 17 190   M    M   2        23 190
24  39  33  36  -1  29   0 0.37    M    M  9.3 23 190   M    M  10 1      33 180
25  45  29  37   0  28   0    T    M    M  3.0 14 190   M    M   4 1      18 190
26  42  28  35  -2  30   0 0.07    M    M  9.9 21 190   M    M   6 18     29 190
27  41  28  35  -2  30   0 0.11    M    M  4.6 23 180   M    M   6 1      28 190
================================================================================
SM 1322  645       762   0  2.01     6.6 156.1          M       28
================================================================================
AV 49.0 23.9                               5.8 FASTST   M    M   6    MAX(MPH)
                                 MISC ---->  # 31 190                 45    M
================================================================================
NOTES:
# LAST OF SEVERAL OCCURRENCES

COLUMN 17 PEAK WIND IN M.P.H.

PRELIMINARY LOCAL CLIMATOLOGICAL DATA (WS FORM: F-6) , PAGE 2

                                          STATION:  SOUTH LAKE TAHOE CA
                                          MONTH:    MARCH
                                          YEAR:     2017
                                          LATITUDE:   38 53 N
                                          LONGITUDE: 119 60 W

[TEMPERATURE DATA]      [PRECIPITATION DATA]       SYMBOLS USED IN COLUMN 16

AVERAGE MONTHLY: 36.4   TOTAL FOR MONTH:   2.01    1 = FOG OR MIST
DPTR FM NORMAL:   1.2   DPTR FM NORMAL:   -0.53    2 = FOG REDUCING VISIBILITY
HIGHEST:    62 ON 14    GRTST 24HR  0.96 ON 21-21      TO 1/4 MILE OR LESS
LOWEST:      6 ON  1                               3 = THUNDER
                        SNOW, ICE PELLETS, HAIL    4 = ICE PELLETS
                        TOTAL MONTH:   6.6 INCHES  5 = HAIL
                        GRTST 24HR   4.3 ON   M    6 = FREEZING RAIN OR DRIZZLE
                        GRTST DEPTH:  33 ON  6, 1  7 = DUSTSTORM OR SANDSTORM:
                                                       VSBY 1/2 MILE OR LESS
                                                   8 = SMOKE OR HAZE
[NO. OF DAYS WITH]      [WEATHER - DAYS WITH]      9 = BLOWING SNOW
                                                   X = TORNADO
MAX 32 OR BELOW:   1    0.01 INCH OR MORE:   9
MAX 90 OR ABOVE:   0    0.10 INCH OR MORE:   4
MIN 32 OR BELOW:  25    0.50 INCH OR MORE:   1
MIN  0 OR BELOW:   0    1.00 INCH OR MORE:   0

[HDD (BASE 65) ]
TOTAL THIS MO.   762    CLEAR  (SCALE 0-3)   1
DPTR FM NORMAL   -43    PTCLDY (SCALE 4-7)   3
TOTAL FM JUL 1  5757    CLOUDY (SCALE 8-10)  1
DPTR FM NORMAL  -285

[CDD (BASE 65) ]
TOTAL THIS MO.     0
DPTR FM NORMAL     0    [PRESSURE DATA]
TOTAL FM JAN 1     0    HIGHEST SLP M ON M
DPTR FM NORMAL     0    LOWEST  SLP 29.80 ON 21

[REMARKS]
