000
CXUS55 KBOI 161002
CF6TWF
PRELIMINARY LOCAL CLIMATOLOGICAL DATA (WS FORM: F-6)

                                          STATION:   TWIN FALLS ID
                                          MONTH:     AUGUST
                                          YEAR:      2017
                                          LATITUDE:   42 28 N
                                          LONGITUDE: 114 29 W

  TEMPERATURE IN F:       :PCPN:    SNOW:  WIND      :SUNSHINE: SKY     :PK WND
================================================================================
1   2   3   4   5  6A  6B    7    8   9   10  11  12  13   14  15   16   17  18
                                     12Z  AVG MX 2MIN
DY MAX MIN AVG DEP HDD CDD  WTR  SNW DPTH SPD SPD DIR MIN PSBL S-S WX    SPD DR
================================================================================

 1  97  64  81   6   0  16 0.00    M    M  7.8 15 190   M    M   0        17 190
 2  99  62  81   6   0  16 0.00    M    M  8.3 15 190   M    M   0        19 190
 3  94  58  76   1   0  11 0.00    M    M  9.2 16 180   M    M   0        24 180
 4  94  66  80   6   0  15 0.00    M    M 12.9 18 290   M    M   0        23 280
 5  91  63  77   3   0  12 0.00    M    M 14.9 24 280   M    M   0 8      30 270
 6  84  52  68  -6   0   3 0.00    M    M  7.3 17 180   M    M   1 8      22 180
 7  88  61  75   1   0  10 0.00    M    M  9.4 16 190   M    M   1 8      21 200
 8  88  62  75   1   0  10 0.00    M    M  9.5 24  60   M    M   1 378    32  60
 9  86  55  71  -3   0   6    T    M    M  6.1 15 340   M    M   0 78     18 340
10  88  55  72  -2   0   7 0.00    M    M  8.6 18 210   M    M   0 78     26 210
11  93  54  74   1   0   9    T    M    M  7.5 21 130   M    M   0 7      27 200
12  95  50  73   0   0   8 0.00    M    M  6.7 20 210   M    M   0        24 210
13  86  62  74   1   0   9 0.00    M    M 12.9 21 250   M    M   0        26 250
14  70  56  63 -10   2   0 0.02    M    M  8.7 20 250   M    M   5        25 250
15  80  51  66  -6   0   1 0.00    M    M  7.3 13 190   M    M   1        18 310
================================================================================
SM 1333  871         2 133  0.02    M    137.1          M        9
================================================================================
AV 88.9 58.1                               9.1 FASTST   M    M   1    MAX(MPH)
                                 MISC ---->  # 24 280               # 32   60
================================================================================
NOTES:
# LAST OF SEVERAL OCCURRENCES

COLUMN 17 PEAK WIND IN M.P.H.

PRELIMINARY LOCAL CLIMATOLOGICAL DATA (WS FORM: F-6) , PAGE 2

                                          STATION:  TWIN FALLS ID
                                          MONTH:    AUGUST
                                          YEAR:     2017
                                          LATITUDE:   42 28 N
                                          LONGITUDE: 114 29 W

[TEMPERATURE DATA]      [PRECIPITATION DATA]       SYMBOLS USED IN COLUMN 16

AVERAGE MONTHLY: 73.5   TOTAL FOR MONTH:   0.02    1 = FOG OR MIST
DPTR FM NORMAL:  -0.3   DPTR FM NORMAL:   -0.14    2 = FOG REDUCING VISIBILITY
HIGHEST:    99 ON  2    GRTST 24HR  0.02 ON 14-14      TO 1/4 MILE OR LESS
LOWEST:     50 ON 12                               3 = THUNDER
                        SNOW, ICE PELLETS, HAIL    4 = ICE PELLETS
                        TOTAL MONTH:    M          5 = HAIL
                        GRTST 24HR    M  ON   M    6 = FREEZING RAIN OR DRIZZLE
                        GRTST DEPTH:  M  ON   M    7 = DUSTSTORM OR SANDSTORM:
                                                       VSBY 1/2 MILE OR LESS
                                                   8 = SMOKE OR HAZE
[NO. OF DAYS WITH]      [WEATHER - DAYS WITH]      9 = BLOWING SNOW
                                                   X = TORNADO
MAX 32 OR BELOW:   0    0.01 INCH OR MORE:   1
MAX 90 OR ABOVE:   7    0.10 INCH OR MORE:   0
MIN 32 OR BELOW:   0    0.50 INCH OR MORE:   0
MIN  0 OR BELOW:   0    1.00 INCH OR MORE:   0

[HDD (BASE 65) ]
TOTAL THIS MO.     2    CLEAR  (SCALE 0-3)  14
DPTR FM NORMAL     2    PTCLDY (SCALE 4-7)   1
TOTAL FM JUL 1     2    CLOUDY (SCALE 8-10)  0
DPTR FM NORMAL    -4

[CDD (BASE 65) ]
TOTAL THIS MO.   133
DPTR FM NORMAL    -3    [PRESSURE DATA]
TOTAL FM JAN 1   619    HIGHEST SLP M ON M
DPTR FM NORMAL    97    LOWEST  SLP 29.66 ON 12

[REMARKS]
