000
CXUS55 KBOI 311002
CF6TWF
PRELIMINARY LOCAL CLIMATOLOGICAL DATA (WS FORM: F-6)

                                          STATION:   TWIN FALLS ID
                                          MONTH:     OCTOBER
                                          YEAR:      2014
                                          LATITUDE:   42 28 N
                                          LONGITUDE: 114 29 W

  TEMPERATURE IN F:       :PCPN:    SNOW:  WIND      :SUNSHINE: SKY     :PK WND
================================================================================
1   2   3   4   5  6A  6B    7    8   9   10  11  12  13   14  15   16   17  18
                                     12Z  AVG MX 2MIN
DY MAX MIN AVG DEP HDD CDD  WTR  SNW DPTH SPD SPD DIR MIN PSBL S-S WX    SPD DR
================================================================================

 1  59  38  49  -7  16   0 0.00    M    M 14.7 22 270   M    M   0        27 250
 2  69  42  56   0   9   0 0.00    M    M 14.1 22 290   M    M   2        27 260
 3  68  38  53  -2  12   0 0.00    M    M  7.5 15 200   M    M   0        20 210
 4  74  47  61   6   4   0 0.00    M    M 12.6 22 270   M    M   0        26 270
 5  77  53  65  11   0   0 0.00    M    M 13.0 21 270   M    M   0        25 280
 6  80  55  68  14   0   3 0.00    M    M 12.9 17 180   M    M   0        21 190
 7  80  56  68  14   0   3 0.00    M    M  9.0 17 190   M    M   0        20 190
 8  83  41  62   9   3   0 0.00    M    M  7.2 15 190   M    M   0        19 260
 9  72  49  61   8   4   0 0.00    M    M 11.2 17 190   M    M   0        20 190
10  71  48  60   8   5   0 0.00    M    M 11.7 16 180   M    M   0        20 280
11  73  51  62  10   3   0 0.00    M    M 14.7 32 270   M    M   1        42 280
12  60  43  52   0  13   0 0.00    M    M 20.2 33 270   M    M   1        42 270
13  71  42  57   6   8   0 0.00    M    M 10.2 20 170   M    M   0        26 160
14  80  44  62  11   3   0 0.00    M    M 11.6 24 170   M    M   0 8      30 160
15  72  38  55   4  10   0 0.00    M    M 16.3 41 290   M    M   1        51 280
16  65  38  52   2  13   0 0.00    M    M  7.4 14  50   M    M   1        18  30
17  71  35  53   3  12   0 0.00    M    M  8.9 16  60   M    M   0        20  60
18  69  43  56   6   9   0 0.00    M    M  9.5 15 200   M    M   0        19 200
19  78  36  57   8   8   0 0.00    M    M  9.4 18 170   M    M   0        24 170
20  83  42  63  14   2   0 0.00    M    M 10.3 23 150   M    M   1        30 150
21  68  37  53   5  12   0 0.05    M    M 16.7 38 260   M    M   2        46 250
22  63  37  50   2  15   0 0.00    M    M  7.5 15 180   M    M   2        18 190
23  65  40  53   5  12   0 0.00    M    M  5.0 16 190   M    M   5 8      19 190
24  75  45  60  13   5   0 0.00    M    M  5.7 13 170   M    M   3 8      15 350
25  78  48  63  16   2   0    T    M    M 14.2 28 240   M    M   2 38     37 250
26  59  36  48   1  17   0 0.08    M    M 12.7 28 240   M    M   6 1      34 240
27  51  28  40  -6  25   0 0.00    M    M 10.0 21 240   M    M   3        24 240
28  59  26  43  -3  22   0 0.00    M    M  5.2 12 190   M    M   0        13 190
29  64  33  49   4  16   0 0.00    M    M  6.9 14 190   M    M   4 8      19 200
30  74  31  53   8  12   0 0.00    M    M  6.9 15 170   M    M   0        20  40
================================================================================
SM 2111 1240       272   6  0.13    M    323.2          M       34
================================================================================
AV 70.4 41.3                              10.8 FASTST   M    M   1    MAX(MPH)
                                 MISC ---->  # 41 290               # 51  280
================================================================================
NOTES:
# LAST OF SEVERAL OCCURRENCES

COLUMN 17 PEAK WIND IN M.P.H.

PRELIMINARY LOCAL CLIMATOLOGICAL DATA (WS FORM: F-6) , PAGE 2

                                          STATION:  TWIN FALLS ID
                                          MONTH:    OCTOBER
                                          YEAR:     2014
                                          LATITUDE:   42 28 N
                                          LONGITUDE: 114 29 W

[TEMPERATURE DATA]      [PRECIPITATION DATA]       SYMBOLS USED IN COLUMN 16

AVERAGE MONTHLY: 55.8   TOTAL FOR MONTH:   0.13    1 = FOG OR MIST
DPTR FM NORMAL:   5.4   DPTR FM NORMAL:   -0.64    2 = FOG REDUCING VISIBILITY
HIGHEST:    83 ON 20, 8 GRTST 24HR  0.08 ON 26-26      TO 1/4 MILE OR LESS
LOWEST:     26 ON 28                               3 = THUNDER
                        SNOW, ICE PELLETS, HAIL    4 = ICE PELLETS
                        TOTAL MONTH:    M          5 = HAIL
                        GRTST 24HR    M  ON   M    6 = FREEZING RAIN OR DRIZZLE
                        GRTST DEPTH:  M  ON   M    7 = DUSTSTORM OR SANDSTORM:
                                                       VSBY 1/2 MILE OR LESS
                                                   8 = SMOKE OR HAZE
[NO. OF DAYS WITH]      [WEATHER - DAYS WITH]      9 = BLOWING SNOW
                                                   X = TORNADO
MAX 32 OR BELOW:   0    0.01 INCH OR MORE:   2
MAX 90 OR ABOVE:   0    0.10 INCH OR MORE:   0
MIN 32 OR BELOW:   3    0.50 INCH OR MORE:   0
MIN  0 OR BELOW:   0    1.00 INCH OR MORE:   0

[HDD (BASE 65) ]
TOTAL THIS MO.   272    CLEAR  (SCALE 0-3)  27
DPTR FM NORMAL  -165    PTCLDY (SCALE 4-7)   3
TOTAL FM JUL 1   374    CLOUDY (SCALE 8-10)  0
DPTR FM NORMAL  -224

[CDD (BASE 65) ]
TOTAL THIS MO.     6
DPTR FM NORMAL     6    [PRESSURE DATA]
TOTAL FM JAN 1   851    HIGHEST SLP M ON M
DPTR FM NORMAL   173    LOWEST  SLP 29.51 ON 14

[REMARKS]
