000
CXUS54 KMRX 171000
CF6TYS
PRELIMINARY LOCAL CLIMATOLOGICAL DATA (WS FORM: F-6)

                                          STATION:   KNOXVILLE    ASOS
                                          MONTH:     OCTOBER
                                          YEAR:      2017
                                          LATITUDE:   35 49 N
                                          LONGITUDE:  83 59 W

  TEMPERATURE IN F:       :PCPN:    SNOW:  WIND      :SUNSHINE: SKY     :PK WND
================================================================================
1   2   3   4   5  6A  6B    7    8   9   10  11  12  13   14  15   16   17  18
                                     12Z  AVG MX 2MIN
DY MAX MIN AVG DEP HDD CDD  WTR  SNW DPTH SPD SPD DIR MIN PSBL S-S WX    SPD DR
================================================================================

 1  77  48  63  -2   2   0 0.00  0.0    0  4.3 12  10   M    M   4        15  10
 2  79  46  63  -2   2   0 0.00  0.0    0  3.5 10 360   M    M   3        16 340
 3  81  50  66   2   0   1 0.00  0.0    0  4.6 10 260   M    M   2        13  60
 4  82  51  67   3   0   2 0.00  0.0    0  3.5 12  10   M    M   1        16  40
 5  83  52  68   4   0   3 0.00  0.0    0  2.5 12 340   M    M   4        14 330
 6  83  56  70   7   0   5 0.00  0.0    0  3.1  9 150   M    M   5        12 150
 7  87  58  73  10   0   8    T  0.0    0  5.6 13 240   M    M   6        16 200
 8  79  69  74  12   0   9 2.16  0.0    0  7.5 22 210   M    M   9 1      28 200
 9  86  72  79  17   0  14    T  0.0    0  5.8 20 220   M    M   9        23 230
10  83  72  78  16   0  13    T  0.0    0  2.7 15 220   M    M   9        19 250
11  85  68  77  16   0  12 0.01  0.0    0  7.4 16 230   M    M   8        21 240
12  80  60  70   9   0   5 0.00  0.0    0  3.7  9 270   M    M   3        11 300
13  84  56  70   9   0   5 0.00  0.0    0  2.1 14 260   M    M   2 1      19 230
14  80  64  72  12   0   7 0.00  0.0    0  4.3 12 270   M    M   6 18     15 280
15  80  60  70  10   0   5 0.51  0.0    0  5.8 18 300   M    M   7 1      24 300
16  64  48  56  -4   9   0 0.08  0.0    0  9.4 18  30   M    M   6        23  30
================================================================================
SM 1293  930        13  89  2.76     0.0  75.8          M       84
================================================================================
AV 80.8 58.1                               4.7 FASTST   M    M   5    MAX(MPH)
                                 MISC ---->  # 22 210               # 28  200
================================================================================
NOTES:
# LAST OF SEVERAL OCCURRENCES

COLUMN 17 PEAK WIND IN M.P.H.

PRELIMINARY LOCAL CLIMATOLOGICAL DATA (WS FORM: F-6) , PAGE 2

                                          STATION:  KNOXVILLE    ASOS
                                          MONTH:    OCTOBER
                                          YEAR:     2017
                                          LATITUDE:   35 49 N
                                          LONGITUDE:  83 59 W

[TEMPERATURE DATA]      [PRECIPITATION DATA]       SYMBOLS USED IN COLUMN 16

AVERAGE MONTHLY: 69.5   TOTAL FOR MONTH:   2.76    1 = FOG OR MIST
DPTR FM NORMAL:   7.2   DPTR FM NORMAL:    1.50    2 = FOG REDUCING VISIBILITY
HIGHEST:    87 ON  7    GRTST 24HR  2.16 ON  8- 8      TO 1/4 MILE OR LESS
LOWEST:     46 ON  2                               3 = THUNDER
                        SNOW, ICE PELLETS, HAIL    4 = ICE PELLETS
                        TOTAL MONTH:   0.0 INCH    5 = HAIL
                        GRTST 24HR     0.0         6 = FREEZING RAIN OR DRIZZLE
                        GRTST DEPTH:   0           7 = DUSTSTORM OR SANDSTORM:
                                                       VSBY 1/2 MILE OR LESS
                                                   8 = SMOKE OR HAZE
[NO. OF DAYS WITH]      [WEATHER - DAYS WITH]      9 = BLOWING SNOW
                                                   X = TORNADO
MAX 32 OR BELOW:   0    0.01 INCH OR MORE:   4
MAX 90 OR ABOVE:   0    0.10 INCH OR MORE:   2
MIN 32 OR BELOW:   0    0.50 INCH OR MORE:   2
MIN  0 OR BELOW:   0    1.00 INCH OR MORE:   1

[HDD (BASE 65) ]
TOTAL THIS MO.    13    CLEAR  (SCALE 0-3)   5
DPTR FM NORMAL   -56    PTCLDY (SCALE 4-7)   7
TOTAL FM JUL 1    28    CLOUDY (SCALE 8-10)  4
DPTR FM NORMAL   -64

[CDD (BASE 65) ]
TOTAL THIS MO.    89
DPTR FM NORMAL    62    [PRESSURE DATA]
TOTAL FM JAN 1  1552    HIGHEST SLP M ON M
DPTR FM NORMAL    38    LOWEST  SLP 29.56 ON  8

[REMARKS]
