000
CXUS55 KSEW 010930
CF6UIL
PRELIMINARY LOCAL CLIMATOLOGICAL DATA (WS FORM: F-6)

                                          STATION:   QUILLAYUTE WA AIRPORT
                                          MONTH:     AUGUST
                                          YEAR:      2015
                                          LATITUDE:   47 57 N
                                          LONGITUDE: 124 33 W

  TEMPERATURE IN F:       :PCPN:    SNOW:  WIND      :SUNSHINE: SKY     :PK WND
================================================================================
1   2   3   4   5  6A  6B    7    8   9   10  11  12  13   14  15   16   17  18
                                     12Z  AVG MX 2MIN
DY MAX MIN AVG DEP HDD CDD  WTR  SNW DPTH SPD SPD DIR MIN PSBL S-S WX    SPD DR
================================================================================

 1  82  53  68   8   0   3 0.00  0.0    0  5.4 15 340   M    M   3 12     20 320
 2  80  52  66   6   0   1 0.00  0.0    0  4.5 14 300   M    M   2 12     19 270
 3  69  51  60   0   5   0    T  0.0    0  5.6 13 280   M    M   8 1      16 270
 4  67  52  60   0   5   0 0.00  0.0    0  5.6 16 270   M    M   8 1      21 270
 5  69  55  62   2   3   0    T  0.0    0  3.8 15 240   M    M  10 1      20 240
 6  73  55  64   4   1   0 0.00  0.0    0  4.2 14 280   M    M   7 1      20 290
 7  76  56  66   6   0   1 0.00  0.0    0  3.6 15 250   M    M   9 1      19 260
 8  64  59  62   2   3   0 0.17  0.0    0  6.7 18 160   M    M  10 1      32 150
 9  76  57  67   7   0   2    T  0.0    0  3.5 13 250   M    M   8 1      15 250
10  79  56  68   8   0   3    T  0.0    0  4.5 14 250   M    M   6 1      18 270
11  87  51  69   9   0   4 0.00  0.0    0  7.3 20 330   M    M   0 1      27 320
12  85  53  69   9   0   4 0.00  0.0    0  3.9 20 200   M    M   1 1      27 220
13  74  58  66   6   0   1 0.00  0.0    0  4.8 12 240   M    M   8 12     15 250
14  65  55  60   0   5   0 0.04  0.0    0  4.6 12 220   M    M  10 123    17 240
15  71  50  61   1   4   0 0.00  0.0    0  4.3 15 280   M    M   5 12     22 300
16  74  50  62   2   3   0 0.00  0.0    0  4.7 15 320   M    M   4 1      19 330
17  76  46  61   1   4   0 0.00  0.0    0  3.9 13 240   M    M   2 12     16 250
18  90  49  70  10   0   5 0.00  0.0    0  5.1 15 320   M    M   0 1      19 330
19  80  52  66   6   0   1 0.00  0.0    0  5.8 21 320   M    M   2 1      29 340
20  67  54  61   1   4   0 0.00  0.0    0  5.8 16 220   M    M   9 1      20 190
21  68  49  59   0   6   0 0.00  0.0    0  5.5 13 240   M    M   5 1      18 190
22  75  45  60   1   5   0 0.00  0.0    0  4.8 14 320   M    M   0 1      19 310
23  73  47  60   1   5   0 0.00  0.0    0  5.0 15 310   M    M   2 12     20 310
24  70  45  58  -1   7   0 0.00  0.0    0  3.4 13 270   M    M   2 1      18 280
25  75  43  59   0   6   0 0.00  0.0    0  3.3 14 300   M    M   0 1      18 260
26  77  46  62   3   3   0 0.00  0.0    0  3.1 12 270   M    M   0 1      14 270
27  73  50  62   3   3   0 0.14  0.0    0  3.8 13 250   M    M   1 1      16 240
28  73  58  66   7   0   1 0.18  0.0    0  4.2 10 230   M    M   7 1      17 190
29  63  57  60   1   5   0 1.58  0.0    0 11.9 36 160   M    M   9 12     62 170
30  69  52  61   2   4   0 0.49  0.0    0  8.3 20 210   M    M   8 12     30 190
31  61  59  60   1   5   0 1.45  0.0    0  9.2 15 200   M    M  10 12     26 180
================================================================================
SM 2281 1615        86  26  4.05     0.0 160.1          M      156
================================================================================
AV 73.6 52.1                               5.2 FASTST   M    M   5    MAX(MPH)
                                 MISC ---->  # 36 160               # 62  170
================================================================================
NOTES:
# LAST OF SEVERAL OCCURRENCES

COLUMN 17 PEAK WIND IN M.P.H.

PRELIMINARY LOCAL CLIMATOLOGICAL DATA (WS FORM: F-6) , PAGE 2

                                          STATION:  QUILLAYUTE WA AIRPORT
                                          MONTH:    AUGUST
                                          YEAR:     2015
                                          LATITUDE:   47 57 N
                                          LONGITUDE: 124 33 W

[TEMPERATURE DATA]      [PRECIPITATION DATA]       SYMBOLS USED IN COLUMN 16

AVERAGE MONTHLY: 62.8   TOTAL FOR MONTH:   4.05    1 = FOG OR MIST
DPTR FM NORMAL:   3.2   DPTR FM NORMAL:    1.56    2 = FOG REDUCING VISIBILITY
HIGHEST:    90 ON 18    GRTST 24HR  1.60 ON 29-30      TO 1/4 MILE OR LESS
LOWEST:     43 ON 25                               3 = THUNDER
                        SNOW, ICE PELLETS, HAIL    4 = ICE PELLETS
                        TOTAL MONTH:   0.0 INCH    5 = HAIL
                        GRTST 24HR     0.0         6 = FREEZING RAIN OR DRIZZLE
                        GRTST DEPTH:   0           7 = DUSTSTORM OR SANDSTORM:
                                                       VSBY 1/2 MILE OR LESS
                                                   8 = SMOKE OR HAZE
[NO. OF DAYS WITH]      [WEATHER - DAYS WITH]      9 = BLOWING SNOW
                                                   X = TORNADO
MAX 32 OR BELOW:   0    0.01 INCH OR MORE:   7
MAX 90 OR ABOVE:   1    0.10 INCH OR MORE:   6
MIN 32 OR BELOW:   0    0.50 INCH OR MORE:   2
MIN  0 OR BELOW:   0    1.00 INCH OR MORE:   2

[HDD (BASE 65) ]
TOTAL THIS MO.    86    CLEAR  (SCALE 0-3)  12
DPTR FM NORMAL   -89    PTCLDY (SCALE 4-7)  12
TOTAL FM JUL 1   157    CLOUDY (SCALE 8-10)  7
DPTR FM NORMAL  -212

[CDD (BASE 65) ]
TOTAL THIS MO.    26
DPTR FM NORMAL    20    [PRESSURE DATA]
TOTAL FM JAN 1    56    HIGHEST SLP M ON M
DPTR FM NORMAL    39    LOWEST  SLP 29.26 ON 29

[REMARKS]
#FINAL-08-15#
