000
CXUS56 KSTO 301455
CF6VCB
PRELIMINARY LOCAL CLIMATOLOGICAL DATA (WS FORM: F-6)

                                          STATION:   VACAVILLE AIRPORT CA
                                          MONTH:     SEPTEMBER
                                          YEAR:      2014
                                          LATITUDE:   38 22 N
                                          LONGITUDE: 121 58 W

  TEMPERATURE IN F:       :PCPN:    SNOW:  WIND      :SUNSHINE: SKY     :PK WND
================================================================================
1   2   3   4   5  6A  6B    7    8   9   10  11  12  13   14  15   16   17  18
                                     12Z  AVG MX 2MIN
DY MAX MIN AVG DEP HDD CDD  WTR  SNW DPTH SPD SPD DIR MIN PSBL S-S WX    SPD DR
================================================================================

 1  98  59  79   5   0  14 0.00  0.0    0  3.3 15 180   M    M   0        20 180
 2  89  61  75   1   0  10 0.00  0.0    0  9.1 18 180   M    M   0        24 190
 3  91  53  72  -2   0   7 0.00  0.0    0  4.7 12 180   M    M   0        14 150
 4  91  55  73  -1   0   8 0.00  0.0    0  6.0 13 210   M    M   0        18 200
 5  90  56  73  -1   0   8 0.00  0.0    0  5.2 14 180   M    M   0        18 180
 6  93  56  75   1   0  10 0.00  0.0    0  5.9 15 240   M    M   0 8      20 240
 7  91  53  72  -2   0   7 0.00  0.0    0  6.0 17 220   M    M   0        21 220
 8  84  55  70  -4   0   5 0.00  0.0    0  8.6 17 210   M    M   0        25 210
 9  89  50  70  -3   0   5 0.00  0.0    0  3.2 12 220   M    M   0        15 230
10  99  55  77   4   0  12 0.00  0.0    0  2.6  9 220   M    M   0        14 210
11 101  57  79   6   0  14 0.00  0.0    0  3.1 13 250   M    M   0        16 250
12 103  57  80   7   0  15 0.00  0.0    0  3.1 14 260   M    M   0        18 180
13 103  62  83  10   0  18 0.00  0.0    0  3.1 13 230   M    M   0        15 220
14  99  63  81   9   0  16 0.00  0.0    0  5.8 12 190   M    M   0        16 200
15  93  62  78   6   0  13 0.00  0.0    0  7.5 18 210   M    M   2        24 220
16  91  52  72   0   0   7 0.00  0.0    0  3.2 10 190   M    M   0        15 190
17  88  60  74   2   0   9 0.00  0.0    0  9.3 26 230   M    M   1        34 230
18  83  62  73   1   0   8 0.16  0.0    0  6.9 16 220   M    M   4 18     22 230
19  90  57  74   3   0   9 0.00  0.0    0  4.7 16 230   M    M   0        27 220
20  92  61  77   6   0  12 0.00  0.0    0  6.6 17 240   M    M   0        22 230
21  86  62  74   3   0   9 0.00  0.0    0  7.7 17 220   M    M   0        24 220
22  90  57  74   3   0   9 0.00  0.0    0  4.6 12 220   M    M   0        18 220
23  91  55  73   3   0   8 0.00  0.0    0  7.1 14 200   M    M   0        20 220
24  86  57  72   2   0   7 0.00  0.0    0  8.0 18 230   M    M   0        24 220
25  78  58  68  -2   0   3 0.31  0.0    0  7.4 15 230   M    M   4 1      18 270
26  75  53  64  -6   1   0 0.00  0.0    0  3.4 20 250   M    M   1        23 250
27  81  54  68  -1   0   3 0.00  0.0    0  4.3 15 280   M    M   2        17 220
28  75  56  66  -3   0   1 0.00  0.0    0  4.0 12 140   M    M   3        16 130
29  83  51  67  -2   0   2 0.00  0.0    0  3.9 10 190   M    M   0        13 180
================================================================================
SM 2603 1649         1 249  0.47     0.0 158.3          M       17
================================================================================
AV 89.8 56.9                               5.5 FASTST   M    M   1    MAX(MPH)
                                 MISC ---->  # 26 230               # 34  230
================================================================================
NOTES:
# LAST OF SEVERAL OCCURRENCES

COLUMN 17 PEAK WIND IN M.P.H.

PRELIMINARY LOCAL CLIMATOLOGICAL DATA (WS FORM: F-6) , PAGE 2

                                          STATION:  VACAVILLE AIRPORT CA
                                          MONTH:    SEPTEMBER
                                          YEAR:     2014
                                          LATITUDE:   38 22 N
                                          LONGITUDE: 121 58 W

[TEMPERATURE DATA]      [PRECIPITATION DATA]       SYMBOLS USED IN COLUMN 16

AVERAGE MONTHLY: 73.3   TOTAL FOR MONTH:   0.47    1 = FOG OR MIST
DPTR FM NORMAL:   1.3   DPTR FM NORMAL:    0.23    2 = FOG REDUCING VISIBILITY
HIGHEST:   103 ON 13,12 GRTST 24HR  0.31 ON 25-25      TO 1/4 MILE OR LESS
LOWEST:     50 ON  9                               3 = THUNDER
                        SNOW, ICE PELLETS, HAIL    4 = ICE PELLETS
                        TOTAL MONTH:   0.0 INCH    5 = HAIL
                        GRTST 24HR     0.0         6 = FREEZING RAIN OR DRIZZLE
                        GRTST DEPTH:   0           7 = DUSTSTORM OR SANDSTORM:
                                                       VSBY 1/2 MILE OR LESS
                                                   8 = SMOKE OR HAZE
[NO. OF DAYS WITH]      [WEATHER - DAYS WITH]      9 = BLOWING SNOW
                                                   X = TORNADO
MAX 32 OR BELOW:   0    0.01 INCH OR MORE:   2
MAX 90 OR ABOVE:  17    0.10 INCH OR MORE:   2
MIN 32 OR BELOW:   0    0.50 INCH OR MORE:   0
MIN  0 OR BELOW:   0    1.00 INCH OR MORE:   0

[HDD (BASE 65) ]
TOTAL THIS MO.     1    CLEAR  (SCALE 0-3)  27
DPTR FM NORMAL    -6    PTCLDY (SCALE 4-7)   2
TOTAL FM JUL 1     1    CLOUDY (SCALE 8-10)  0
DPTR FM NORMAL    -6

[CDD (BASE 65) ]
TOTAL THIS MO.   249
DPTR FM NORMAL    37    [PRESSURE DATA]
TOTAL FM JAN 1  1313    HIGHEST SLP M ON M
DPTR FM NORMAL    77    LOWEST  SLP 29.61 ON  3

[REMARKS]
