960
CXUS56 KSTO 291355
CF6VCB
PRELIMINARY LOCAL CLIMATOLOGICAL DATA (WS FORM: F-6)

                                          STATION:   VACAVILLE AIRPORT CA
                                          MONTH:     MAY
                                          YEAR:      2016
                                          LATITUDE:   38 22 N
                                          LONGITUDE: 121 58 W

  TEMPERATURE IN F:       :PCPN:    SNOW:  WIND      :SUNSHINE: SKY     :PK WND
================================================================================
1   2   3   4   5  6A  6B    7    8   9   10  11  12  13   14  15   16   17  18
                                     12Z  AVG MX 2MIN
DY MAX MIN AVG DEP HDD CDD  WTR  SNW DPTH SPD SPD DIR MIN PSBL S-S WX    SPD DR
================================================================================

 1  85  57  71   9   0   6 0.00  0.0    0  5.6 14 350   M    M   0        20 340
 2  83  51  67   5   0   2 0.00  0.0    0  5.7 13 250   M    M   0        17 250
 3  82  53  68   5   0   3 0.00  0.0    0  3.5 10 220   M    M   1        12 220
 4  77  59  68   5   0   3 0.00  0.0    0  7.5 17 230   M    M   1        22 210
 5  67  55  61  -2   4   0 0.14  0.0    0  5.6 16 210   M    M   6 3      21 210
 6  66  54  60  -4   5   0 0.03  0.0    0  4.6 14 210   M    M   6 1      20 220
 7  63  54  59  -5   6   0 0.11  0.0    0  5.8 14 210   M    M   9 18     22 210
 8  73  56  65   1   0   0 0.00  0.0    0  3.9 13 240   M    M   6 1      15 240
 9  77  53  65   1   0   0 0.00  0.0    0  6.2 12 180   M    M   0        15 120
10  89  50  70   6   0   5 0.00  0.0    0  3.3 14 340   M    M   0        19  30
11  87  49  68   3   0   3 0.00  0.0    0  4.1 12 230   M    M   0        16 210
12  88  53  71   6   0   6 0.00  0.0    0  5.4 12 230   M    M   0        15 230
13  80  55  68   3   0   3 0.00  0.0    0  9.9 20 240   M    M   0        28 240
14  77  53  65   0   0   0 0.00  0.0    0 10.1 22 230   M    M   0        28 240
15  81  51  66   0   0   1 0.00  0.0    0  5.9 17 220   M    M   1        24 190
16  90  54  72   6   0   7 0.00  0.0    0  6.4 20 340   M    M   0        26 350
17  93  64  79  13   0  14 0.00  0.0    0 11.2 23 350   M    M   0        34 360
18  96  56  76  10   0  11 0.00  0.0    0  5.6 16 250   M    M   0        21 230
19  80  58  69   3   0   4 0.00  0.0    0 10.2 17 230   M    M   0        25 230
20  71  52  62  -5   3   0    T  0.0    0  9.2 24 220   M    M   2        33 230
21  69  50  60  -7   5   0 0.16  0.0    0  8.1 18 260   M    M   3        25 240
22  71  46  59  -8   6   0 0.00  0.0    0  6.4 16 240   M    M   0        20 240
23  73  49  61  -6   4   0 0.00  0.0    0  4.5 13 250   M    M   5        18 180
24  75  52  64  -4   1   0 0.00  0.0    0  8.6 18 230   M    M   1        26 220
25  80  50  65  -3   0   0 0.00  0.0    0  7.7 18 240   M    M   0        23 240
26  85  53  69   1   0   4 0.00  0.0    0  6.8 15 230   M    M   0        20 240
27  90  54  72   4   0   7 0.00  0.0    0  4.9 14 260   M    M   0        21 330
28  91  64  78  10   0  13 0.00  0.0    0  5.8 13 190   M    M   0        19 350
================================================================================
SM 2239 1505        34  92  0.44     0.0 182.5          M       41
================================================================================
AV 80.0 53.8                               6.5 FASTST   M    M   1    MAX(MPH)
                                 MISC ---->  # 24 220               # 34  360
================================================================================
NOTES:
# LAST OF SEVERAL OCCURRENCES

COLUMN 17 PEAK WIND IN M.P.H.

PRELIMINARY LOCAL CLIMATOLOGICAL DATA (WS FORM: F-6) , PAGE 2

                                          STATION:  VACAVILLE AIRPORT CA
                                          MONTH:    MAY
                                          YEAR:     2016
                                          LATITUDE:   38 22 N
                                          LONGITUDE: 121 58 W

[TEMPERATURE DATA]      [PRECIPITATION DATA]       SYMBOLS USED IN COLUMN 16

AVERAGE MONTHLY: 66.9   TOTAL FOR MONTH:   0.44    1 = FOG OR MIST
DPTR FM NORMAL:   1.5   DPTR FM NORMAL:   -0.22    2 = FOG REDUCING VISIBILITY
HIGHEST:    96 ON 18    GRTST 24HR  0.17 ON  5- 6      TO 1/4 MILE OR LESS
LOWEST:     46 ON 22                               3 = THUNDER
                        SNOW, ICE PELLETS, HAIL    4 = ICE PELLETS
                        TOTAL MONTH:   0.0 INCH    5 = HAIL
                        GRTST 24HR     0.0         6 = FREEZING RAIN OR DRIZZLE
                        GRTST DEPTH:   0           7 = DUSTSTORM OR SANDSTORM:
                                                       VSBY 1/2 MILE OR LESS
                                                   8 = SMOKE OR HAZE
[NO. OF DAYS WITH]      [WEATHER - DAYS WITH]      9 = BLOWING SNOW
                                                   X = TORNADO
MAX 32 OR BELOW:   0    0.01 INCH OR MORE:   4
MAX 90 OR ABOVE:   5    0.10 INCH OR MORE:   3
MIN 32 OR BELOW:   0    0.50 INCH OR MORE:   0
MIN  0 OR BELOW:   0    1.00 INCH OR MORE:   0

[HDD (BASE 65) ]
TOTAL THIS MO.    34    CLEAR  (SCALE 0-3)  23
DPTR FM NORMAL   -40    PTCLDY (SCALE 4-7)   4
TOTAL FM JUL 1  2010    CLOUDY (SCALE 8-10)  1
DPTR FM NORMAL  -568

[CDD (BASE 65) ]
TOTAL THIS MO.    92
DPTR FM NORMAL     8    [PRESSURE DATA]
TOTAL FM JAN 1   125    HIGHEST SLP M ON M
DPTR FM NORMAL    21    LOWEST  SLP 29.64 ON 19

[REMARKS]
