000
CXUS54 KCRP 301300
CF6VCT
PRELIMINARY LOCAL CLIMATOLOGICAL DATA (WS FORM: F-6)

                                          STATION:   VICTORIA
                                          MONTH:     APRIL
                                          YEAR:      2016
                                          LATITUDE:   28 51 N
                                          LONGITUDE:  96 55 W

  TEMPERATURE IN F:       :PCPN:    SNOW:  WIND      :SUNSHINE: SKY     :PK WND
================================================================================
1   2   3   4   5  6A  6B    7    8   9   10  11  12  13   14  15   16   17  18
                                     12Z  AVG MX 2MIN
DY MAX MIN AVG DEP HDD CDD  WTR  SNW DPTH SPD SPD DIR MIN PSBL S-S WX    SPD DR
================================================================================

 1  73  54  64  -3   1   0 0.05  0.0    0 17.7 29  40   M    M   4 3      37  30
 2  74  46  60  -7   5   0 0.00  0.0    0  9.2 18 340   M    M   0        24  10
 3  78  46  62  -5   3   0 0.00  0.0    0  4.3 16 160   M    M   0        19 160
 4  83  47  65  -2   0   0 0.00  0.0    0  4.7 14 230   M    M   0 1      22 190
 5  81  48  65  -3   0   0 0.00  0.0    0  7.9 22 150   M    M   0 128    29 140
 6  81  56  69   1   0   4 0.00  0.0    0  6.6 15 360   M    M   2        17 320
 7  85  48  67  -1   0   2 0.00  0.0    0  6.5 16 150   M    M   0 8      20 140
 8  81  51  66  -2   0   1 0.00  0.0    0  8.9 21 130   M    M   0        24 110
 9  82  53  68   0   0   3 0.00  0.0    0 11.4 26 150   M    M   1        32 160
10  80  61  71   2   0   6 0.04  0.0    0 15.3 31 160   M    M   6 1      37 150
11  78  70  74   5   0   9 0.03  0.0    0 11.5 21 160   M    M   9 18     25 160
12  83  71  77   8   0  12 0.00  0.0    0  8.5 18 110   M    M   9 138    23 120
13  75  62  69   0   0   4 1.41  0.0    0  8.0 26 320   M    M   9 13     33 320
14  81  57  69  -1   0   4 0.00  0.0    0  8.1 15  30   M    M   3 128    21  10
15  78  56  67  -3   0   2 0.00  0.0    0  7.4 16 130   M    M   3 1      19 130
16  77  62  70   0   0   5 0.13  0.0    0 13.7 24 110   M    M   9 18     31 110
17  78  73  76   6   0  11 0.07  0.0    0 16.8 26 130   M    M  10 18     33 110
18  77  64  71   1   0   6 1.46  0.0    0 12.6 25 150   M    M   9 138    30 160
19  82  63  73   2   0   8 0.00  0.0    0  6.8 16 140   M    M   5 1      18 150
20  82  66  74   3   0   9 0.01  0.0    0  7.5 31  20   M    M   4 1      40  20
21  81  63  72   1   0   7 0.57  0.0    0  6.0 25  10   M    M   6 123    33  10
22  85  61  73   2   0   8 0.00  0.0    0  6.7 15  10   M    M   1 1      20 360
23  83  57  70  -2   0   5 0.00  0.0    0  6.9 15 130   M    M   1        20 120
24  77  64  71  -1   0   6 0.61  0.0    0  7.8 18 150   M    M   5 13     25 150
25  86  68  77   5   0  12 0.00  0.0    0 11.2 22 140   M    M   8 1      26 140
26  84  73  79   7   0  14 0.00  0.0    0 15.3 25 160   M    M   9 18     32 160
27  86  65  76   3   0  11 0.03  0.0    0  8.2 30 330   M    M   3 128    36 340
28  84  69  77   4   0  12 0.00  0.0    0 11.5 22 130   M    M   9 128    27 120
29  85  76  81   8   0  16    T  0.0    0 17.3 28 170   M    M  10 138    35 170
================================================================================
SM 2340 1750         9 177  4.41     0.0 284.3          M      135
================================================================================
AV 80.7 60.3                               9.8 FASTST   M    M   5    MAX(MPH)
                                 MISC ---->  # 31 160               # 40   20
================================================================================
NOTES:
# LAST OF SEVERAL OCCURRENCES

COLUMN 17 PEAK WIND IN M.P.H.

PRELIMINARY LOCAL CLIMATOLOGICAL DATA (WS FORM: F-6) , PAGE 2

                                          STATION:  VICTORIA
                                          MONTH:    APRIL
                                          YEAR:     2016
                                          LATITUDE:   28 51 N
                                          LONGITUDE:  96 55 W

[TEMPERATURE DATA]      [PRECIPITATION DATA]       SYMBOLS USED IN COLUMN 16

AVERAGE MONTHLY: 70.5   TOTAL FOR MONTH:   4.41    1 = FOG OR MIST
DPTR FM NORMAL:   0.7   DPTR FM NORMAL:    1.72    2 = FOG REDUCING VISIBILITY
HIGHEST:    86 ON 27,25 GRTST 24HR  1.46 ON 18-18      TO 1/4 MILE OR LESS
LOWEST:     46 ON  3, 2                            3 = THUNDER
                        SNOW, ICE PELLETS, HAIL    4 = ICE PELLETS
                        TOTAL MONTH:   0.0 INCH    5 = HAIL
                        GRTST 24HR     0.0         6 = FREEZING RAIN OR DRIZZLE
                        GRTST DEPTH:   0           7 = DUSTSTORM OR SANDSTORM:
                                                       VSBY 1/2 MILE OR LESS
                                                   8 = SMOKE OR HAZE
[NO. OF DAYS WITH]      [WEATHER - DAYS WITH]      9 = BLOWING SNOW
                                                   X = TORNADO
MAX 32 OR BELOW:   0    0.01 INCH OR MORE:  11
MAX 90 OR ABOVE:   0    0.10 INCH OR MORE:   5
MIN 32 OR BELOW:   0    0.50 INCH OR MORE:   4
MIN  0 OR BELOW:   0    1.00 INCH OR MORE:   2

[HDD (BASE 65) ]
TOTAL THIS MO.     9    CLEAR  (SCALE 0-3)  12
DPTR FM NORMAL   -20    PTCLDY (SCALE 4-7)   8
TOTAL FM JUL 1   913    CLOUDY (SCALE 8-10)  9
DPTR FM NORMAL  -334

[CDD (BASE 65) ]
TOTAL THIS MO.   177
DPTR FM NORMAL     9    [PRESSURE DATA]
TOTAL FM JAN 1   334    HIGHEST SLP M ON M
DPTR FM NORMAL    54    LOWEST  SLP 29.55 ON 27

[REMARKS]
