061
CXUS53 KSGF 250800
CF6VIH
PRELIMINARY LOCAL CLIMATOLOGICAL DATA (WS FORM: F-6)

                                          STATION:   VICHY-ROLLA MO
                                          MONTH:     FEBRUARY
                                          YEAR:      2017
                                          LATITUDE:   38  7 N
                                          LONGITUDE:  91 46 W

  TEMPERATURE IN F:       :PCPN:    SNOW:  WIND      :SUNSHINE: SKY     :PK WND
================================================================================
1   2   3   4   5  6A  6B    7    8   9   10  11  12  13   14  15   16   17  18
                                     12Z  AVG MX 2MIN
DY MAX MIN AVG DEP HDD CDD  WTR  SNW DPTH SPD SPD DIR MIN PSBL S-S WX    SPD DR
================================================================================

 1  50  31  41   9  24   0 0.00    M    M  8.3 16  10   M    M   0        20  10
 2  36  21  29  -3  36   0 0.00    M    M  8.1 16  10   M    M   3        22 360
 3  35  18  27  -6  38   0 0.00    M    M  5.4 16 330   M    M   2        23 340
 4  37  19  28  -5  37   0    T    M    M 14.2 24 170   M    M   3        30 160
 5  59  29  44  11  21   0 0.00    M    M  7.9 18 210   M    M   0        23 210
 6  65  40  53  20  12   0    T    M    M 11.9 25 180   M    M   7 1      33 190
 7  65  36  51  17  14   0    T    M    M 12.5 28 190   M    M   3 138    36 200
 8  36  20  28  -6  37   0    T    M    M 12.0 24 330   M    M  10 18     29 330
 9  36  17  27  -7  38   0 0.00    M    M  6.9 15 160   M    M   1        20 160
10  71  31  51  17  14   0 0.00    M    M 19.1 29 220   M    M   0        37 220
11  77  49  63  29   2   0 0.00    M    M  9.5 17 200   M    M   1 1      22 190
12  55  27  41   6  24   0 0.00    M    M 10.6 24 340   M    M   0 1      30 360
13  52  23  38   3  27   0 0.00    M    M  3.8 10 130   M    M   3        16 110
14  52  38  45  10  20   0 0.00    M    M  6.1 12 330   M    M   3        28 150
15  48  26  37   1  28   0 0.00    M    M 10.3 17 330   M    M   0        22 340
16  68  26  47  11  18   0 0.00    M    M 12.7 23 230   M    M   0        30 220
17  73  42  58  22   7   0 0.00    M    M 12.3 21 220   M    M   0        26 220
18  63  50  57  21   8   0    T    M    M  9.8 14 210   M    M   5        19 210
19  76  41  59  22   6   0 0.00    M    M  9.0 17 180   M    M   3 12     24 170
20  76  56  66  29   0   1 0.36    M    M 12.8 26 180   M    M   2 1      36 170
21  62  51  57  20   8   0 0.09    M    M  5.8 13  30   M    M   8 12     19  70
22  71  50  61  23   4   0 0.00    M    M 10.5 17 190   M    M   6 12     21 180
23  72  51  62  24   3   0    T  0.0    0 11.3 24 150   M    M   3 12     31 170
24  65  29  47   9  18   0    T    M    M 17.1 28 290   M    M   6 1      36 180
================================================================================
SM 1400  821       444   1  0.45     0.0 247.9          M       69
================================================================================
AV 58.3 34.2                              10.3 FASTST   M    M   3    MAX(MPH)
                                 MISC ---->  # 29 220               # 37  220
================================================================================
NOTES:
# LAST OF SEVERAL OCCURRENCES

COLUMN 17 PEAK WIND IN M.P.H.

PRELIMINARY LOCAL CLIMATOLOGICAL DATA (WS FORM: F-6) , PAGE 2

                                          STATION:  VICHY-ROLLA MO
                                          MONTH:    FEBRUARY
                                          YEAR:     2017
                                          LATITUDE:   38  7 N
                                          LONGITUDE:  91 46 W

[TEMPERATURE DATA]      [PRECIPITATION DATA]       SYMBOLS USED IN COLUMN 16

AVERAGE MONTHLY: 46.3   TOTAL FOR MONTH:   0.45    1 = FOG OR MIST
DPTR FM NORMAL:  11.3   DPTR FM NORMAL:   -1.18    2 = FOG REDUCING VISIBILITY
HIGHEST:    77 ON 11    GRTST 24HR  0.45 ON 20-21      TO 1/4 MILE OR LESS
LOWEST:     17 ON  9                               3 = THUNDER
                        SNOW, ICE PELLETS, HAIL    4 = ICE PELLETS
                        TOTAL MONTH:   0.0 INCH    5 = HAIL
                        GRTST 24HR     0.0         6 = FREEZING RAIN OR DRIZZLE
                        GRTST DEPTH:   0           7 = DUSTSTORM OR SANDSTORM:
                                                       VSBY 1/2 MILE OR LESS
                                                   8 = SMOKE OR HAZE
[NO. OF DAYS WITH]      [WEATHER - DAYS WITH]      9 = BLOWING SNOW
                                                   X = TORNADO
MAX 32 OR BELOW:   0    0.01 INCH OR MORE:   2
MAX 90 OR ABOVE:   0    0.10 INCH OR MORE:   1
MIN 32 OR BELOW:  13    0.50 INCH OR MORE:   0
MIN  0 OR BELOW:   0    1.00 INCH OR MORE:   0

[HDD (BASE 65) ]
TOTAL THIS MO.   444    CLEAR  (SCALE 0-3)  17
DPTR FM NORMAL  -275    PTCLDY (SCALE 4-7)   5
TOTAL FM JUL 1  2904    CLOUDY (SCALE 8-10)  2
DPTR FM NORMAL  -783

[CDD (BASE 65) ]
TOTAL THIS MO.     1
DPTR FM NORMAL     1    [PRESSURE DATA]
TOTAL FM JAN 1     1    HIGHEST SLP M ON M
DPTR FM NORMAL     1    LOWEST  SLP 29.38 ON M

[REMARKS]
