000
CXUS52 KTAE 210800
CF6VLD
PRELIMINARY LOCAL CLIMATOLOGICAL DATA (WS FORM: F-6)

                                          STATION:   VALDOSTA
                                          MONTH:     OCTOBER
                                          YEAR:      2014
                                          LATITUDE:   30 46 N
                                          LONGITUDE:  83 17 W

  TEMPERATURE IN F:       :PCPN:    SNOW:  WIND      :SUNSHINE: SKY     :PK WND
================================================================================
1   2   3   4   5  6A  6B    7    8   9   10  11  12  13   14  15   16   17  18
                                     12Z  AVG MX 2MIN
DY MAX MIN AVG DEP HDD CDD  WTR  SNW DPTH SPD SPD DIR MIN PSBL S-S WX    SPD DR
================================================================================

 1  82  67  75   2   0  10 0.00  0.0    0  1.3  8  20   M    M   7 1      10  10
 2  89  67  78   5   0  13 0.00  0.0    0  2.1  7 140   M    M   5 1      10 140
 3  86  68  77   4   0  12 0.40  0.0    0  1.8 12 190   M    M   6 13     16 180
 4  77  50  64  -8   1   0 0.00  0.0    0  3.6 13  10   M    M   2 1      21 320
 5  73  44  59 -13   6   0 0.00    M    0  2.4 12  10   M    M   0        16  20
 6  79  47  63  -9   2   0 0.00  0.0    0  2.1  9 160   M    M   0        14 180
 7  86  56  71   0   0   6 0.00  0.0    0  2.9 15 170   M    M   2 18     18 160
 8  88  60  74   3   0   9 0.00  0.0    0  0.5  8 360   M    M   3 128     9 360
 9  89  61  75   4   0  10 0.00  0.0    0  1.6  9 180   M    M   1 18     13 190
10  89  64  77   7   0  12 0.00  0.0    0  1.5  9 130   M    M   1 18     12 140
11  91  64  78   8   0  13 0.00  0.0    0  0.9  7 190   M    M   1 18      9 180
12  89  63  76   6   0  11 0.00  0.0    0  3.2 10 170   M    M   3 128    15 140
13  87  69  78   8   0  13 0.01  0.0    0  6.4 18 170   M    M   1        24 170
14  78  67  73   4   0   8 0.94  0.0    0  7.8 16 190   M    M   8 123    24 200
15  77  54  66  -3   0   1 0.00  0.0    0  1.7  9 250   M    M   1 1      18 310
16  76  49  63  -6   2   0 0.00    M    0  1.5 10 320   M    M   0        17 290
17  81  49  65  -3   0   0 0.00    M    0  0.7  8  10   M    M   0 1      13  20
18  84  51  68   0   0   3 0.00  0.0    0  1.8  9  10   M    M   0 18     15 230
19  76  54  65  -3   0   0 0.00  0.0    0  3.9 13  30   M    M   0        18  40
20  83  51  67   0   0   2 0.00  0.0    0  2.1 12 180   M    M   3 18     14 170
================================================================================
SM 1660 1155        11 123  1.35     0.0  49.8          M       44
================================================================================
AV 83.0 57.8                               2.5 FASTST   M    M   2    MAX(MPH)
                                 MISC ---->  # 18 170               # 24  170
================================================================================
NOTES:
# LAST OF SEVERAL OCCURRENCES

COLUMN 17 PEAK WIND IN M.P.H.

PRELIMINARY LOCAL CLIMATOLOGICAL DATA (WS FORM: F-6) , PAGE 2

                                          STATION:  VALDOSTA
                                          MONTH:    OCTOBER
                                          YEAR:     2014
                                          LATITUDE:   30 46 N
                                          LONGITUDE:  83 17 W

[TEMPERATURE DATA]      [PRECIPITATION DATA]       SYMBOLS USED IN COLUMN 16

AVERAGE MONTHLY: 70.4   TOTAL FOR MONTH:   1.35    1 = FOG OR MIST
DPTR FM NORMAL:   0.1   DPTR FM NORMAL:   -0.71    2 = FOG REDUCING VISIBILITY
HIGHEST:    91 ON 11    GRTST 24HR  0.94 ON 14-14      TO 1/4 MILE OR LESS
LOWEST:     44 ON  5                               3 = THUNDER
                        SNOW, ICE PELLETS, HAIL    4 = ICE PELLETS
                        TOTAL MONTH:   0.0 INCH    5 = HAIL
                        GRTST 24HR     0.0         6 = FREEZING RAIN OR DRIZZLE
                        GRTST DEPTH:   0           7 = DUSTSTORM OR SANDSTORM:
                                                       VSBY 1/2 MILE OR LESS
                                                   8 = SMOKE OR HAZE
[NO. OF DAYS WITH]      [WEATHER - DAYS WITH]      9 = BLOWING SNOW
                                                   X = TORNADO
MAX 32 OR BELOW:   0    0.01 INCH OR MORE:   3
MAX 90 OR ABOVE:   1    0.10 INCH OR MORE:   2
MIN 32 OR BELOW:   0    0.50 INCH OR MORE:   1
MIN  0 OR BELOW:   0    1.00 INCH OR MORE:   0

[HDD (BASE 65) ]
TOTAL THIS MO.    11    CLEAR  (SCALE 0-3)  15
DPTR FM NORMAL     0    PTCLDY (SCALE 4-7)   5
TOTAL FM JUL 1    11    CLOUDY (SCALE 8-10)  0
DPTR FM NORMAL    -1

[CDD (BASE 65) ]
TOTAL THIS MO.   123
DPTR FM NORMAL     4    [PRESSURE DATA]
TOTAL FM JAN 1  2887    HIGHEST SLP M ON M
DPTR FM NORMAL   543    LOWEST  SLP 29.83 ON 14

[REMARKS]
