000
CXUS55 KLBF 261200
CF6VTN
PRELIMINARY LOCAL CLIMATOLOGICAL DATA (WS FORM: F-6)

                                          STATION:   VALENTINE NE
                                          MONTH:     FEBRUARY
                                          YEAR:      2015
                                          LATITUDE:   42 52 N
                                          LONGITUDE: 100 33 W

  TEMPERATURE IN F:       :PCPN:    SNOW:  WIND      :SUNSHINE: SKY     :PK WND
================================================================================
1   2   3   4   5  6A  6B    7    8   9   10  11  12  13   14  15   16   17  18
                                     12Z  AVG MX 2MIN
DY MAX MIN AVG DEP HDD CDD  WTR  SNW DPTH SPD SPD DIR MIN PSBL S-S WX    SPD DR
================================================================================

 1  12 -15  -1 -25  66   0 0.16  1.5    3 14.5 26 350   M    M   7 1      33 330
 2  40 -15  13 -12  52   0 0.00  0.0    4  7.9 22 330   M    M   3        30 320
 3  46  15  31   6  34   0    T    T    3  8.1 22 340   M    M   5 1      28 340
 4  21   5  13 -12  52   0    T    T    1 11.7 21 340   M    M   4 8      26 350
 5  45  10  28   3  37   0 0.00  0.0    1  9.1 25 220   M    M   0        31 210
 6  64  32  48  23  17   0 0.00  0.0    1  7.5 15 240   M    M   0        17 230
 7  73  32  53  28  12   0 0.00  0.0    T 11.1 28 330   M    M   0        38 320
 8  63  31  47  21  18   0 0.00  0.0    0 10.4 25 320   M    M   1        32 320
 9  56  24  40  14  25   0 0.00  0.0    0  9.6 25 200   M    M   1        33 200
10  61  29  45  19  20   0 0.00  0.0    0 16.6 31 330   M    M   4        41 350
11  39  14  27   1  38   0    T    T    0 14.9 24 330   M    M   9        34 340
12  42   8  25  -1  40   0    T    T    0 10.7 24 200   M    M   5        30 210
13  61  30  46  20  19   0 0.00  0.0    0  9.0 22 280   M    M   2        27 280
14  31  16  24  -3  41   0    T    T    0 13.1 23  50   M    M   8 1      28  60
15  39  17  28   1  37   0 0.00  0.0    0  6.9 16 350   M    M   6        19 360
16  38  19  29   2  36   0 0.13  1.0    1  8.4 28 320   M    M   8 128    39 310
17  24  -1  12 -16  53   0 0.02  0.5    2 12.9 28 320   M    M   4 18     36 330
18  19  -7   6 -22  59   0 0.00  0.0    1  8.3 18 320   M    M   3        23 320
19  40  15  28   0  37   0 0.00  0.0    T  8.2 18 190   M    M   5        21 190
20  50  23  37   9  28   0 0.00  0.0    T  8.8 21 300   M    M   5        26 320
21  34  13  24  -5  41   0    T  0.1    T 12.3 23  10   M    M   8 18     31  10
22  13  -1   6 -23  59   0    T    T    T  8.3 16 340   M    M   3 8      21 350
23  36  -1  18 -11  47   0 0.00  0.0    T 13.4 26 230   M    M   0        34 230
24  51  26  39   9  26   0 0.00  0.0    0 10.3 18 280   M    M   2        26 320
25  46   9  28  -2  37   0    T    T    T 14.9 28 330   M    M  10 18     36 330
================================================================================
SM 1044  328       931   0  0.31     3.1 266.9          M      103
================================================================================
AV 41.8 13.1                              10.7 FASTST   M    M   4    MAX(MPH)
                                 MISC ---->  # 31 330               # 41  350
================================================================================
NOTES:
# LAST OF SEVERAL OCCURRENCES

COLUMN 17 PEAK WIND IN M.P.H.

PRELIMINARY LOCAL CLIMATOLOGICAL DATA (WS FORM: F-6) , PAGE 2

                                          STATION:  VALENTINE NE
                                          MONTH:    FEBRUARY
                                          YEAR:     2015
                                          LATITUDE:   42 52 N
                                          LONGITUDE: 100 33 W

[TEMPERATURE DATA]      [PRECIPITATION DATA]       SYMBOLS USED IN COLUMN 16

AVERAGE MONTHLY: 27.4   TOTAL FOR MONTH:   0.31    1 = FOG OR MIST
DPTR FM NORMAL:   0.6   DPTR FM NORMAL:   -0.10    2 = FOG REDUCING VISIBILITY
HIGHEST:    73 ON  7    GRTST 24HR  0.33 ON 31- 1      TO 1/4 MILE OR LESS
LOWEST:    -15 ON  2, 1                            3 = THUNDER
                        SNOW, ICE PELLETS, HAIL    4 = ICE PELLETS
                        TOTAL MONTH:   3.1 INCHES  5 = HAIL
                        GRTST 24HR   1.5 ON  1- 1  6 = FREEZING RAIN OR DRIZZLE
                        GRTST DEPTH:   4 ON  2     7 = DUSTSTORM OR SANDSTORM:
                                                       VSBY 1/2 MILE OR LESS
                                                   8 = SMOKE OR HAZE
[NO. OF DAYS WITH]      [WEATHER - DAYS WITH]      9 = BLOWING SNOW
                                                   X = TORNADO
MAX 32 OR BELOW:   6    0.01 INCH OR MORE:   3
MAX 90 OR ABOVE:   0    0.10 INCH OR MORE:   2
MIN 32 OR BELOW:  25    0.50 INCH OR MORE:   0
MIN  0 OR BELOW:   6    1.00 INCH OR MORE:   0

[HDD (BASE 65) ]
TOTAL THIS MO.   931    CLEAR  (SCALE 0-3)  11
DPTR FM NORMAL   -22    PTCLDY (SCALE 4-7)  10
TOTAL FM JUL 1  4968    CLOUDY (SCALE 8-10)  4
DPTR FM NORMAL  -163

[CDD (BASE 65) ]
TOTAL THIS MO.     0
DPTR FM NORMAL     0    [PRESSURE DATA]
TOTAL FM JAN 1     0    HIGHEST SLP M ON M
DPTR FM NORMAL     0    LOWEST  SLP 29.65 ON  7

[REMARKS]
