000
CXUS56 KPQR 231230
CF6VUO
PRELIMINARY LOCAL CLIMATOLOGICAL DATA (WS FORM: F-6)

                                          STATION:   VANCOUVER WA
                                          MONTH:     SEPTEMBER
                                          YEAR:      2014
                                          LATITUDE:   45 37 N
                                          LONGITUDE: 122 39 W

  TEMPERATURE IN F:       :PCPN:    SNOW:  WIND      :SUNSHINE: SKY     :PK WND
================================================================================
1   2   3   4   5  6A  6B    7    8   9   10  11  12  13   14  15   16   17  18
                                     12Z  AVG MX 2MIN
DY MAX MIN AVG DEP HDD CDD  WTR  SNW DPTH SPD SPD DIR MIN PSBL S-S WX    SPD DR
================================================================================

 1  80  53  67   0   0   2 0.00  0.0    0  4.7 12 310   M    M   2        16 340
 2  75  59  67   0   0   2 0.00  0.0    0  5.9 17 310   M    M   3        26 330
 3  73  55  64  -3   1   0 0.00  0.0    0  4.2 12 330   M    M   4        16 280
 4  85  50  68   1   0   3 0.00  0.0    0  4.3 13  60   M    M   0        18  50
 5  89  50  70   3   0   5 0.00  0.0    0  6.7 21  80   M    M   0        27  90
 6  95  50  73   7   0   8 0.00  0.0    0  3.6 15  80   M    M   0        19  90
 7  87  51  69   3   0   4 0.00  0.0    0  3.5  9 320   M    M   0        13 330
 8  76  52  64  -2   1   0 0.00  0.0    0  4.7 13 310   M    M   2        19 320
 9  75  57  66   0   0   1 0.00  0.0    0  3.9 10 260   M    M   4        14 250
10  78  51  65  -1   0   0 0.00  0.0    0  5.7 12 310   M    M   3        20 360
11  75  59  67   2   0   2 0.00  0.0    0 14.9 28  80   M    M   0        38  90
12  85  49  67   2   0   2 0.00  0.0    0  3.9 13  80   M    M   0        18  80
13  90  46  68   3   0   3 0.00  0.0    0  2.3 14  80   M    M   0        18  80
14  87  46  67   3   0   2 0.00  0.0    0  1.8  7 270   M    M   0        10 270
15  90  49  70   6   0   5 0.00  0.0    0  2.4  9 250   M    M   0        12 320
16  74  57  66   2   0   1    T  0.0    0  4.6  8 220   M    M   1        12 120
17  77  57  67   3   0   2    T  0.0    0  3.0  9 360   M    M   1        13 360
18  73  60  67   4   0   2 0.05  0.0    0  1.6  9 110   M    M   8 1      12 140
19  81  59  70   7   0   5 0.00  0.0    0  4.3 13 300   M    M   3        15 320
20  94  60  77  15   0  12 0.00  0.0    0  5.6 16  80   M    M   0        23  70
21  87  56  72  10   0   7 0.00  0.0    0  2.2 10 350   M    M   0        14  10
22  71  58  65   3   0   0    T  0.0    0  4.0  8  90   M    M   5        12 140
================================================================================
SM 1797 1184         2  68  0.05     0.0  97.8          M       36
================================================================================
AV 81.7 53.8                               4.4 FASTST   M    M   2    MAX(MPH)
                                 MISC ---->  # 28  80               # 38   90
================================================================================
NOTES:
# LAST OF SEVERAL OCCURRENCES

COLUMN 17 PEAK WIND IN M.P.H.

PRELIMINARY LOCAL CLIMATOLOGICAL DATA (WS FORM: F-6) , PAGE 2

                                          STATION:  VANCOUVER WA
                                          MONTH:    SEPTEMBER
                                          YEAR:     2014
                                          LATITUDE:   45 37 N
                                          LONGITUDE: 122 39 W

[TEMPERATURE DATA]      [PRECIPITATION DATA]       SYMBOLS USED IN COLUMN 16

AVERAGE MONTHLY: 67.8   TOTAL FOR MONTH:   0.05    1 = FOG OR MIST
DPTR FM NORMAL:   2.8   DPTR FM NORMAL:   -0.86    2 = FOG REDUCING VISIBILITY
HIGHEST:    95 ON  6    GRTST 24HR  0.05 ON 18-18      TO 1/4 MILE OR LESS
LOWEST:     46 ON 14,13                            3 = THUNDER
                        SNOW, ICE PELLETS, HAIL    4 = ICE PELLETS
                        TOTAL MONTH:   0.0 INCH    5 = HAIL
                        GRTST 24HR     0.0         6 = FREEZING RAIN OR DRIZZLE
                        GRTST DEPTH:   0           7 = DUSTSTORM OR SANDSTORM:
                                                       VSBY 1/2 MILE OR LESS
                                                   8 = SMOKE OR HAZE
[NO. OF DAYS WITH]      [WEATHER - DAYS WITH]      9 = BLOWING SNOW
                                                   X = TORNADO
MAX 32 OR BELOW:   0    0.01 INCH OR MORE:   1
MAX 90 OR ABOVE:   4    0.10 INCH OR MORE:   0
MIN 32 OR BELOW:   0    0.50 INCH OR MORE:   0
MIN  0 OR BELOW:   0    1.00 INCH OR MORE:   0

[HDD (BASE 65) ]
TOTAL THIS MO.     2    CLEAR  (SCALE 0-3)  17
DPTR FM NORMAL   -44    PTCLDY (SCALE 4-7)   4
TOTAL FM JUL 1     5    CLOUDY (SCALE 8-10)  1
DPTR FM NORMAL   -74

[CDD (BASE 65) ]
TOTAL THIS MO.    68
DPTR FM NORMAL    25    [PRESSURE DATA]
TOTAL FM JAN 1   520    HIGHEST SLP M ON M
DPTR FM NORMAL   152    LOWEST  SLP 29.68 ON 17

[REMARKS]
