000
CXUS56 KPQR 301200
CF6VUO
PRELIMINARY LOCAL CLIMATOLOGICAL DATA (WS FORM: F-6)

                                          STATION:   VANCOUVER WA
                                          MONTH:     MARCH
                                          YEAR:      2015
                                          LATITUDE:   45 37 N
                                          LONGITUDE: 122 39 W

  TEMPERATURE IN F:       :PCPN:    SNOW:  WIND      :SUNSHINE: SKY     :PK WND
================================================================================
1   2   3   4   5  6A  6B    7    8   9   10  11  12  13   14  15   16   17  18
                                     12Z  AVG MX 2MIN
DY MAX MIN AVG DEP HDD CDD  WTR  SNW DPTH SPD SPD DIR MIN PSBL S-S WX    SPD DR
================================================================================

 1  57  26  42  -3  23   0 0.00  0.0    0  1.7  8 250   M    M   1        11 260
 2  56  39  48   2  17   0 0.01    M    0  5.1 15 310   M    M   5        23 310
 3  56  28  42  -4  23   0 0.00  0.0    0  3.2 12 280   M    M   0        16 290
 4  58  25  42  -4  23   0 0.00  0.0    0  1.6  8 260   M    M   0        11 270
 5  60  29  45  -1  20   0 0.00  0.0    0  0.8  6 220   M    M   0         9 230
 6  63  31  47   1  18   0 0.00  0.0    0  1.6  7 270   M    M   0         9 260
 7  68  31  50   4  15   0 0.00  0.0    0  2.7 12 280   M    M   0 1      14 280
 8  68  32  50   3  15   0 0.00  0.0    0  1.4  8 230   M    M   0        12 290
 9  69  33  51   4  14   0 0.00  0.0    0  1.1  7 330   M    M   0        10 320
10  64  33  49   2  16   0 0.00  0.0    0  3.0  9 110   M    M   2 1      13 140
11  59  51  55   8  10   0 0.11  0.0    0  5.4 10 160   M    M  10 1      17 220
12  68  46  57  10   8   0 0.00  0.0    0  2.2  7 220   M    M   5         9 280
13  67  43  55   7  10   0 0.02    M    0  3.7 13 120   M    M   1        18 130
14  57  51  54   6  11   0 1.34  0.0    0  4.7 15 190   M    M  10 1      22 200
15  62  45  54   6  11   0 0.88    M    0 10.2 31 190   M    M   9 1      46 190
16  64  34  49   1  16   0 0.00  0.0    0  3.2 13  90   M    M   2 12     16  70
17  57  39  48   0  17   0 0.08    M    0  2.5 12 280   M    M   7 1      20 360
18  62  41  52   4  13   0 0.00  0.0    0  1.9  7 270   M    M   5 1      11 210
19  66  39  53   4  12   0 0.00  0.0    0  2.8  8 120   M    M   1        14  90
20  66  44  55   6  10   0 0.17    M    0  6.6 14 180   M    M   4        24 200
21  60  44  52   3  13   0 0.14    M    0  5.5 15 300   M    M   6 1      22 280
22  55  43  49   0  16   0 0.60    M    0  4.1 17 260   M    M   7 138    24 270
23  55  45  50   1  15   0 0.84    M    0  7.0 21 200   M    M   7 18     33 200
24  55  44  50   1  15   0 0.21    M    0  4.9 22 300   M    M   8 1      29 310
25  60  47  54   4  11   0 0.27    M    0  3.8 12 120   M    M   9 12     15 170
26  72  44  58   8   7   0 0.00  0.0    0  1.5  7 260   M    M   5 12      9 270
27  70  43  57   7   8   0    T    M    0  3.9 16 260   M    M   5 12     22 250
28  61  48  55   5  10   0 0.00  0.0    0  3.8 10 210   M    M   6        15 180
29  68  41  55   5  10   0 0.00  0.0    0  2.5  7 250   M    M   2         9 330
================================================================================
SM 1803 1139       407   0  4.67     0.0 102.4          M      117
================================================================================
AV 62.2 39.3                               3.5 FASTST   M    M   4    MAX(MPH)
                                 MISC ---->  # 31 190               # 46  190
================================================================================
NOTES:
# LAST OF SEVERAL OCCURRENCES

COLUMN 17 PEAK WIND IN M.P.H.

PRELIMINARY LOCAL CLIMATOLOGICAL DATA (WS FORM: F-6) , PAGE 2

                                          STATION:  VANCOUVER WA
                                          MONTH:    MARCH
                                          YEAR:     2015
                                          LATITUDE:   45 37 N
                                          LONGITUDE: 122 39 W

[TEMPERATURE DATA]      [PRECIPITATION DATA]       SYMBOLS USED IN COLUMN 16

AVERAGE MONTHLY: 50.7   TOTAL FOR MONTH:   4.67    1 = FOG OR MIST
DPTR FM NORMAL:   2.9   DPTR FM NORMAL:    1.31    2 = FOG REDUCING VISIBILITY
HIGHEST:    72 ON 26    GRTST 24HR  1.34 ON 14-14      TO 1/4 MILE OR LESS
LOWEST:     25 ON  4                               3 = THUNDER
                        SNOW, ICE PELLETS, HAIL    4 = ICE PELLETS
                        TOTAL MONTH:   0.0 INCH    5 = HAIL
                        GRTST 24HR     0.0         6 = FREEZING RAIN OR DRIZZLE
                        GRTST DEPTH:   0           7 = DUSTSTORM OR SANDSTORM:
                                                       VSBY 1/2 MILE OR LESS
                                                   8 = SMOKE OR HAZE
[NO. OF DAYS WITH]      [WEATHER - DAYS WITH]      9 = BLOWING SNOW
                                                   X = TORNADO
MAX 32 OR BELOW:   0    0.01 INCH OR MORE:  12
MAX 90 OR ABOVE:   0    0.10 INCH OR MORE:   9
MIN 32 OR BELOW:   7    0.50 INCH OR MORE:   4
MIN  0 OR BELOW:   0    1.00 INCH OR MORE:   1

[HDD (BASE 65) ]
TOTAL THIS MO.   407    CLEAR  (SCALE 0-3)  13
DPTR FM NORMAL   -91    PTCLDY (SCALE 4-7)  11
TOTAL FM JUL 1  3059    CLOUDY (SCALE 8-10)  5
DPTR FM NORMAL  -553

[CDD (BASE 65) ]
TOTAL THIS MO.     0
DPTR FM NORMAL     0    [PRESSURE DATA]
TOTAL FM JAN 1     0    HIGHEST SLP M ON M
DPTR FM NORMAL     0    LOWEST  SLP 29.66 ON 15

[REMARKS]
