000
CXUS56 KLKN 161009
CF6WMC
PRELIMINARY LOCAL CLIMATOLOGICAL DATA (WS FORM: F-6)

                                          STATION:   WINNEMUCCA AIRPORT NV
                                          MONTH:     OCTOBER
                                          YEAR:      2017
                                          LATITUDE:   40 54 N
                                          LONGITUDE: 117 48 W

  TEMPERATURE IN F:       :PCPN:    SNOW:  WIND      :SUNSHINE: SKY     :PK WND
================================================================================
1   2   3   4   5  6A  6B    7    8   9   10  11  12  13   14  15   16   17  18
                                     12Z  AVG MX 2MIN
DY MAX MIN AVG DEP HDD CDD  WTR  SNW DPTH SPD SPD DIR MIN PSBL S-S WX    SPD DR
================================================================================

 1  62  35  49  -5  16   0 0.00  0.0    0  9.4 21 310   M    M   M        27 310
 2  57  23  40 -14  25   0 0.00  0.0    0  8.7 23  30   M    M   2 8      29  30
 3  60  34  47  -6  18   0 0.00  0.0    0 15.6 29  30   M    M   5        37  20
 4  65  30  48  -5  17   0 0.00  0.0    0  5.5 12 240   M    M   2        16 140
 5  67  21  44  -8  21   0 0.00  0.0    0  4.4 13 340   M    M   M        19 330
 6  73  22  48  -4  17   0 0.00  0.0    0  6.7 17 190   M    M   0        31 170
 7  81  33  57   5   8   0 0.00  0.0    0  8.3 24 270   M    M   0        30 270
 8  56  32  44  -7  21   0 0.00  0.0    0 10.1 24 360   M    M   1        31 320
 9  61  14  38 -13  27   0 0.00  0.0    0  5.4 14  30   M    M   0        17  30
10  69  24  47  -3  18   0 0.00  0.0    0  7.4 16 220   M    M   0        22 210
11  63  26  45  -5  20   0 0.00  0.0    0  8.4 25 280   M    M   3 8      31 270
12  57  14  36 -14  29   0 0.00  0.0    0  5.6 16 260   M    M   0        18 250
13  63  13  38 -11  27   0 0.00  0.0    0  8.3 25 260   M    M   1        33 280
14  55  20  38 -11  27   0 0.00  0.0    0  9.2 16  50   M    M   0        23  30
15  65  15  40  -8  25   0 0.00  0.0    0  4.2 12  60   M    M   0 8      14  50
================================================================================
SM  954  356       316   0  0.00     0.0 117.2          M       14
================================================================================
AV 63.6 23.7                               7.8 FASTST   M    M   1    MAX(MPH)
                                 MISC ---->  # 29  30               # 37   20
================================================================================
NOTES:
# LAST OF SEVERAL OCCURRENCES

COLUMN 17 PEAK WIND IN M.P.H.

PRELIMINARY LOCAL CLIMATOLOGICAL DATA (WS FORM: F-6) , PAGE 2

                                          STATION:  WINNEMUCCA AIRPORT NV
                                          MONTH:    OCTOBER
                                          YEAR:     2017
                                          LATITUDE:   40 54 N
                                          LONGITUDE: 117 48 W

[TEMPERATURE DATA]      [PRECIPITATION DATA]       SYMBOLS USED IN COLUMN 16

AVERAGE MONTHLY: 43.7   TOTAL FOR MONTH:   0.00    1 = FOG OR MIST
DPTR FM NORMAL:  -7.5   DPTR FM NORMAL:   -0.31    2 = FOG REDUCING VISIBILITY
HIGHEST:    81 ON  7    GRTST 24HR  0.00 ON 15-15      TO 1/4 MILE OR LESS
LOWEST:     13 ON 13                               3 = THUNDER
                        SNOW, ICE PELLETS, HAIL    4 = ICE PELLETS
                        TOTAL MONTH:   0.0 INCH    5 = HAIL
                        GRTST 24HR     0.0         6 = FREEZING RAIN OR DRIZZLE
                        GRTST DEPTH:   0           7 = DUSTSTORM OR SANDSTORM:
                                                       VSBY 1/2 MILE OR LESS
                                                   8 = SMOKE OR HAZE
[NO. OF DAYS WITH]      [WEATHER - DAYS WITH]      9 = BLOWING SNOW
                                                   X = TORNADO
MAX 32 OR BELOW:   0    0.01 INCH OR MORE:   0
MAX 90 OR ABOVE:   0    0.10 INCH OR MORE:   0
MIN 32 OR BELOW:  12    0.50 INCH OR MORE:   0
MIN  0 OR BELOW:   0    1.00 INCH OR MORE:   0

[HDD (BASE 65) ]
TOTAL THIS MO.   316    CLEAR  (SCALE 0-3)  11
DPTR FM NORMAL   110    PTCLDY (SCALE 4-7)   2
TOTAL FM JUL 1   544    CLOUDY (SCALE 8-10)  0
DPTR FM NORMAL   134

[CDD (BASE 65) ]
TOTAL THIS MO.     0
DPTR FM NORMAL     0    [PRESSURE DATA]
TOTAL FM JAN 1   927    HIGHEST SLP 24.86 ON 10
DPTR FM NORMAL   386    LOWEST  SLP 29.74 ON  7

[REMARKS]
