000
CXUS56 KLKN 251001
CF6WMC
PRELIMINARY LOCAL CLIMATOLOGICAL DATA (WS FORM: F-6)

                                          STATION:   WINNEMUCCA AIRPORT NV
                                          MONTH:     JULY
                                          YEAR:      2014
                                          LATITUDE:   40 54 N
                                          LONGITUDE: 117 48 W

  TEMPERATURE IN F:       :PCPN:    SNOW:  WIND      :SUNSHINE: SKY     :PK WND
================================================================================
1   2   3   4   5  6A  6B    7    8   9   10  11  12  13   14  15   16   17  18
                                     12Z  AVG MX 2MIN
DY MAX MIN AVG DEP HDD CDD  WTR  SNW DPTH SPD SPD DIR MIN PSBL S-S WX    SPD DR
================================================================================

 1  99  53  76   6   0  11 0.00  0.0    0  7.3 18  50   M    M   0        24  30
 2 102  57  80  10   0  15 0.00  0.0    0  7.5 25 240   M    M   0        34 230
 3  98  60  79   9   0  14 0.00  0.0    0  6.7 23 230   M    M   0        31 250
 4  98  55  77   7   0  12 0.00  0.0    0  8.6 23 230   M    M   0        31 250
 5  97  52  75   4   0  10 0.00  0.0    0  6.7 22 250   M    M   0        28 270
 6 102  47  75   4   0  10 0.00  0.0    0  5.7 15 250   M    M   0        24  10
 7 103  66  85  14   0  20 0.00  0.0    0 10.0 21  10   M    M   0        27  20
 8 101  60  81   9   0  16 0.00  0.0    0  5.8 26 160   M    M   1        35 160
 9  91  67  79   7   0  14    T  0.0    0  5.9 16 300   M    M   3        23 310
10  98  56  77   5   0  12    T  0.0    0  6.3 22 150   M    M   1        40  50
11  94  66  80   8   0  15 0.00  0.0    0  7.5 21  10   M    M   1        28  10
12  97  65  81   9   0  16 0.00  0.0    0  7.4 20  40   M    M   1        26  40
13 103  66  85  12   0  20 0.00  0.0    0  8.8 22  40   M    M   0        29  40
14 106  60  83  10   0  18 0.00  0.0    0  6.7 22 190   M    M   0        30 180
15 100  66  83  10   0  18 0.00  0.0    0  8.9 20 320   M    M   0 8      31 360
16  98  61  80   7   0  15 0.00  0.0    0  6.8 21 360   M    M   1 8      24 340
17  95  51  73   0   0   8 0.00  0.0    0  6.4 22 300   M    M   0 8      26 300
18  99  63  81   8   0  16 0.00  0.0    0  7.3 16 280   M    M   0        23 310
19 100  58  79   6   0  14 0.00  0.0    0  6.1 21 240   M    M   0 8      28 250
20  94  62  78   4   0  13    T  0.0    0  8.7 38 150   M    M   3 8      48 140
21  81  57  69  -5   0   4 0.10  0.0    0  7.1 17 260   M    M   4 13     24 240
22  90  53  72  -2   0   7 0.00  0.0    0  6.5 20 300   M    M   1        27 300
23  92  51  72  -2   0   7 0.00  0.0    0 10.9 25 250   M    M   0        32 260
24  87  53  70  -4   0   5 0.00  0.0    0  8.0 18  20   M    M   0        21  20
================================================================================
SM 2325 1405         0 310  0.10     0.0 177.6          M       16
================================================================================
AV 96.9 58.5                               7.4 FASTST   M    M   1    MAX(MPH)
                                 MISC ---->  # 38 150               # 48  140
================================================================================
NOTES:
# LAST OF SEVERAL OCCURRENCES

COLUMN 17 PEAK WIND IN M.P.H.

PRELIMINARY LOCAL CLIMATOLOGICAL DATA (WS FORM: F-6) , PAGE 2

                                          STATION:  WINNEMUCCA AIRPORT NV
                                          MONTH:    JULY
                                          YEAR:     2014
                                          LATITUDE:   40 54 N
                                          LONGITUDE: 117 48 W

[TEMPERATURE DATA]      [PRECIPITATION DATA]       SYMBOLS USED IN COLUMN 16

AVERAGE MONTHLY: 77.7   TOTAL FOR MONTH:   0.10    1 = FOG OR MIST
DPTR FM NORMAL:   5.5   DPTR FM NORMAL:   -0.09    2 = FOG REDUCING VISIBILITY
HIGHEST:   106 ON 14    GRTST 24HR  0.10 ON 21-21      TO 1/4 MILE OR LESS
LOWEST:     47 ON  6                               3 = THUNDER
                        SNOW, ICE PELLETS, HAIL    4 = ICE PELLETS
                        TOTAL MONTH:   0.0 INCH    5 = HAIL
                        GRTST 24HR     0.0         6 = FREEZING RAIN OR DRIZZLE
                        GRTST DEPTH:   0           7 = DUSTSTORM OR SANDSTORM:
                                                       VSBY 1/2 MILE OR LESS
                                                   8 = SMOKE OR HAZE
[NO. OF DAYS WITH]      [WEATHER - DAYS WITH]      9 = BLOWING SNOW
                                                   X = TORNADO
MAX 32 OR BELOW:   0    0.01 INCH OR MORE:   1
MAX 90 OR ABOVE:  22    0.10 INCH OR MORE:   1
MIN 32 OR BELOW:   0    0.50 INCH OR MORE:   0
MIN  0 OR BELOW:   0    1.00 INCH OR MORE:   0

[HDD (BASE 65) ]
TOTAL THIS MO.     0    CLEAR  (SCALE 0-3)  22
DPTR FM NORMAL    -6    PTCLDY (SCALE 4-7)   2
TOTAL FM JUL 1     0    CLOUDY (SCALE 8-10)  0
DPTR FM NORMAL    -6

[CDD (BASE 65) ]
TOTAL THIS MO.   310
DPTR FM NORMAL   126    [PRESSURE DATA]
TOTAL FM JAN 1   393    HIGHEST SLP M ON M
DPTR FM NORMAL   119    LOWEST  SLP 29.73 ON  2

[REMARKS]
