000
CXUS55 KRIW 230945
CF6WRL
PRELIMINARY LOCAL CLIMATOLOGICAL DATA (WS FORM: F-6)

                                          STATION:   WORLAND WY
                                          MONTH:     MAY
                                          YEAR:      2016
                                          LATITUDE:   43 58 N
                                          LONGITUDE: 107 57 W

  TEMPERATURE IN F:       :PCPN:    SNOW:  WIND      :SUNSHINE: SKY     :PK WND
================================================================================
1   2   3   4   5  6A  6B    7    8   9   10  11  12  13   14  15   16   17  18
                                     12Z  AVG MX 2MIN
DY MAX MIN AVG DEP HDD CDD  WTR  SNW DPTH SPD SPD DIR MIN PSBL S-S WX    SPD DR
================================================================================

 1  58  34  46  -4  19   0 0.00  0.0    M  5.8 12 170   M    M   3        16 260
 2  68  34  51   0  14   0 0.00  0.0    M  5.5 12 180   M    M   0        15 350
 3  75  37  56   5   9   0 0.00  0.0    M  5.1 14 140   M    M   0        16 140
 4  81  41  61   9   4   0 0.00  0.0    M  5.9 14 150   M    M   0        15 130
 5  83  47  65  13   0   0 0.00  0.0    M  4.8 16 140   M    M   0        19 140
 6  73  47  60   8   5   0 0.00  0.0    M 14.1 31 320   M    M   3 8      40 310
 7  58  49  54   1  11   0 0.15    M    M  6.1 13 340   M    M  10 1      15 330
 8  67  47  57   4   8   0 0.00  0.0    M  8.9 23 140   M    M   4        29 170
 9  67  37  52  -1  13   0 0.13    M    M  8.8 23 340   M    M   4 13     29 310
10  48  35  42 -12  23   0 0.08    M    M 13.0 25 350   M    M   9 1      35 350
11  60  34  47  -7  18   0 0.00  0.0    M  5.4 18 340   M    M   4        27 340
12  73  32  53  -1  12   0 0.00  0.0    M  4.4 14 340   M    M   0        20 150
13  58  39  49  -5  16   0 0.00  0.0    M  9.3 22 330   M    M   6        27 330
14  53  41  47  -8  18   0 0.02    M    M  3.9  9  20   M    M  10        12  50
15  59  40  50  -5  15   0 0.26    M    M  3.9 13 230   M    M   7 18     14 220
16  52  44  48  -8  17   0 0.36    M    M  4.7  8 240   M    M   9 1      11 220
17  65  35  50  -6  15   0 0.00  0.0    0  6.2 16 160   M    M   1        21 160
18  72  41  57   1   8   0 0.00    M    M  5.2 17 150   M    M   1        22 160
19  79  42  61   5   4   0 0.00  0.0    M  6.2 22 320   M    M   2        28 330
20  80  51  66   9   0   1    T    M    M  7.7 18 190   M    M   1        23 170
21  85  47  66   9   0   1 0.00  0.0    M 12.5 40 190   M    M   3        50 190
22  71  42  57   0   8   0 0.00  0.0    M 10.1 23 240   M    M   3        32 220
================================================================================
SM 1485  896       237   2  1.00     0.0 157.5          M       80
================================================================================
AV 67.5 40.7                               7.2 FASTST   M    M   4    MAX(MPH)
                                 MISC ---->  # 40 190               # 50  190
================================================================================
NOTES:
# LAST OF SEVERAL OCCURRENCES

COLUMN 17 PEAK WIND IN M.P.H.

PRELIMINARY LOCAL CLIMATOLOGICAL DATA (WS FORM: F-6) , PAGE 2

                                          STATION:  WORLAND WY
                                          MONTH:    MAY
                                          YEAR:     2016
                                          LATITUDE:   43 58 N
                                          LONGITUDE: 107 57 W

[TEMPERATURE DATA]      [PRECIPITATION DATA]       SYMBOLS USED IN COLUMN 16

AVERAGE MONTHLY: 54.1   TOTAL FOR MONTH:   1.00    1 = FOG OR MIST
DPTR FM NORMAL:   0.1   DPTR FM NORMAL:    0.01    2 = FOG REDUCING VISIBILITY
HIGHEST:    85 ON 21    GRTST 24HR  0.62 ON 15-16      TO 1/4 MILE OR LESS
LOWEST:     32 ON 12                               3 = THUNDER
                        SNOW, ICE PELLETS, HAIL    4 = ICE PELLETS
                        TOTAL MONTH:   0.0 INCH    5 = HAIL
                        GRTST 24HR     0.0         6 = FREEZING RAIN OR DRIZZLE
                        GRTST DEPTH:   0           7 = DUSTSTORM OR SANDSTORM:
                                                       VSBY 1/2 MILE OR LESS
                                                   8 = SMOKE OR HAZE
[NO. OF DAYS WITH]      [WEATHER - DAYS WITH]      9 = BLOWING SNOW
                                                   X = TORNADO
MAX 32 OR BELOW:   0    0.01 INCH OR MORE:   6
MAX 90 OR ABOVE:   0    0.10 INCH OR MORE:   4
MIN 32 OR BELOW:   1    0.50 INCH OR MORE:   0
MIN  0 OR BELOW:   0    1.00 INCH OR MORE:   0

[HDD (BASE 65) ]
TOTAL THIS MO.   237    CLEAR  (SCALE 0-3)  12
DPTR FM NORMAL   -10    PTCLDY (SCALE 4-7)   6
TOTAL FM JUL 1  6915    CLOUDY (SCALE 8-10)  4
DPTR FM NORMAL  -799

[CDD (BASE 65) ]
TOTAL THIS MO.     2
DPTR FM NORMAL     2    [PRESSURE DATA]
TOTAL FM JAN 1     2    HIGHEST SLP M ON M
DPTR FM NORMAL     1    LOWEST  SLP 29.51 ON  8

[REMARKS]
