000
CXUS56 KMTR 301000
CF6WVI
PRELIMINARY LOCAL CLIMATOLOGICAL DATA (WS FORM: F-6)

                                          STATION:   WATSONVILLE AIRPORT
                                          MONTH:     APRIL
                                          YEAR:      2016
                                          LATITUDE:   36 55 N
                                          LONGITUDE: 121 47 W

  TEMPERATURE IN F:       :PCPN:    SNOW:  WIND      :SUNSHINE: SKY     :PK WND
================================================================================
1   2   3   4   5  6A  6B    7    8   9   10  11  12  13   14  15   16   17  18
                                     12Z  AVG MX 2MIN
DY MAX MIN AVG DEP HDD CDD  WTR  SNW DPTH SPD SPD DIR MIN PSBL S-S WX    SPD DR
================================================================================

 1  65  47  56   2   9   0 0.00  0.0    0  3.9  9 190   M    M   3        13 180
 2  68  45  57   3   8   0 0.00  0.0    0  3.8 13 190   M    M   4 1      15 190
 3  63  49  56   2   9   0 0.00  0.0    0  3.9 13 100   M    M   5 1      16 200
 4  71  45  58   4   7   0 0.00  0.0    0  3.4 13 150   M    M   0        15 150
 5  79  44  62   8   3   0 0.00  0.0    0  3.4  9 250   M    M   0        11 200
 6  92  51  72  18   0   7 0.00  0.0    0  4.2 12 190   M    M   0        14 200
 7  64  55  60   6   5   0 0.00  0.0    0  7.6 17 240   M    M   4        25 270
 8  65  54  60   5   5   0 0.21  0.0    0  3.8 14 210   M    M   9 1      17 210
 9  64  56  60   5   5   0 0.06  0.0    0  3.0 10 240   M    M  10 1      13 230
10  57  52  55   0  10   0 0.23  0.0    0  3.4  9 210   M    M  10 1      13 190
11  64  52  58   3   7   0 0.00  0.0    0  3.8 13 240   M    M  10        16 240
12  67  50  59   4   6   0 0.00  0.0    0  3.7 13 190   M    M   6        17 210
13  63  46  55   0  10   0 0.00  0.0    0  4.5 15 240   M    M   0        19 230
14  68  46  57   2   8   0 0.06    M    0  4.7 15 250   M    M   4 1      22 300
15  73  42  58   3   7   0 0.00  0.0    0  5.9 18 330   M    M   0        27 330
16  74  45  60   4   5   0 0.00  0.0    0  3.7 13 240   M    M   0        17 240
17  82  47  65   9   0   0 0.00  0.0    0  4.5 16 210   M    M   0        20 220
18  85  45  65   9   0   0 0.00  0.0    0  4.0 13 220   M    M   0        17 230
19  79  47  63   7   2   0 0.00  0.0    0  4.2 12 210   M    M   0        16 210
20  73  44  59   3   6   0 0.00  0.0    0  4.6 12 210   M    M   2        15 220
21  69  57  63   7   2   0 0.00  0.0    0  5.3 16 250   M    M   9        20 240
22  64  48  56   0   9   0 0.07    M    0  8.9 25 190   M    M   8 18     35 190
23  67  45  56   0   9   0 0.00  0.0    0  5.7 13 190   M    M   2        16 210
24  71  46  59   3   6   0 0.00  0.0    0  6.5 22 270   M    M   4        30 270
25  68  41  55  -2  10   0 0.00  0.0    0  5.0 15 250   M    M   0        23 250
26  65  44  55  -2  10   0 0.00  0.0    0  4.1 10  60   M    M   3        15 170
27  64  44  54  -3  11   0    T  0.0    0  5.8 21 250   M    M   4 1      32 280
28  68  44  56  -1   9   0 0.00  0.0    0  5.8 12  40   M    M   1        16  90
29  65  48  57   0   8   0 0.00  0.0    0  3.8 10 160   M    M   6 1      14 150
================================================================================
SM 2017 1379       186   7  0.63     0.0 134.9          M      104
================================================================================
AV 69.6 47.6                               4.7 FASTST   M    M   4    MAX(MPH)
                                 MISC ---->  # 25 190               # 35  190
================================================================================
NOTES:
# LAST OF SEVERAL OCCURRENCES

COLUMN 17 PEAK WIND IN M.P.H.

PRELIMINARY LOCAL CLIMATOLOGICAL DATA (WS FORM: F-6) , PAGE 2

                                          STATION:  WATSONVILLE AIRPORT
                                          MONTH:    APRIL
                                          YEAR:     2016
                                          LATITUDE:   36 55 N
                                          LONGITUDE: 121 47 W

[TEMPERATURE DATA]      [PRECIPITATION DATA]       SYMBOLS USED IN COLUMN 16

AVERAGE MONTHLY: 58.6   TOTAL FOR MONTH:   0.63    1 = FOG OR MIST
DPTR FM NORMAL:   3.1   DPTR FM NORMAL:   -0.51    2 = FOG REDUCING VISIBILITY
HIGHEST:    92 ON  6    GRTST 24HR  0.26 ON  8- 9      TO 1/4 MILE OR LESS
LOWEST:     41 ON 25                               3 = THUNDER
                        SNOW, ICE PELLETS, HAIL    4 = ICE PELLETS
                        TOTAL MONTH:   0.0 INCH    5 = HAIL
                        GRTST 24HR     0.0         6 = FREEZING RAIN OR DRIZZLE
                        GRTST DEPTH:   0           7 = DUSTSTORM OR SANDSTORM:
                                                       VSBY 1/2 MILE OR LESS
                                                   8 = SMOKE OR HAZE
[NO. OF DAYS WITH]      [WEATHER - DAYS WITH]      9 = BLOWING SNOW
                                                   X = TORNADO
MAX 32 OR BELOW:   0    0.01 INCH OR MORE:   5
MAX 90 OR ABOVE:   1    0.10 INCH OR MORE:   2
MIN 32 OR BELOW:   0    0.50 INCH OR MORE:   0
MIN  0 OR BELOW:   0    1.00 INCH OR MORE:   0

[HDD (BASE 65) ]
TOTAL THIS MO.   186    CLEAR  (SCALE 0-3)  14
DPTR FM NORMAL   -97    PTCLDY (SCALE 4-7)  10
TOTAL FM JUL 1  1950    CLOUDY (SCALE 8-10)  5
DPTR FM NORMAL  -678

[CDD (BASE 65) ]
TOTAL THIS MO.     7
DPTR FM NORMAL     7    [PRESSURE DATA]
TOTAL FM JAN 1     7    HIGHEST SLP 30.03 ON 19
DPTR FM NORMAL     6    LOWEST  SLP 29.81 ON 22

[REMARKS]
