000
CXUS56 KMTR 281000
CF6WVI
PRELIMINARY LOCAL CLIMATOLOGICAL DATA (WS FORM: F-6)

                                          STATION:   WATSONVILLE AIRPORT
                                          MONTH:     APRIL
                                          YEAR:      2017
                                          LATITUDE:   36 55 N
                                          LONGITUDE: 121 47 W

  TEMPERATURE IN F:       :PCPN:    SNOW:  WIND      :SUNSHINE: SKY     :PK WND
================================================================================
1   2   3   4   5  6A  6B    7    8   9   10  11  12  13   14  15   16   17  18
                                     12Z  AVG MX 2MIN
DY MAX MIN AVG DEP HDD CDD  WTR  SNW DPTH SPD SPD DIR MIN PSBL S-S WX    SPD DR
================================================================================

 1  71  42  57   3   8   0 0.00  0.0    0  3.9 12 200   M    M   0        15 240
 2  67  48  58   4   7   0    T    M    0  4.1 10 230   M    M   5 1      13 260
 3  70  46  58   4   7   0 0.00  0.0    0  4.4 12 140   M    M   3 12     13 140
 4  67  41  54   0  11   0 0.00  0.0    0  4.0 10 220   M    M   0        13 220
 5  73  47  60   6   5   0 0.00  0.0    0  2.8 13 230   M    M   0 18     16 240
 6  64  49  57   3   8   0 0.36  0.0    0  4.5 23 250   M    M   7 1      30 250
 7  60  49  55   1  10   0 0.93    M    0  9.6 22 180   M    M   8        29 180
 8  58  41  50  -5  15   0 0.12  0.0    0  6.8 23 200   M    M   3 1      30 190
 9  61  37  49  -6  16   0 0.00  0.0    0  4.0 14 250   M    M   0        18 230
10  66  39  53  -2  12   0 0.00  0.0    0  4.6 15 230   M    M   0        18 250
11  64  50  57   2   8   0 0.13  0.0    0  5.9 18 230   M    M   8 1      27 230
12  62  53  58   3   7   0 0.17  0.0    0  6.5 18 210   M    M   9 1      26 220
13  60  42  51  -4  14   0 0.53    M    0  8.0 21 220   M    M   4 1      26 230
14  67  38  53  -2  12   0 0.00  0.0    0  4.1 13 170   M    M   0        16 190
15  71  41  56   1   9   0 0.00  0.0    0  4.0 13  60   M    M   0        16  70
16  59  48  54  -2  11   0 0.45    M    0  2.6 13 230   M    M   8 18     17 260
17  58  53  56   0   9   0 0.23  0.0    0  2.2  9 240   M    M  10 18     10 260
18  64  49  57   1   8   0 0.08    M    0  3.6 13 240   M    M   8 18     16 240
19  67  45  56   0   9   0 0.00  0.0    0  4.9 16 240   M    M   1        21 240
20  72  49  61   5   4   0    T  0.0    0  4.5 13 230   M    M   4 1      16 360
21  73  45  59   3   6   0 0.00  0.0    0  3.7 14 250   M    M   0        18 260
22  69  48  59   3   6   0 0.00  0.0    0  3.8 12 160   M    M   2 1      14 150
23  68  48  58   2   7   0 0.00  0.0    0  4.4 12 210   M    M   2 18     16 180
24  62  47  55  -1  10   0 0.00  0.0    0  3.2 13 240   M    M   6 18     16 280
25  68  45  57   0   8   0 0.00  0.0    0  4.1 12 190   M    M   4 18     21 210
26  64  51  58   1   7   0 0.00  0.0    0  3.1 12 240   M    M   8 18     17 230
27  72  49  61   4   4   0 0.00  0.0    0  4.1 12 180   M    M   2 18     14 180
================================================================================
SM 1777 1240       238   0  3.00     0.0 121.4          M      102
================================================================================
AV 65.8 45.9                               4.5 FASTST   M    M   4    MAX(MPH)
                                 MISC ---->  # 23 250               # 30  250
================================================================================
NOTES:
# LAST OF SEVERAL OCCURRENCES

COLUMN 17 PEAK WIND IN M.P.H.

PRELIMINARY LOCAL CLIMATOLOGICAL DATA (WS FORM: F-6) , PAGE 2

                                          STATION:  WATSONVILLE AIRPORT
                                          MONTH:    APRIL
                                          YEAR:     2017
                                          LATITUDE:   36 55 N
                                          LONGITUDE: 121 47 W

[TEMPERATURE DATA]      [PRECIPITATION DATA]       SYMBOLS USED IN COLUMN 16

AVERAGE MONTHLY: 55.9   TOTAL FOR MONTH:   3.00    1 = FOG OR MIST
DPTR FM NORMAL:   0.6   DPTR FM NORMAL:    1.92    2 = FOG REDUCING VISIBILITY
HIGHEST:    73 ON 21, 5 GRTST 24HR  1.29 ON  6- 7      TO 1/4 MILE OR LESS
LOWEST:     37 ON  9                               3 = THUNDER
                        SNOW, ICE PELLETS, HAIL    4 = ICE PELLETS
                        TOTAL MONTH:   0.0 INCH    5 = HAIL
                        GRTST 24HR     0.0         6 = FREEZING RAIN OR DRIZZLE
                        GRTST DEPTH:   0           7 = DUSTSTORM OR SANDSTORM:
                                                       VSBY 1/2 MILE OR LESS
                                                   8 = SMOKE OR HAZE
[NO. OF DAYS WITH]      [WEATHER - DAYS WITH]      9 = BLOWING SNOW
                                                   X = TORNADO
MAX 32 OR BELOW:   0    0.01 INCH OR MORE:   9
MAX 90 OR ABOVE:   0    0.10 INCH OR MORE:   8
MIN 32 OR BELOW:   0    0.50 INCH OR MORE:   2
MIN  0 OR BELOW:   0    1.00 INCH OR MORE:   0

[HDD (BASE 65) ]
TOTAL THIS MO.   238    CLEAR  (SCALE 0-3)  14
DPTR FM NORMAL   -29    PTCLDY (SCALE 4-7)   9
TOTAL FM JUL 1  2470    CLOUDY (SCALE 8-10)  4
DPTR FM NORMAL  -142

[CDD (BASE 65) ]
TOTAL THIS MO.     0
DPTR FM NORMAL     0    [PRESSURE DATA]
TOTAL FM JAN 1     0    HIGHEST SLP M ON M
DPTR FM NORMAL    -1    LOWEST  SLP 29.70 ON  6

[REMARKS]
