000
CXUS54 KTSA 010840
CF6XNA
PRELIMINARY LOCAL CLIMATOLOGICAL DATA (WS FORM: F-6)

                                          STATION:   HIGHFILL ARKANSAS
                                          MONTH:     AUGUST
                                          YEAR:      2015
                                          LATITUDE:   36 16 N
                                          LONGITUDE:  94 19 W

  TEMPERATURE IN F:       :PCPN:    SNOW:  WIND      :SUNSHINE: SKY     :PK WND
================================================================================
1   2   3   4   5  6A  6B    7    8   9   10  11  12  13   14  15   16   17  18
                                     12Z  AVG MX 2MIN
DY MAX MIN AVG DEP HDD CDD  WTR  SNW DPTH SPD SPD DIR MIN PSBL S-S WX    SPD DR
================================================================================

 1  93  63  78   0   0  13 0.00  0.0    0  2.7 10 270   M    M   1        14 250
 2  92  67  80   2   0  15 0.00  0.0    0  4.1 14 230   M    M   1 1      18 230
 3  93  68  81   3   0  16 0.00  0.0    0  3.3 13 250   M    M   1        17 250
 4  86  68  77  -1   0  12 0.02  0.0    0  4.5 15 270   M    M   4        20 260
 5  89  69  79   1   0  14 0.88  0.0    0  6.1 30 300   M    M   6 13     42 310
 6  91  71  81   3   0  16 0.00  0.0    0  4.7 12 100   M    M   4        14 120
 7  96  77  87   9   0  22 0.00  0.0    0  5.3 16 220   M    M   1        21 210
 8  95  77  86   8   0  21 0.00  0.0    0  6.3 15 140   M    M   1 1      21  60
 9  97  74  86   8   0  21 0.00  0.0    0  7.2 15 220   M    M   0 1      19 260
10  88  73  81   3   0  16    T  0.0    0  5.0 16  60   M    M   2        22  50
11  89  66  78   0   0  13 0.00  0.0    0  8.0 17 350   M    M   1        22  40
12  88  62  75  -3   0  10 0.00  0.0    0  5.9 14 350   M    M   1        18  60
13  87  58  73  -5   0   8 0.00  0.0    0  3.5 10 170   M    M   0        13 160
14  89  62  76  -2   0  11 0.00  0.0    0  3.9 12  70   M    M   0        16 160
15  89  61  75  -3   0  10 0.00  0.0    0  5.4 12 100   M    M   0 1       M  M
16  91  66  79   1   0  14 0.00  0.0    0  4.6 13 180   M    M   1 1      18 180
17  91  68  80   3   0  15 0.00  0.0    0  4.3  9 240   M    M   3 3       M  M
18  89  68  79   2   0  14 0.05  0.0    0  7.5 17  30   M    M   3 3      22 340
19  71  54  63 -14   2   0 2.30  0.0    0  7.8 21 340   M    M   7 13     26 340
20  81  51  66 -11   0   1 0.00  0.0    0  3.9 13 100   M    M   0 1      16 110
21  79  59  69  -8   0   4    T  0.0    0  5.8 15 130   M    M   5        17 140
22  83  67  75  -2   0  10 0.20  0.0    0  8.5 22 170   M    M   4 13     27 180
23  80  64  72  -4   0   7 1.19  0.0    0  6.9 38  10   M    M   2 13     46  20
24  82  59  71  -5   0   6 0.00  0.0    0  5.2 12  60   M    M   1        14  20
25  86  52  69  -7   0   4 0.00  0.0    0  1.9  8 350   M    M   0         9 360
26  87  58  73  -3   0   8 0.00  0.0    0  0.8  7 350   M    M   0         9 350
27  82  61  72  -4   0   7 0.00  0.0    0  5.1 12 190   M    M   0        14 310
28  83  61  72  -3   0   7 0.00  0.0    0  7.1 16 140   M    M   1        20 170
29  87  69  78   3   0  13 0.41  0.0    0  7.5 15 210   M    M   5 13     20 200
30  87  70  79   4   0  14 0.00  0.0    0  5.8 15 160   M    M   3 13     18 160
31  88  69  79   5   0  14 0.00  0.0    0  6.2 15 210   M    M   0        19 200
================================================================================
SM 2709 2012         2 356  5.05     0.0 164.8          M       58
================================================================================
AV 87.4 64.9                               5.3 FASTST   M    M   2    MAX(MPH)
                                 MISC ---->  # 38  10               # 46   20
================================================================================
NOTES:
# LAST OF SEVERAL OCCURRENCES

COLUMN 17 PEAK WIND IN M.P.H.

PRELIMINARY LOCAL CLIMATOLOGICAL DATA (WS FORM: F-6) , PAGE 2

                                          STATION:  HIGHFILL ARKANSAS
                                          MONTH:    AUGUST
                                          YEAR:     2015
                                          LATITUDE:   36 16 N
                                          LONGITUDE:  94 19 W

[TEMPERATURE DATA]      [PRECIPITATION DATA]       SYMBOLS USED IN COLUMN 16

AVERAGE MONTHLY: 76.1   TOTAL FOR MONTH:   5.05    1 = FOG OR MIST
DPTR FM NORMAL:  -0.9   DPTR FM NORMAL:    1.60    2 = FOG REDUCING VISIBILITY
HIGHEST:    97 ON  9    GRTST 24HR  2.35 ON 18-19      TO 1/4 MILE OR LESS
LOWEST:     51 ON 20                               3 = THUNDER
                        SNOW, ICE PELLETS, HAIL    4 = ICE PELLETS
                        TOTAL MONTH:   0.0 INCH    5 = HAIL
                        GRTST 24HR     0.0         6 = FREEZING RAIN OR DRIZZLE
                        GRTST DEPTH:   0           7 = DUSTSTORM OR SANDSTORM:
                                                       VSBY 1/2 MILE OR LESS
                                                   8 = SMOKE OR HAZE
[NO. OF DAYS WITH]      [WEATHER - DAYS WITH]      9 = BLOWING SNOW
                                                   X = TORNADO
MAX 32 OR BELOW:   0    0.01 INCH OR MORE:   7
MAX 90 OR ABOVE:   9    0.10 INCH OR MORE:   5
MIN 32 OR BELOW:   0    0.50 INCH OR MORE:   3
MIN  0 OR BELOW:   0    1.00 INCH OR MORE:   2

[HDD (BASE 65) ]
TOTAL THIS MO.     2    CLEAR  (SCALE 0-3)  23
DPTR FM NORMAL     1    PTCLDY (SCALE 4-7)   8
TOTAL FM JUL 1     2    CLOUDY (SCALE 8-10)  0
DPTR FM NORMAL     1

[CDD (BASE 65) ]
TOTAL THIS MO.   356
DPTR FM NORMAL   -17    [PRESSURE DATA]
TOTAL FM JAN 1  1337    HIGHEST SLP M ON M
DPTR FM NORMAL   255    LOWEST  SLP 29.68 ON 18

[REMARKS]
#FINAL-08-15#
