000
CXUS56 KPDT 311032
CF6YKM
PRELIMINARY LOCAL CLIMATOLOGICAL DATA (WS FORM: F-6)

                                          STATION:   YAKIMA WA
                                          MONTH:     JULY
                                          YEAR:      2014
                                          LATITUDE:   46 34 N
                                          LONGITUDE: 120 32 W

  TEMPERATURE IN F:       :PCPN:    SNOW:  WIND      :SUNSHINE: SKY     :PK WND
================================================================================
1   2   3   4   5  6A  6B    7    8   9   10  11  12  13   14  15   16   17  18
                                     12Z  AVG MX 2MIN
DY MAX MIN AVG DEP HDD CDD  WTR  SNW DPTH SPD SPD DIR MIN PSBL S-S WX    SPD DR
================================================================================

 1  94  50  72   5   0   7 0.00  0.0    0  6.5 12 280   M    M   0        17  50
 2  94  59  77   9   0  12 0.00  0.0    0  6.5 17 330   M    M   2 3      22 320
 3  91  65  78  10   0  13 0.00  0.0    0 10.4 24 320   M    M   0        30 320
 4  88  57  73   5   0   8 0.00  0.0    0  5.0 14 330   M    M   0        19 330
 5  92  66  79  11   0  14 0.00  0.0    0  4.2 14 360   M    M   2        17 340
 6  97  60  79  10   0  14 0.00  0.0    0  7.1 20  20   M    M   1        23  30
 7  96  65  81  12   0  16 0.00  0.0    0  5.5 15 330   M    M   1        20 320
 8 101  70  86  17   0  21 0.00  0.0    0  5.2 13 330   M    M   0        17 310
 9 100  74  87  17   0  22 0.00  0.0    0 10.2 20 340   M    M   0        28 360
10  98  62  80  10   0  15 0.00  0.0    0  5.6 16 360   M    M   0 8      19  10
11  98  61  80  10   0  15 0.00  0.0    0  6.1 13 320   M    M   0        17 320
12 102  60  81  11   0  16 0.00  0.0    0  5.8 14 270   M    M   0        15 270
13  99  64  82  12   0  17    T  0.0    0  8.3 24 360   M    M   0        34 230
14 104  64  84  13   0  19 0.00  0.0    0  7.7 18 320   M    M   1 8      24 320
15 103  65  84  13   0  19 0.00  0.0    0  5.4 13 310   M    M   0        17 310
16 107  62  85  14   0  20 0.00  0.0    0  7.0 18 330   M    M   0        25 320
17  99  64  82  11   0  17 0.00  0.0    0 11.5 29 310   M    M   0        35 320
18  95  69  82  11   0  17 0.00  0.0    0 13.9 31 330   M    M   0        38 320
19  94  62  78   6   0  13 0.00  0.0    0 10.6 29 280   M    M   1        42 280
20  84  63  74   2   0   9 0.00  0.0    0  7.8 25 310   M    M   1        31 310
21  83  48  66  -6   0   1 0.00  0.0    0  4.8 22 340   M    M   0        27 340
22  82  62  72   0   0   7 0.03  0.0    0  4.8 12 260   M    M   6        15 250
23  76  50  63  -9   2   0 0.03  0.0    0  7.7 24 220   M    M   5 3      33 220
24  79  45  62 -10   3   0 0.00  0.0    0  7.9 23 200   M    M   2        26 200
25  85  44  65  -7   0   0 0.00  0.0    0  4.6 13 320   M    M   1        17 300
26  92  52  72   0   0   7 0.00  0.0    0  6.1 13 310   M    M   0        16 150
27  96  56  76   4   0  11 0.00  0.0    0  6.0 13 310   M    M   0        14 320
28 104  61  83  11   0  18 0.00  0.0    0  6.1 16 310   M    M   0 8      21 300
29 105  63  84  12   0  19 0.00  0.0    0  5.9 14 330   M    M   0        18 330
30 104  71  88  16   0  23 0.00  0.0    0  6.0 14 340   M    M   0        23 230
================================================================================
SM 2842 1814         5 390  0.06     0.0 210.2          M       23
================================================================================
AV 94.7 60.5                               7.0 FASTST   M    M   1    MAX(MPH)
                                 MISC ---->  # 31 330               # 42  280
================================================================================
NOTES:
# LAST OF SEVERAL OCCURRENCES

COLUMN 17 PEAK WIND IN M.P.H.

PRELIMINARY LOCAL CLIMATOLOGICAL DATA (WS FORM: F-6) , PAGE 2

                                          STATION:  YAKIMA WA
                                          MONTH:    JULY
                                          YEAR:     2014
                                          LATITUDE:   46 34 N
                                          LONGITUDE: 120 32 W

[TEMPERATURE DATA]      [PRECIPITATION DATA]       SYMBOLS USED IN COLUMN 16

AVERAGE MONTHLY: 77.6   TOTAL FOR MONTH:   0.06    1 = FOG OR MIST
DPTR FM NORMAL:   7.1   DPTR FM NORMAL:   -0.15    2 = FOG REDUCING VISIBILITY
HIGHEST:   107 ON 16    GRTST 24HR  0.03 ON 23-23      TO 1/4 MILE OR LESS
LOWEST:     44 ON 25                               3 = THUNDER
                        SNOW, ICE PELLETS, HAIL    4 = ICE PELLETS
                        TOTAL MONTH:   0.0 INCH    5 = HAIL
                        GRTST 24HR     0.0         6 = FREEZING RAIN OR DRIZZLE
                        GRTST DEPTH:   0           7 = DUSTSTORM OR SANDSTORM:
                                                       VSBY 1/2 MILE OR LESS
                                                   8 = SMOKE OR HAZE
[NO. OF DAYS WITH]      [WEATHER - DAYS WITH]      9 = BLOWING SNOW
                                                   X = TORNADO
MAX 32 OR BELOW:   0    0.01 INCH OR MORE:   2
MAX 90 OR ABOVE:  23    0.10 INCH OR MORE:   0
MIN 32 OR BELOW:   0    0.50 INCH OR MORE:   0
MIN  0 OR BELOW:   0    1.00 INCH OR MORE:   0

[HDD (BASE 65) ]
TOTAL THIS MO.     5    CLEAR  (SCALE 0-3)  28
DPTR FM NORMAL   -14    PTCLDY (SCALE 4-7)   2
TOTAL FM JUL 1     5    CLOUDY (SCALE 8-10)  0
DPTR FM NORMAL   -14

[CDD (BASE 65) ]
TOTAL THIS MO.   390
DPTR FM NORMAL   207    [PRESSURE DATA]
TOTAL FM JAN 1   515    HIGHEST SLP 30.08 ON  7
DPTR FM NORMAL   247    LOWEST  SLP 29.70 ON  9

[REMARKS]
