667
CXUS55 KVEF 052345 CCA
CLABIH

CLIMATE REPORT
NATIONAL WEATHER SERVICE LAS VEGAS, NV
345 PM PST TUE JAN 5 2016

...................................

...THE BISHOP CA CLIMATE SUMMARY FOR THE YEAR OF 2015...

CLIMATE NORMAL PERIOD 1981 TO 2010
CLIMATE RECORD PERIOD 1943 TO 2015

WEATHER         OBSERVED          NORMAL  DEPART  LAST YEAR`S
                 VALUE   DATE(S)  VALUE   FROM    VALUE  DATE(S)
                                          NORMAL
................................................................
TEMPERATURE (F)
RECORD
 HIGH             110   07/10/2002
 LOW               -8   12/22/1990
                        12/27/1988
HIGHEST           108   06/20        74      34      107  07/13
LOWEST              5   12/27        38     -33        6  12/29
AVG. MAXIMUM     77.7              75.0     2.7     78.6
AVG. MINIMUM     40.4              38.1     2.3     40.4
MEAN             59.1              56.6     2.5     59.5
DAYS MAX >= 90    112              99.9    12.1      120
DAYS MAX <= 32      0               0.4    -0.4        0
DAYS MIN <= 32    119             133.7   -14.7      114
DAYS MIN <= 0       0               0.2    -0.2        0

PRECIPITATION (INCHES)
RECORD
 MAXIMUM        17.09   1969
 MINIMUM         0.80   1947
TOTALS           3.37              5.17   -1.80     3.08
DAILY AVG.          T              0.01   -0.01        T
DAYS >= .01        29              27.6     1.4       17
DAYS >= .10        10              12.3    -2.3        6
DAYS >= .50         2               2.7    -0.7        2
DAYS >= 1.00        0               0.6    -0.6        0
GREATEST
 24 HR. TOTAL    0.72   05/07 TO 05/08           12/31 TO 12/31
                                                          12/31 TO 12/31
                                                          12/31 TO 12/31
 STORM TOTAL     0.74                                 MM
 (MM/DD(HH))  05/07(12) TO 05/08(21)          12/31(00) TO 12/31(00)
                                                 12/31(00) TO 12/31(00)1
                                                 12/31(00) TO 12/31(00)1

SNOWFALL (INCHES)
RECORDS
 TOTAL           57.1   1969
 24 HR TOTAL     18.0   01/24/1969 TO 01/25/1969
 SNOW DEPTH        22   01/25/1969
TOTALS              T               8.0    -8.0      0.1
 LIQUID EQUIV       T                MM      MM     0.01
SINCE 7/1           T               1.5    -1.5      0.0
 LIQUID 7/1        MM              0.20      MM     0.00
SNOWDEPTH AVG.      0                MM      MM        0
DAYS >= TRACE       3               3.0     0.0        3
DAYS >= 1.0         0               1.9    -1.9        0
GREATEST
 SNOW DEPTH         0   05/08                         -1  04/01
 24 HR TOTAL        T   12/28 TO 12/28           12/31 TO 12/31
                        05/08 TO 05/08                    12/31 TO 12/31
                        03/01 TO 03/01                    12/31 TO 12/31
 STORM TOTAL        T                                0.1
 (MM/DD(HH))  12/28(13) TO 12/28(15)          12/31(00) TO 12/31(00)
              05/08(02) TO 05/08(02)             12/31(00) TO 12/31(00)1
              03/01(05) TO 03/01(05)             12/31(00) TO 12/31(00)1

DEGREE_DAYS
HEATING TOTAL    3431              4178    -747     3286
 SINCE 7/1         MM              1747      MM       MM
COOLING TOTAL    1376              1104     272     1384
 SINCE 1/1       1376              1104     272     1384

FREEZE DATES
RECORD
 EARLIEST     09/20/1986
 LATEST       06/07/1988
EARLIEST                        10/15
LATEST                          05/03
..................................................

WIND (MPH)
AVERAGE WIND SPEED              8.0
RESULTANT WIND SPEED/DIRECTION   2/331
HIGHEST WIND SPEED/DIRECTION    43/150    DATE  07/01
HIGHEST GUST SPEED/DIRECTION    61/110    DATE  04/19

SKY COVER
POSSIBLE SUNSHINE (PERCENT)   MM
AVERAGE SKY COVER           0.10
NUMBER OF DAYS FAIR          318
NUMBER OF DAYS PC             37
NUMBER OF DAYS CLOUDY         10

AVERAGE RH (PERCENT)     36

WEATHER CONDITIONS. NUMBER OF DAYS WITH
THUNDERSTORM             26     MIXED PRECIP               0
HEAVY RAIN                7     RAIN                      11
LIGHT RAIN               62     FREEZING RAIN              0
LT FREEZING RAIN          0     HAIL                       0
HEAVY SNOW                0     SNOW                       0
LIGHT SNOW                3     SLEET                      0
FOG                      13     FOG W/VIS <= 1/4 MILE      0
HAZE                     33

-  INDICATES NEGATIVE NUMBERS.
R  INDICATES RECORD WAS SET OR TIED.
MM INDICATES DATA IS MISSING.
T  INDICATES TRACE AMOUNT.

&&

THIS WAS THE SECOND WARMEST YEAR ON RECORD FOR BISHOP WITH AN
AVERAGE TEMPERATURE OF 59.1 DEGREES. THE WARMEST YEAR EVER WAS 59.5
DEGREES IN 2014.

$$
