000
CXUS55 KCYS 172305 RRB
CLACDR

CLIMATE REPORT
NATIONAL WEATHER SERVICE CHEYENNE WY
403 PM MST SAT JAN 17 2015

...................................

...THE CHADRON NE AIRPORT CLIMATE SUMMARY FOR THE YEAR OF 2014...

CLIMATE NORMAL PERIOD 1981 TO 2010
CLIMATE RECORD PERIOD 1895 TO 2015

WEATHER         OBSERVED          NORMAL  DEPART  LAST YEAR`S
                 VALUE   DATE(S)  VALUE   FROM    VALUE
                                          NORMAL
.............................................................
TEMPERATURE (F)
RECORD
 HIGH             114   08/27/1894
                        08/26/1894
 LOW              -44   02/07/1895
HIGHEST           108   07/24        MM      MM      102
LOWEST            -21   12/30        MM      MM      -23
AVG. MAXIMUM     61.5              62.7    -1.2     61.3
AVG. MINIMUM     32.7              32.0     0.7     33.4
MEAN             47.1              47.4    -0.3     47.4
DAYS MAX >= 90     41              43.1               51
DAYS MAX <= 32     42              33.0               43
DAYS MIN <= 32    181             183.6              188
DAYS MIN <= 0      26              20.8               17

PRECIPITATION (INCHES)
RECORD
 MAXIMUM        20.51   2009
 MINIMUM         6.38   2002
TOTALS          20.38             18.05    2.33    19.76
DAYS >= .01       100              79.2              103
DAYS >= .10        49              43.0               47
DAYS >= .50        10              10.5                9
DAYS >= 1.00        3               2.7                3
GREATEST
 24 HR. TOTAL    2.93   09/29 TO 09/30

DEGREE_DAYS
HEATING TOTAL    7020              7146    -126     7225
 SINCE 7/1       2790              2942    -152     3063
COOLING TOTAL     647               712     -65      917
 SINCE 1/1        647               712     -65      917
..............................................................

WIND (MPH)
AVERAGE WIND SPEED              8.8
HIGHEST WIND SPEED/DIRECTION    56/300    DATE  07/22
HIGHEST GUST SPEED/DIRECTION    73/300    DATE  07/22

SKY COVER
POSSIBLE SUNSHINE (PERCENT)   MM
AVERAGE SKY COVER           0.30
NUMBER OF DAYS FAIR          226
NUMBER OF DAYS PC            101
NUMBER OF DAYS CLOUDY         34

AVERAGE RH (PERCENT)     64

WEATHER CONDITIONS. NUMBER OF DAYS WITH
THUNDERSTORM              0     MIXED PRECIP               0
HEAVY RAIN               21     RAIN                      27
LIGHT RAIN               96     FREEZING RAIN              0
LT FREEZING RAIN          0     HAIL                       0
HEAVY SNOW                2     SNOW                      23
LIGHT SNOW               63     SLEET                      0
FOG                     116     FOG W/VIS <= 1/4 MILE     16
HAZE                     71

-  INDICATES NEGATIVE NUMBERS.
R  INDICATES RECORD WAS SET OR TIED.
MM INDICATES DATA IS MISSING.
T  INDICATES TRACE AMOUNT.

$$
