000
CXUS53 KMKX 021323
CLAMSN

CLIMATE REPORT
NATIONAL WEATHER SERVICE IN MILWAUKEE
715 AM CST FRI JAN 2 2015

...................................

...THE MADISON WI CLIMATE SUMMARY FOR THE YEAR OF 2014...

CLIMATE NORMAL PERIOD 1981 TO 2010
CLIMATE RECORD PERIOD 1871 TO 2015

WEATHER         OBSERVED          NORMAL  DEPART  LAST YEAR`S
                 VALUE   DATE(S)  VALUE   FROM    VALUE  DATE(S)
                                          NORMAL
................................................................
TEMPERATURE (F)
RECORD
 HIGH             107   07/14/1936
 LOW              -37   01/30/1951
HIGHEST            93   07/22        94      -1       94  09/10
LOWEST            -18   01/06       -17      -1      -14  12/30
AVG. MAXIMUM     54.2              56.0    -1.8     55.2
AVG. MINIMUM     35.0              36.9    -1.9     36.2
MEAN             44.7              46.5    -1.8     45.7
DAYS MAX >= 90      2               5.9    -3.9       11
DAYS MAX <= 32     82              61.3    20.7       72
DAYS MIN <= 32    150             148.5     1.5      152
DAYS MIN <= 0      33              15.3    17.7       18

PRECIPITATION (INCHES)
RECORD
 MAXIMUM        52.91   1881
 MINIMUM        13.63   1895
TOTALS          35.31             34.48    0.83    45.38
DAILY AVG.       0.10              0.09    0.01     0.12
DAYS >= .01       127             124.8     2.2      135
DAYS >= .10        62              68.0    -6.0       73
DAYS >= .50        22              20.8     1.2       33
DAYS >= 1.00       10               7.4     2.6       12
GREATEST
 24 HR. TOTAL    2.68   06/01 TO 06/02              3.28 6/25 TO 6/26

SNOWFALL (INCHES)
RECORDS
 TOTAL          111.1   2008
TOTALS           42.2              50.9    -8.7     72.7
SINCE 7/1         8.6              17.6    -9.0     25.6
SNOWDEPTH AVG.      1                MM      MM        2
DAYS >= 1.0        15              14.7     0.3       20
GREATEST
 SNOW DEPTH        11   03/05                         11  03/08
                        02/18                             03/06
                                                          03/07
 24 HR TOTAL      5.3   11/24                        6.4  3/5

DEGREE_DAYS
HEATING TOTAL    7884              7332     552     7627
 SINCE 7/1         MM              2879      MM       MM
COOLING TOTAL     620               568      52      709
 SINCE 1/1        620               568      52      709

FREEZE DATES
RECORD
 EARLIEST     09/12/1955
 LATEST       05/31/1966
EARLIEST                        10/01
LATEST                          05/10
.................................................................

WIND (MPH)
AVERAGE WIND SPEED              7.5
RESULTANT WIND SPEED/DIRECTION   1/214
HIGHEST WIND SPEED/DIRECTION    44/040    DATE  08/01
HIGHEST GUST SPEED/DIRECTION    52/030    DATE  08/01

SKY COVER
POSSIBLE SUNSHINE (PERCENT)   MM
AVERAGE SKY COVER           0.60
NUMBER OF DAYS FAIR           72
NUMBER OF DAYS PC            190
NUMBER OF DAYS CLOUDY        103

AVERAGE RH (PERCENT)     69

WEATHER CONDITIONS. NUMBER OF DAYS WITH
THUNDERSTORM             43     MIXED PRECIP               1
HEAVY RAIN               20     RAIN                      38
LIGHT RAIN              117     FREEZING RAIN              1
LT FREEZING RAIN          6     HAIL                       1
HEAVY SNOW                2     SNOW                      12
LIGHT SNOW               75     SLEET                      5
FOG                     189     FOG W/VIS <= 1/4 MILE     25
HAZE                     86

-  INDICATES NEGATIVE NUMBERS.
R  INDICATES RECORD WAS SET OR TIED.
MM INDICATES DATA IS MISSING.
T  INDICATES TRACE AMOUNT.

$$
