000
CXUS52 KCHS 041221 CCA
CLASAV

CLIMATE REPORT...CORRECTED
NATIONAL WEATHER SERVICE CHARLESTON SC
1105 AM EST FRI JAN 1 2016

...................................

...THE SAVANNAH GA CLIMATE SUMMARY FOR THE YEAR OF 2015...

CLIMATE NORMAL PERIOD 1981 TO 2010
CLIMATE RECORD PERIOD 1871 TO 2015

WEATHER         OBSERVED          NORMAL  DEPART  LAST YEAR`S
                 VALUE   DATE(S)  VALUE   FROM    VALUE  DATE(S)
                                          NORMAL
................................................................
TEMPERATURE (F)
RECORD
 HIGH             105   07/20/1986
                        07/12/1879
 LOW                3   01/21/1985
HIGHEST            99   07/11                        100  08/23
                        06/17                             08/22
                        06/16
LOWEST             20   01/08                         19  01/07
AVG. MAXIMUM     78.6              77.4     1.2     78.1
AVG. MINIMUM     58.8              56.1     2.7     56.8
MEAN             68.7              66.8     1.9     67.4
DAYS MAX >= 90     79              70.0     9.0       97
DAYS MAX <= 32      0               0.1    -0.1        1
DAYS MIN <= 32     15              22.3    -7.3       19
DAYS MIN <= 0       0               0.0     0.0        0

PRECIPITATION (INCHES)
RECORD
 MAXIMUM        73.94   1885
 MINIMUM        22.00   1931
TOTALS          47.60             47.96   -0.36    50.56
DAILY AVG.       0.13              0.13    0.00     0.14
DAYS >= .01       126             108.2    17.8      113
DAYS >= .10        76              70.3     5.7       81
DAYS >= .50        35              31.3     3.7       26
DAYS >= 1.00       13              14.0    -1.0       14
GREATEST
 24 HR. TOTAL    2.94   04/25

SNOWFALL (INCHES)
TOTALS            0.0               0.3    -0.3      0.0
SINCE 7/1         0.0               0.2    -0.2      0.0
DAYS >= TRACE       0               0.3    -0.3        0
DAYS >= 1.0         0               0.0     0.0        0

DEGREE_DAYS
HEATING TOTAL    1366              1811    -445     1732
 SINCE 7/1        249               690    -441      576
COOLING TOTAL    2851              2458     393     2732
 SINCE 1/1       2851              2458     393     2732

..................................................

WIND (MPH)
AVERAGE WIND SPEED              6.8
HIGHEST WIND SPEED/DIRECTION    51/280    DATE  04/25
HIGHEST GUST SPEED/DIRECTION    81/280    DATE  04/25


WEATHER CONDITIONS. NUMBER OF DAYS WITH
THUNDERSTORM             57     MIXED PRECIP               0
HEAVY RAIN               55     RAIN                      64
LIGHT RAIN              149     FREEZING RAIN              0
LT FREEZING RAIN          0     HAIL                       1
HEAVY SNOW                0     SNOW                       0
LIGHT SNOW                0     SLEET                      0
FOG                     188     FOG W/VIS <= 1/4 MILE     34
HAZE                     26

-  INDICATES NEGATIVE NUMBERS.
R  INDICATES RECORD WAS SET OR TIED.
MM INDICATES DATA IS MISSING.
T  INDICATES TRACE AMOUNT.

$$
