000
CDUS41 KBTV 020618
CLI1V4


CLIMATE REPORT
NATIONAL WEATHER SERVICE BURLINGTON VT
116 AM EST MON MAR 2 2015


...................................

...THE ST. JOHNSBURY VT CLIMATE SUMMARY FOR MARCH 1 2015...

CLIMATE NORMAL PERIOD 1981 TO 2010
CLIMATE RECORD PERIOD 1894 TO 2015


WEATHER ITEM   OBSERVED TIME   RECORD YEAR NORMAL DEPARTURE LAST
                VALUE   (LST)  VALUE       VALUE  FROM      YEAR
                                                  NORMAL
..................................................................
TEMPERATURE (F)
 YESTERDAY
  MAXIMUM         28        MM  58    1954  35     -7       27
  MINIMUM        -10        MM -21    1897  12    -22       -9
  AVERAGE          9                        24    -15        9

PRECIPITATION (IN)
  YESTERDAY        0.03          1.56 1900   0.08  -0.05     0.00
  MONTH TO DATE    0.03                      0.08  -0.05     0.00
  SINCE MAR 1      0.03                      0.08  -0.05     0.00
  SINCE JAN 1      4.59                      4.76  -0.17     5.13

DEGREE DAYS
 HEATING
  YESTERDAY       56                        41     15       56
  MONTH TO DATE   56                        41     15       56
  SINCE MAR 1     56                        41     15       56
  SINCE JUL 1   6121                      5765    356     6088

 COOLING
  YESTERDAY        0                         0      0        0
  MONTH TO DATE    0                         0      0        0
  SINCE MAR 1      0                         0      0        0
  SINCE JAN 1      0                         0      0        0
..................................................................


WIND (MPH)
  HIGHEST WIND SPEED    MM   HIGHEST WIND DIRECTION    MM
  HIGHEST GUST SPEED    MM   HIGHEST GUST DIRECTION    MM
  AVERAGE WIND SPEED    MM


SKY COVER
  AVERAGE SKY COVER 0.0


WEATHER CONDITIONS
 THE FOLLOWING WEATHER WAS RECORDED YESTERDAY.
  NO SIGNIFICANT WEATHER WAS OBSERVED.


RELATIVE HUMIDITY (PERCENT)
 HIGHEST    88           900 PM
 LOWEST     40           100 PM
 AVERAGE    64

..........................................................


THE ST. JOHNSBURY VT CLIMATE NORMALS FOR TODAY
                         NORMAL    RECORD    YEAR
 MAXIMUM TEMPERATURE (F)   36        54      1990
 MINIMUM TEMPERATURE (F)   13       -22      1920


SUNRISE AND SUNSET
MARCH  2 2015.........SUNRISE   624 AM EST   SUNSET   537 PM EST
MARCH  3 2015.........SUNRISE   622 AM EST   SUNSET   538 PM EST


-  INDICATES NEGATIVE NUMBERS.
R  INDICATES RECORD WAS SET OR TIED.
MM INDICATES DATA IS MISSING.
T  INDICATES TRACE AMOUNT.




$$
