000
CDUS41 KBTV 200534
CLI1V4


CLIMATE REPORT
NATIONAL WEATHER SERVICE BURLINGTON VT
132 AM EDT FRI OCT 20 2017


...................................

...THE ST. JOHNSBURY VT CLIMATE SUMMARY FOR OCTOBER 19 2017...

CLIMATE NORMAL PERIOD 1981 TO 2010
CLIMATE RECORD PERIOD 1894 TO 2017


WEATHER ITEM   OBSERVED TIME   RECORD YEAR NORMAL DEPARTURE LAST
                VALUE   (LST)  VALUE       VALUE  FROM      YEAR
                                                  NORMAL
..................................................................
TEMPERATURE (F)
 YESTERDAY
  MAXIMUM         73        MM  79    1968  57     16       68
  MINIMUM         34        MM  17    1972  35     -1       43
  AVERAGE         54                        46      8       56

PRECIPITATION (IN)
  YESTERDAY        0.00          1.20 1957   0.12  -0.12     0.02
  MONTH TO DATE    1.55                      2.42  -0.87     0.15
  SINCE SEP 1      4.76                      5.81  -1.05     1.64
  SINCE JAN 1     34.30                     31.57   2.73    29.58

DEGREE DAYS
 HEATING
  YESTERDAY       11                        19     -8        9
  MONTH TO DATE  194                       297   -103      215
  SINCE SEP 1    324                       481   -157      361
  SINCE JUL 1    415                       531   -116      388

 COOLING
  YESTERDAY        0                         0      0        0
  MONTH TO DATE    1                         0      1        0
  SINCE SEP 1     68                        34     34       49
  SINCE JAN 1    330                       432   -102      457
..................................................................


WIND (MPH)
  HIGHEST WIND SPEED    MM   HIGHEST WIND DIRECTION    MM
  HIGHEST GUST SPEED    MM   HIGHEST GUST DIRECTION    MM
  AVERAGE WIND SPEED    MM


SKY COVER
  AVERAGE SKY COVER 0.0


WEATHER CONDITIONS
 THE FOLLOWING WEATHER WAS RECORDED YESTERDAY.
  NO SIGNIFICANT WEATHER WAS OBSERVED.


RELATIVE HUMIDITY (PERCENT)
 HIGHEST   100          1200 AM
 LOWEST     24           300 PM
 AVERAGE    62

..........................................................


THE ST. JOHNSBURY VT CLIMATE NORMALS FOR TODAY
                         NORMAL    RECORD    YEAR
 MAXIMUM TEMPERATURE (F)   56        77      1965
 MINIMUM TEMPERATURE (F)   35        13      1972


SUNRISE AND SUNSET
OCTOBER 20 2017.......SUNRISE   710 AM EDT   SUNSET   555 PM EDT
OCTOBER 21 2017.......SUNRISE   711 AM EDT   SUNSET   554 PM EDT


-  INDICATES NEGATIVE NUMBERS.
R  INDICATES RECORD WAS SET OR TIED.
MM INDICATES DATA IS MISSING.
T  INDICATES TRACE AMOUNT.




$$
