984
CDUS41 KBTV 070553
CLI1V4


CLIMATE REPORT
NATIONAL WEATHER SERVICE BURLINGTON VT
1250 AM EST WED DEC 7 2016


...................................

...THE ST. JOHNSBURY VT CLIMATE SUMMARY FOR DECEMBER 6 2016...

CLIMATE NORMAL PERIOD 1981 TO 2010
CLIMATE RECORD PERIOD 1894 TO 2016


WEATHER ITEM   OBSERVED TIME   RECORD YEAR NORMAL DEPARTURE LAST
                VALUE   (LST)  VALUE       VALUE  FROM      YEAR
                                                  NORMAL
..................................................................
TEMPERATURE (F)
 YESTERDAY
  MAXIMUM         34        MM  61    2001  35     -1       32
                                      1982
  MINIMUM         26        MM -20    1901  19      7       28
  AVERAGE         30                        27      3       30

PRECIPITATION (IN)
  YESTERDAY        0.00          1.30 1938   0.11  -0.11     0.00
  MONTH TO DATE    0.77                      0.65   0.12     1.31
  SINCE DEC 1      0.77                      0.65   0.12     1.31
  SINCE JAN 1     36.87                     37.07  -0.20    38.74

DEGREE DAYS
 HEATING
  YESTERDAY       35                        38     -3       35
  MONTH TO DATE  187                       222    -35      185
  SINCE DEC 1    187                       222    -35      185
  SINCE JUL 1   1647                      1878   -231     1662

 COOLING
  YESTERDAY        0                         0      0        0
  MONTH TO DATE    0                         0      0        0
  SINCE DEC 1      0                         0      0        0
  SINCE JAN 1    457                       433     24      440
..................................................................


WIND (MPH)
  HIGHEST WIND SPEED    MM   HIGHEST WIND DIRECTION    MM
  HIGHEST GUST SPEED    MM   HIGHEST GUST DIRECTION    MM
  AVERAGE WIND SPEED    MM


SKY COVER
  AVERAGE SKY COVER 0.0


WEATHER CONDITIONS
 THE FOLLOWING WEATHER WAS RECORDED YESTERDAY.
  NO SIGNIFICANT WEATHER WAS OBSERVED.


RELATIVE HUMIDITY (PERCENT)
 HIGHEST    92          1100 PM
 LOWEST     64          1100 AM
 AVERAGE    78

..........................................................


THE ST. JOHNSBURY VT CLIMATE NORMALS FOR TODAY
                         NORMAL    RECORD    YEAR
 MAXIMUM TEMPERATURE (F)   34        67      1998
 MINIMUM TEMPERATURE (F)   19       -17      1901


SUNRISE AND SUNSET
DECEMBER  7 2016......SUNRISE   711 AM EST   SUNSET   409 PM EST
DECEMBER  8 2016......SUNRISE   712 AM EST   SUNSET   408 PM EST


-  INDICATES NEGATIVE NUMBERS.
R  INDICATES RECORD WAS SET OR TIED.
MM INDICATES DATA IS MISSING.
T  INDICATES TRACE AMOUNT.




$$
