000
CDUS41 KBTV 220557
CLI1V4


CLIMATE REPORT
NATIONAL WEATHER SERVICE BURLINGTON VT
156 AM EDT FRI AUG 22 2014


...................................

...THE ST. JOHNSBURY VT CLIMATE SUMMARY FOR AUGUST 21 2014...

CLIMATE NORMAL PERIOD 1981 TO 2010
CLIMATE RECORD PERIOD 1894 TO 2014


WEATHER ITEM   OBSERVED TIME   RECORD YEAR NORMAL DEPARTURE LAST
                VALUE   (LST)  VALUE       VALUE  FROM      YEAR
                                                  NORMAL
..................................................................
TEMPERATURE (F)
 YESTERDAY
  MAXIMUM         71        MM  96    1916  78     -7       85
  MINIMUM         56        MM  37    1934  56      0       58
  AVERAGE         64                        67     -3       72

PRECIPITATION (IN)
  YESTERDAY        0.01          1.37 2005   0.12  -0.11     0.00
  MONTH TO DATE    1.53                      3.14  -1.61     1.36
  SINCE JUN 1     11.49                     11.27   0.22    11.42
  SINCE JAN 1     27.19                     24.68   2.51    23.80

DEGREE DAYS
 HEATING
  YESTERDAY        1                         1      0        0
  MONTH TO DATE   32                        20     12       39
  SINCE JUN 1    119                       107     12      161
  SINCE JUL 1     50                        35     15       48

 COOLING
  YESTERDAY        0                         4     -4        7
  MONTH TO DATE   32                        92    -60       32
  SINCE JUN 1    190                       351   -161      304
  SINCE JAN 1    194                       369   -175      320
..................................................................


WIND (MPH)
  HIGHEST WIND SPEED    MM   HIGHEST WIND DIRECTION    MM
  HIGHEST GUST SPEED    MM   HIGHEST GUST DIRECTION    MM
  AVERAGE WIND SPEED    MM


SKY COVER
  AVERAGE SKY COVER 0.0


WEATHER CONDITIONS
 THE FOLLOWING WEATHER WAS RECORDED YESTERDAY.
  NO SIGNIFICANT WEATHER WAS OBSERVED.


RELATIVE HUMIDITY (PERCENT)
 HIGHEST    93          1200 AM
 LOWEST     61          1100 AM
 AVERAGE    77

..........................................................


THE ST. JOHNSBURY VT CLIMATE NORMALS FOR TODAY
                         NORMAL    RECORD    YEAR
 MAXIMUM TEMPERATURE (F)   78       100      2006
 MINIMUM TEMPERATURE (F)   56        36      1895


SUNRISE AND SUNSET
AUGUST 22 2014........SUNRISE   559 AM EDT   SUNSET   742 PM EDT
AUGUST 23 2014........SUNRISE   600 AM EDT   SUNSET   740 PM EDT


-  INDICATES NEGATIVE NUMBERS.
R  INDICATES RECORD WAS SET OR TIED.
MM INDICATES DATA IS MISSING.
T  INDICATES TRACE AMOUNT.




$$
