000
CDUS41 KBTV 010524
CLI1V4


CLIMATE REPORT
NATIONAL WEATHER SERVICE BURLINGTON VT
123 AM EDT SAT OCT 1 2016


...................................

...THE ST. JOHNSBURY VT CLIMATE SUMMARY FOR SEPTEMBER 30 2016...

CLIMATE NORMAL PERIOD 1981 TO 2010
CLIMATE RECORD PERIOD 1894 TO 2016


WEATHER ITEM   OBSERVED TIME   RECORD YEAR NORMAL DEPARTURE LAST
                VALUE   (LST)  VALUE       VALUE  FROM      YEAR
                                                  NORMAL
..................................................................
TEMPERATURE (F)
 YESTERDAY
  MAXIMUM         62    351 PM  85    1927  65     -3       62
  MINIMUM         41    651 AM  22    1941  43     -2       47
  AVERAGE         52                        54     -2       55

PRECIPITATION (IN)
  YESTERDAY        0.01          2.21 1916   0.12  -0.11     2.21
                                      1916
                                      2015
  MONTH TO DATE    1.49                      3.39  -1.90     5.49
  SINCE SEP 1      1.49                      3.39  -1.90     5.49
  SINCE JAN 1     29.43                     29.15   0.28    33.98

DEGREE DAYS
 HEATING
  YESTERDAY       13                        11      2       10
  MONTH TO DATE  146                       185    -39      104
  SINCE SEP 1    146                       184    -38      104
  SINCE JUL 1    173                       234    -61      140

 COOLING
  YESTERDAY        0                         0      0        0
  MONTH TO DATE   49                        34     15       82
  SINCE SEP 1     49                        34     15       82
  SINCE JAN 1    457                       432     25      440
..................................................................


WIND (MPH)
  HIGHEST WIND SPEED    MM   HIGHEST WIND DIRECTION    MM
  HIGHEST GUST SPEED    MM   HIGHEST GUST DIRECTION    MM
  AVERAGE WIND SPEED    MM


SKY COVER
  AVERAGE SKY COVER 0.0


WEATHER CONDITIONS
 THE FOLLOWING WEATHER WAS RECORDED YESTERDAY.
  NO SIGNIFICANT WEATHER WAS OBSERVED.


RELATIVE HUMIDITY (PERCENT)
 HIGHEST   100           400 AM
 LOWEST     52           300 PM
 AVERAGE    76

..........................................................


THE ST. JOHNSBURY VT CLIMATE NORMALS FOR TODAY
                         NORMAL    RECORD    YEAR
 MAXIMUM TEMPERATURE (F)   64        87      1922
 MINIMUM TEMPERATURE (F)   42        24      1925


SUNRISE AND SUNSET
OCTOBER  1 2016.......SUNRISE   646 AM EDT   SUNSET   628 PM EDT
OCTOBER  2 2016.......SUNRISE   648 AM EDT   SUNSET   626 PM EDT


-  INDICATES NEGATIVE NUMBERS.
R  INDICATES RECORD WAS SET OR TIED.
MM INDICATES DATA IS MISSING.
T  INDICATES TRACE AMOUNT.




$$
