000
CDUS41 KBTV 280539
CLI1V4


CLIMATE REPORT
NATIONAL WEATHER SERVICE BURLINGTON VT
136 AM EDT FRI AUG 28 2015


...................................

...THE ST. JOHNSBURY VT CLIMATE SUMMARY FOR AUGUST 27 2015...

CLIMATE NORMAL PERIOD 1981 TO 2010
CLIMATE RECORD PERIOD 1894 TO 2015


WEATHER ITEM   OBSERVED TIME   RECORD YEAR NORMAL DEPARTURE LAST
                VALUE   (LST)  VALUE       VALUE  FROM      YEAR
                                                  NORMAL
..................................................................
TEMPERATURE (F)
 YESTERDAY
  MAXIMUM         72        MM  93    1952  77     -5       83
  MINIMUM         56        MM  35    1894  55      1       58
  AVERAGE         64                        66     -2       71

PRECIPITATION (IN)
  YESTERDAY        0.01          2.70 1906   0.11  -0.10     0.00
  MONTH TO DATE    3.74                      3.82  -0.08     1.70
  SINCE JUN 1     17.12                     11.95   5.17    11.66
  SINCE JAN 1     28.49                     25.36   3.13    27.36

DEGREE DAYS
 HEATING
  YESTERDAY        1                         2     -1        0
  MONTH TO DATE    6                        29    -23       35
  SINCE JUN 1    144                       116     28      122
  SINCE JUL 1     35                        44     -9       53

 COOLING
  YESTERDAY        0                         3     -3        6
  MONTH TO DATE  136                       110     26       55
  SINCE JUN 1    310                       369    -59      213
  SINCE JAN 1    348                       387    -39      217
..................................................................


WIND (MPH)
  HIGHEST WIND SPEED    MM   HIGHEST WIND DIRECTION    MM
  HIGHEST GUST SPEED    MM   HIGHEST GUST DIRECTION    MM
  AVERAGE WIND SPEED    MM


SKY COVER
  AVERAGE SKY COVER 0.0


WEATHER CONDITIONS
 THE FOLLOWING WEATHER WAS RECORDED YESTERDAY.
  NO SIGNIFICANT WEATHER WAS OBSERVED.


RELATIVE HUMIDITY (PERCENT)
 HIGHEST    93           500 AM
 LOWEST     47           400 PM
 AVERAGE    70

..........................................................


THE ST. JOHNSBURY VT CLIMATE NORMALS FOR TODAY
                         NORMAL    RECORD    YEAR
 MAXIMUM TEMPERATURE (F)   77        95      1952
 MINIMUM TEMPERATURE (F)   55        36      1957


SUNRISE AND SUNSET
AUGUST 28 2015........SUNRISE   606 AM EDT   SUNSET   732 PM EDT
AUGUST 29 2015........SUNRISE   607 AM EDT   SUNSET   730 PM EDT


-  INDICATES NEGATIVE NUMBERS.
R  INDICATES RECORD WAS SET OR TIED.
MM INDICATES DATA IS MISSING.
T  INDICATES TRACE AMOUNT.




$$
