000
CDUS43 KUNR 110833
CLI2WX


CLIMATE REPORT
NATIONAL WEATHER SERVICE RAPID CITY SD
232 AM MDT FRI JUL 11 2014


...................................

...THE BUFFALO SD CLIMATE SUMMARY FOR JULY 10 2014...

CLIMATE NORMAL PERIOD 1981 TO 2010
CLIMATE RECORD PERIOD 9999 TO 9999


WEATHER ITEM   OBSERVED TIME   RECORD YEAR NORMAL DEPARTURE LAST
                VALUE   (LST)  VALUE       VALUE  FROM      YEAR
                                                  NORMAL
..................................................................
TEMPERATURE (F)
 YESTERDAY
  MAXIMUM         90    404 PM              84      6       90
  MINIMUM         57    302 AM              57      0       52
  AVERAGE         74                        70      4       71

PRECIPITATION (IN)
  YESTERDAY        0.01         MM      MM   0.07  -0.06     0.00
  MONTH TO DATE    0.01                      0.70  -0.69     0.65
  SINCE JUN 1      5.55                      3.33   2.22     2.35
  SINCE JAN 1      9.89                      9.37   0.52     6.51

DEGREE DAYS
 HEATING
  YESTERDAY        0                         1     -1        0
  MONTH TO DATE    4                        10     -6        0
  SINCE JUN 1    139                       124     15       89
  SINCE JUL 1      4                        10     -6        0

 COOLING
  YESTERDAY        9                         6      3        6
  MONTH TO DATE   46                        53     -7       69
  SINCE JUN 1     62                       115    -53      115
  SINCE JAN 1     92                       121    -29      125
..................................................................


WIND (MPH)
  HIGHEST WIND SPEED    18   HIGHEST WIND DIRECTION     N (340)
  HIGHEST GUST SPEED    23   HIGHEST GUST DIRECTION    NW (330)
  AVERAGE WIND SPEED     8.1




RELATIVE HUMIDITY (PERCENT)
 HIGHEST    93           400 AM
 LOWEST     37           400 PM
 AVERAGE    65

..........................................................




SUNRISE AND SUNSET
JULY 11 2014..........SUNRISE   516 AM MDT   SUNSET   843 PM MDT
JULY 12 2014..........SUNRISE   517 AM MDT   SUNSET   842 PM MDT


-  INDICATES NEGATIVE NUMBERS.
R  INDICATES RECORD WAS SET OR TIED.
MM INDICATES DATA IS MISSING.
T  INDICATES TRACE AMOUNT.




$$
