000
CDUS43 KUNR 230835
CLI2WX


CLIMATE REPORT
NATIONAL WEATHER SERVICE RAPID CITY SD
134 AM MST MON JAN 23 2017


...................................

...THE BUFFALO SD CLIMATE SUMMARY FOR JANUARY 22 2017...

CLIMATE NORMAL PERIOD 1981 TO 2010
CLIMATE RECORD PERIOD 9999 TO 9999


WEATHER ITEM   OBSERVED TIME   NORMAL DEPARTURE LAST
                VALUE   (LST)  VALUE  FROM      YEAR
                                      NORMAL
......................................................
TEMPERATURE (F)
 YESTERDAY
  MAXIMUM         32    148 PM  31      1       34
  MINIMUM         17    820 PM  11      6       23
  AVERAGE         25            21      4       29

PRECIPITATION (IN)
  YESTERDAY        0.00          0.01  -0.01     0.00
  MONTH TO DATE    0.00          0.20  -0.20     0.13
  SINCE DEC 1      1.17          0.49   0.68     0.59
  SINCE JAN 1      0.00          0.20  -0.20     0.13

DEGREE DAYS
 HEATING
  YESTERDAY       40            44     -4       36
  MONTH TO DATE 1175           985    190      988
  SINCE DEC 1   2730          2347    383     2177
  SINCE JUL 1   4020          4245   -225     3639

 COOLING
  YESTERDAY        0             0      0        0
  MONTH TO DATE    0             0      0        0
  SINCE DEC 1      0             0      0        0
  SINCE JAN 1      0             0      0        0
......................................................


WIND (MPH)
  HIGHEST WIND SPEED    17   HIGHEST WIND DIRECTION     W (290)
  HIGHEST GUST SPEED    19   HIGHEST GUST DIRECTION     W (250)
  AVERAGE WIND SPEED     7.8




RELATIVE HUMIDITY (PERCENT)
 HIGHEST    92           500 AM
 LOWEST     72           100 PM
 AVERAGE    82

..........................................................




SUNRISE AND SUNSET
JANUARY 23 2017.......SUNRISE   725 AM MST   SUNSET   448 PM MST
JANUARY 24 2017.......SUNRISE   724 AM MST   SUNSET   450 PM MST


-  INDICATES NEGATIVE NUMBERS.
R  INDICATES RECORD WAS SET OR TIED.
MM INDICATES DATA IS MISSING.
T  INDICATES TRACE AMOUNT.




$$
