000
CDUS43 KUNR 290833
CLI2WX


CLIMATE REPORT
NATIONAL WEATHER SERVICE RAPID CITY SD
231 AM MDT TUE JUL 29 2014


...................................

...THE BUFFALO SD CLIMATE SUMMARY FOR JULY 28 2014...

CLIMATE NORMAL PERIOD 1981 TO 2010
CLIMATE RECORD PERIOD 9999 TO 9999


WEATHER ITEM   OBSERVED TIME   RECORD YEAR NORMAL DEPARTURE LAST
                VALUE   (LST)  VALUE       VALUE  FROM      YEAR
                                                  NORMAL
..................................................................
TEMPERATURE (F)
 YESTERDAY
  MAXIMUM         82    306 PM              86     -4       84
  MINIMUM         51    458 AM              59     -8       53
  AVERAGE         67                        72     -5       69

PRECIPITATION (IN)
  YESTERDAY        0.00         MM      MM   0.06  -0.06     0.00
  MONTH TO DATE    0.91                      1.88  -0.97     0.98
  SINCE JUN 1      6.45                      4.51   1.94     2.68
  SINCE JAN 1     10.79                     10.55   0.24     6.84

DEGREE DAYS
 HEATING
  YESTERDAY        0                         0      0        0
  MONTH TO DATE   16                        21     -5       10
  SINCE JUN 1    151                       135     16       99
  SINCE JUL 1     16                        21     -5       10

 COOLING
  YESTERDAY        2                         8     -6        4
  MONTH TO DATE  143                       185    -42      214
  SINCE JUN 1    159                       247    -88      260
  SINCE JAN 1    189                       253    -64      270
..................................................................


WIND (MPH)
  HIGHEST WIND SPEED    18   HIGHEST WIND DIRECTION     E (80)
  HIGHEST GUST SPEED    22   HIGHEST GUST DIRECTION     E (80)
  AVERAGE WIND SPEED     8.6




RELATIVE HUMIDITY (PERCENT)
 HIGHEST    93           100 AM
 LOWEST     39           100 PM
 AVERAGE    66

..........................................................




SUNRISE AND SUNSET
JULY 29 2014..........SUNRISE   534 AM MDT   SUNSET   826 PM MDT
JULY 30 2014..........SUNRISE   536 AM MDT   SUNSET   825 PM MDT


-  INDICATES NEGATIVE NUMBERS.
R  INDICATES RECORD WAS SET OR TIED.
MM INDICATES DATA IS MISSING.
T  INDICATES TRACE AMOUNT.




$$
