000
CDUS43 KUNR 240834
CLI2WX


CLIMATE REPORT
NATIONAL WEATHER SERVICE RAPID CITY SD
233 AM MDT SAT SEP 24 2016


...................................

...THE BUFFALO SD CLIMATE SUMMARY FOR SEPTEMBER 23 2016...

CLIMATE NORMAL PERIOD 1981 TO 2010
CLIMATE RECORD PERIOD 9999 TO 9999


WEATHER ITEM   OBSERVED TIME   NORMAL DEPARTURE LAST
                VALUE   (LST)  VALUE  FROM      YEAR
                                      NORMAL
......................................................
TEMPERATURE (F)
 YESTERDAY
  MAXIMUM         64    521 PM  69     -5       83
  MINIMUM         53    610 AM  41     12       54
  AVERAGE         59            55      4       69

PRECIPITATION (IN)
  YESTERDAY        0.29          0.04   0.25     0.00
  MONTH TO DATE    0.76          0.96  -0.20     0.67
  SINCE SEP 1      0.76          0.96  -0.20     0.67
  SINCE JAN 1      8.44         13.10  -4.66    11.39

DEGREE DAYS
 HEATING
  YESTERDAY        6            11     -5        0
  MONTH TO DATE  106           151    -45       50
  SINCE SEP 1    106           151    -45       50
  SINCE JUL 1    136           203    -67       97

 COOLING
  YESTERDAY        0             0      0        4
  MONTH TO DATE   37            40     -3       69
  SINCE SEP 1     37            40     -3       69
  SINCE JAN 1    729           511    218      607
......................................................


WIND (MPH)
  HIGHEST WIND SPEED    22   HIGHEST WIND DIRECTION    NW (310)
  HIGHEST GUST SPEED    26   HIGHEST GUST DIRECTION    NW (320)
  AVERAGE WIND SPEED    11.3




RELATIVE HUMIDITY (PERCENT)
 HIGHEST   100          1200 AM
 LOWEST     93           100 AM
 AVERAGE    97

..........................................................




SUNRISE AND SUNSET
SEPTEMBER 24 2016.....SUNRISE   644 AM MDT   SUNSET   647 PM MDT
SEPTEMBER 25 2016.....SUNRISE   646 AM MDT   SUNSET   645 PM MDT


-  INDICATES NEGATIVE NUMBERS.
R  INDICATES RECORD WAS SET OR TIED.
MM INDICATES DATA IS MISSING.
T  INDICATES TRACE AMOUNT.




$$
