000
CDUS43 KUNR 030835
CLI2WX


CLIMATE REPORT
NATIONAL WEATHER SERVICE RAPID CITY SD
235 AM MDT TUE MAY 3 2016


...................................

...THE BUFFALO SD CLIMATE SUMMARY FOR MAY 2 2016...

CLIMATE NORMAL PERIOD 1981 TO 2010
CLIMATE RECORD PERIOD 9999 TO 9999


WEATHER ITEM   OBSERVED TIME   NORMAL DEPARTURE LAST
                VALUE   (LST)  VALUE  FROM      YEAR
                                      NORMAL
......................................................
TEMPERATURE (F)
 YESTERDAY
  MAXIMUM         71    345 PM  62      9       80
  MINIMUM         38    508 AM  37      1       45
  AVERAGE         55            49      6       63

PRECIPITATION (IN)
  YESTERDAY        0.00          0.06  -0.06     0.00
  MONTH TO DATE    0.00          0.11  -0.11     0.00
  SINCE MAR 1      2.40          2.43  -0.03     1.25
  SINCE JAN 1      3.06          3.00   0.06     1.72

DEGREE DAYS
 HEATING
  YESTERDAY       10            16     -6        2
  MONTH TO DATE   29            32     -3        9
  SINCE MAR 1   1328          1688   -360     1312
  SINCE JUL 1   6106          7485  -1379     6770

 COOLING
  YESTERDAY        0             0      0        0
  MONTH TO DATE    0             0      0        0
  SINCE MAR 1      0             0      0        0
  SINCE JAN 1      0             0      0        0
......................................................


WIND (MPH)
  HIGHEST WIND SPEED    33   HIGHEST WIND DIRECTION    NW (330)
  HIGHEST GUST SPEED    39   HIGHEST GUST DIRECTION     N (350)
  AVERAGE WIND SPEED    14.7




RELATIVE HUMIDITY (PERCENT)
 HIGHEST    70           400 AM
 LOWEST     23           500 PM
 AVERAGE    47

..........................................................




SUNRISE AND SUNSET
MAY  3 2016...........SUNRISE   538 AM MDT   SUNSET   804 PM MDT
MAY  4 2016...........SUNRISE   537 AM MDT   SUNSET   806 PM MDT


-  INDICATES NEGATIVE NUMBERS.
R  INDICATES RECORD WAS SET OR TIED.
MM INDICATES DATA IS MISSING.
T  INDICATES TRACE AMOUNT.




$$
