000
CDUS43 KUNR 210831
CLI2WX


CLIMATE REPORT
NATIONAL WEATHER SERVICE RAPID CITY SD
231 AM MDT TUE OCT 21 2014


...................................

...THE BUFFALO SD CLIMATE SUMMARY FOR OCTOBER 20 2014...

CLIMATE NORMAL PERIOD 1981 TO 2010
CLIMATE RECORD PERIOD 9999 TO 9999


WEATHER ITEM   OBSERVED TIME   RECORD YEAR NORMAL DEPARTURE LAST
                VALUE   (LST)  VALUE       VALUE  FROM      YEAR
                                                  NORMAL
..................................................................
TEMPERATURE (F)
 YESTERDAY
  MAXIMUM         76    151 PM              56     20       47
  MINIMUM         43    511 AM              32     11       32
  AVERAGE         60                        44     16       40

PRECIPITATION (IN)
  YESTERDAY        0.00         MM      MM   0.04  -0.04     0.00
  MONTH TO DATE    0.03                      0.31  -0.28     0.50
  SINCE SEP 1      2.11                      1.39   0.72     2.67
  SINCE JAN 1     16.48                     13.53   2.95    12.15

DEGREE DAYS
 HEATING
  YESTERDAY        5                        21    -16       25
  MONTH TO DATE  283                       354    -71      412
  SINCE SEP 1    511                       593    -82      529
  SINCE JUL 1    562                       645    -83      541

 COOLING
  YESTERDAY        0                         0      0        0
  MONTH TO DATE    0                         0      0        0
  SINCE SEP 1     55                        41     14      100
  SINCE JAN 1    420                       512    -92      587
..................................................................


WIND (MPH)
  HIGHEST WIND SPEED    20   HIGHEST WIND DIRECTION    SE (150)
  HIGHEST GUST SPEED    28   HIGHEST GUST DIRECTION    SE (140)
  AVERAGE WIND SPEED     9.3




RELATIVE HUMIDITY (PERCENT)
 HIGHEST    70           400 AM
 LOWEST     27           100 PM
 AVERAGE    49

..........................................................




SUNRISE AND SUNSET
OCTOBER 21 2014.......SUNRISE   719 AM MDT   SUNSET   558 PM MDT
OCTOBER 22 2014.......SUNRISE   720 AM MDT   SUNSET   557 PM MDT


-  INDICATES NEGATIVE NUMBERS.
R  INDICATES RECORD WAS SET OR TIED.
MM INDICATES DATA IS MISSING.
T  INDICATES TRACE AMOUNT.




$$
