000
CDUS43 KUNR 270833
CLI2WX


CLIMATE REPORT
NATIONAL WEATHER SERVICE RAPID CITY SD
133 AM MST FRI FEB 27 2015


...................................

...THE BUFFALO SD CLIMATE SUMMARY FOR FEBRUARY 26 2015...

CLIMATE NORMAL PERIOD 1981 TO 2010
CLIMATE RECORD PERIOD 9999 TO 9999


WEATHER ITEM   OBSERVED TIME   NORMAL DEPARTURE LAST
                VALUE   (LST)  VALUE  FROM      YEAR
                                      NORMAL
......................................................
TEMPERATURE (F)
 YESTERDAY
  MAXIMUM         12    337 PM  37    -25       31
  MINIMUM        -10    646 AM  16    -26       -4
  AVERAGE          1            26    -25       14

PRECIPITATION (IN)
  YESTERDAY        0.00          0.01  -0.01     0.00
  MONTH TO DATE    0.13          0.25  -0.12     0.28
  SINCE DEC 1      0.63          0.83  -0.20     1.63
  SINCE JAN 1      0.47          0.54  -0.07     0.47

DEGREE DAYS
 HEATING
  YESTERDAY       64            39     25       51
  MONTH TO DATE 1032          1083    -51     1294
  SINCE DEC 1   3430          3824   -394     4161
  SINCE JUL 1   5351          5722   -371     5951

 COOLING
  YESTERDAY        0             0      0        0
  MONTH TO DATE    0             0      0        0
  SINCE DEC 1      0             0      0        0
  SINCE JAN 1      0             0      0        0
......................................................


WIND (MPH)
  HIGHEST WIND SPEED    17   HIGHEST WIND DIRECTION    NW (320)
  HIGHEST GUST SPEED    19   HIGHEST GUST DIRECTION    NW (320)
  AVERAGE WIND SPEED     7.8




RELATIVE HUMIDITY (PERCENT)
 HIGHEST    83           400 AM
 LOWEST     50           200 PM
 AVERAGE    67

..........................................................




SUNRISE AND SUNSET
FEBRUARY 27 2015......SUNRISE   637 AM MST   SUNSET   538 PM MST
FEBRUARY 28 2015......SUNRISE   635 AM MST   SUNSET   539 PM MST


-  INDICATES NEGATIVE NUMBERS.
R  INDICATES RECORD WAS SET OR TIED.
MM INDICATES DATA IS MISSING.
T  INDICATES TRACE AMOUNT.




$$
