000
CDUS43 KUNR 280842
CLI2WX


CLIMATE REPORT
NATIONAL WEATHER SERVICE RAPID CITY SD
240 AM MDT SAT MAR 28 2015


...................................

...THE BUFFALO SD CLIMATE SUMMARY FOR MARCH 27 2015...

CLIMATE NORMAL PERIOD 1981 TO 2010
CLIMATE RECORD PERIOD 9999 TO 9999


WEATHER ITEM   OBSERVED TIME   NORMAL DEPARTURE LAST
                VALUE   (LST)  VALUE  FROM      YEAR
                                      NORMAL
......................................................
TEMPERATURE (F)
 YESTERDAY
  MAXIMUM         68    349 PM  47     21       37
  MINIMUM         32    602 AM  25      7       20
  AVERAGE         50            36     14       29

PRECIPITATION (IN)
  YESTERDAY        0.00          0.02  -0.02     0.00
  MONTH TO DATE    0.39          0.67  -0.28     0.62
  SINCE MAR 1      0.39          0.67  -0.28     0.62
  SINCE JAN 1      0.86          1.24  -0.38     1.20

DEGREE DAYS
 HEATING
  YESTERDAY       15            29    -14       36
  MONTH TO DATE  678           896   -218      981
  SINCE MAR 1    678           896   -218      981
  SINCE JUL 1   6136          6693   -557     7038

 COOLING
  YESTERDAY        0             0      0        0
  MONTH TO DATE    0             0      0        0
  SINCE MAR 1      0             0      0        0
  SINCE JAN 1      0             0      0        0
......................................................


WIND (MPH)
  HIGHEST WIND SPEED    29   HIGHEST WIND DIRECTION    NW (310)
  HIGHEST GUST SPEED    35   HIGHEST GUST DIRECTION    NW (300)
  AVERAGE WIND SPEED    14.5




RELATIVE HUMIDITY (PERCENT)
 HIGHEST    89          1200 AM
 LOWEST     29           200 PM
 AVERAGE    59

..........................................................




SUNRISE AND SUNSET
MARCH 28 2015.........SUNRISE   642 AM MDT   SUNSET   717 PM MDT
MARCH 29 2015.........SUNRISE   641 AM MDT   SUNSET   718 PM MDT


-  INDICATES NEGATIVE NUMBERS.
R  INDICATES RECORD WAS SET OR TIED.
MM INDICATES DATA IS MISSING.
T  INDICATES TRACE AMOUNT.




$$
