000
CDUS43 KUNR 250858
CLI2WX


CLIMATE REPORT
NATIONAL WEATHER SERVICE RAPID CITY SD
251 AM MDT MON MAY 25 2015


...................................

...THE BUFFALO SD CLIMATE SUMMARY FOR MAY 24 2015...

CLIMATE NORMAL PERIOD 1981 TO 2010
CLIMATE RECORD PERIOD 9999 TO 9999


WEATHER ITEM   OBSERVED TIME   NORMAL DEPARTURE LAST
                VALUE   (LST)  VALUE  FROM      YEAR
                                      NORMAL
......................................................
TEMPERATURE (F)
 YESTERDAY
  MAXIMUM         57    514 PM  68    -11       79
  MINIMUM         49    154 AM  44      5       53
  AVERAGE         53            56     -3       66

PRECIPITATION (IN)
  YESTERDAY        0.44          0.15   0.29     0.00
  MONTH TO DATE    1.61          2.10  -0.49     0.86
  SINCE MAR 1      2.86          4.42  -1.56     2.96
  SINCE JAN 1      3.33          4.99  -1.66     3.54

DEGREE DAYS
 HEATING
  YESTERDAY       12             9      3        0
  MONTH TO DATE  356           305     51      337
  SINCE MAR 1   1659          1961   -302     2141
  SINCE JUL 1   7117          7758   -641     8198

 COOLING
  YESTERDAY        0             0      0        1
  MONTH TO DATE    0             0      0        5
  SINCE MAR 1      0             0      0        5
  SINCE JAN 1      0             0      0        5
......................................................


WIND (MPH)
  HIGHEST WIND SPEED    21   HIGHEST WIND DIRECTION    NE (50)
  HIGHEST GUST SPEED    28   HIGHEST GUST DIRECTION    NE (40)
  AVERAGE WIND SPEED    11.4




RELATIVE HUMIDITY (PERCENT)
 HIGHEST   100           600 AM
 LOWEST     86          1200 PM
 AVERAGE    93

..........................................................




SUNRISE AND SUNSET
MAY 25 2015...........SUNRISE   514 AM MDT   SUNSET   829 PM MDT
MAY 26 2015...........SUNRISE   513 AM MDT   SUNSET   830 PM MDT


-  INDICATES NEGATIVE NUMBERS.
R  INDICATES RECORD WAS SET OR TIED.
MM INDICATES DATA IS MISSING.
T  INDICATES TRACE AMOUNT.




$$
