000
CDUS43 KUNR 100834
CLI2WX


CLIMATE REPORT
NATIONAL WEATHER SERVICE RAPID CITY SD
134 AM MST SAT DEC 10 2016


...................................

...THE BUFFALO SD CLIMATE SUMMARY FOR DECEMBER 9 2016...

CLIMATE NORMAL PERIOD 1981 TO 2010
CLIMATE RECORD PERIOD 9999 TO 9999


WEATHER ITEM   OBSERVED TIME   NORMAL DEPARTURE LAST
                VALUE   (LST)  VALUE  FROM      YEAR
                                      NORMAL
......................................................
TEMPERATURE (F)
 YESTERDAY
  MAXIMUM          5    246 PM  32    -27       63
  MINIMUM        -10   1236 AM  11    -21       39
  AVERAGE         -2            22    -24       51

PRECIPITATION (IN)
  YESTERDAY        0.00          0.01  -0.01     0.00
  MONTH TO DATE    0.00          0.06  -0.06     0.05
  SINCE DEC 1      0.00          0.06  -0.06     0.05
  SINCE JAN 1      9.98         14.29  -4.31    13.81

DEGREE DAYS
 HEATING
  YESTERDAY       67            43     24       14
  MONTH TO DATE  439           379     60      236
  SINCE DEC 1    439           379     60      236
  SINCE JUL 1   1729          2277   -548     1698

 COOLING
  YESTERDAY        0             0      0        0
  MONTH TO DATE    0             0      0        0
  SINCE DEC 1      0             0      0        0
  SINCE JAN 1    734           513    221      631
......................................................


WIND (MPH)
  HIGHEST WIND SPEED    14   HIGHEST WIND DIRECTION    SE (150)
  HIGHEST GUST SPEED    16   HIGHEST GUST DIRECTION    SE (150)
  AVERAGE WIND SPEED     7.1




RELATIVE HUMIDITY (PERCENT)
 HIGHEST    87           600 PM
 LOWEST     72           300 PM
 AVERAGE    80

..........................................................




SUNRISE AND SUNSET
DECEMBER 10 2016......SUNRISE   724 AM MST   SUNSET   410 PM MST
DECEMBER 11 2016......SUNRISE   725 AM MST   SUNSET   410 PM MST


-  INDICATES NEGATIVE NUMBERS.
R  INDICATES RECORD WAS SET OR TIED.
MM INDICATES DATA IS MISSING.
T  INDICATES TRACE AMOUNT.




$$
