000
CDUS43 KUNR 300830
CLI2WX


CLIMATE REPORT
NATIONAL WEATHER SERVICE RAPID CITY SD
230 AM MDT SUN APR 30 2017


...................................

...THE BUFFALO SD CLIMATE SUMMARY FOR APRIL 29 2017...

CLIMATE NORMAL PERIOD 1981 TO 2010
CLIMATE RECORD PERIOD 9999 TO 9999


WEATHER ITEM   OBSERVED TIME   NORMAL DEPARTURE LAST
                VALUE   (LST)  VALUE  FROM      YEAR
                                      NORMAL
......................................................
TEMPERATURE (F)
 YESTERDAY
  MAXIMUM         59    257 PM  61     -2       51
  MINIMUM         32    316 AM  36     -4       37
  AVERAGE         46            48     -2       44

PRECIPITATION (IN)
  YESTERDAY        0.00          0.08  -0.08     0.00
  MONTH TO DATE    3.20          1.46   1.74     2.15
  SINCE MAR 1      4.71          2.23   2.48     2.40
  SINCE JAN 1      5.01          2.80   2.21     3.06

DEGREE DAYS
 HEATING
  YESTERDAY       19            17      2       21
  MONTH TO DATE  559           634    -75      541
  SINCE MAR 1   1399          1640   -241     1282
  SINCE JUL 1   6750          7437   -687     6060

 COOLING
  YESTERDAY        0             0      0        0
  MONTH TO DATE    0             0      0        0
  SINCE MAR 1      0             0      0        0
  SINCE JAN 1      0             0      0        0
......................................................


WIND (MPH)
  HIGHEST WIND SPEED    13   HIGHEST WIND DIRECTION    SW (230)
  HIGHEST GUST SPEED    17   HIGHEST GUST DIRECTION     S (190)
  AVERAGE WIND SPEED     4.2




RELATIVE HUMIDITY (PERCENT)
 HIGHEST    75           300 AM
 LOWEST     19           200 PM
 AVERAGE    47

..........................................................




SUNRISE AND SUNSET
APRIL 30 2017.........SUNRISE   543 AM MDT   SUNSET   800 PM MDT
MAY  1 2017...........SUNRISE   542 AM MDT   SUNSET   802 PM MDT


-  INDICATES NEGATIVE NUMBERS.
R  INDICATES RECORD WAS SET OR TIED.
MM INDICATES DATA IS MISSING.
T  INDICATES TRACE AMOUNT.




$$
