000
CDUS43 KABR 231032
CLI8D3


CLIMATE REPORT
NATIONAL WEATHER SERVICE ABERDEEN SD
532 AM CDT SUN APR 23 2017


...................................

...THE SISSETON SD CLIMATE SUMMARY FOR APRIL 22 2017...

CLIMATE NORMAL PERIOD 1981 TO 2010
CLIMATE RECORD PERIOD 1900 TO 2017


WEATHER ITEM   OBSERVED TIME   RECORD YEAR NORMAL DEPARTURE LAST
                VALUE   (LST)  VALUE       VALUE  FROM      YEAR
                                                  NORMAL
..................................................................
TEMPERATURE (F)
 YESTERDAY
  MAXIMUM         70    457 PM  95    1980  60     10       63
  MINIMUM         37    239 AM  18    1936  35      2       30
  AVERAGE         54                        48      6       47

PRECIPITATION (IN)
  YESTERDAY        0.00          1.51 1968   0.10  -0.10     0.00
  MONTH TO DATE    1.49                      1.28   0.21     1.27
  SINCE MAR 1      1.75                      2.40  -0.65     1.81
  SINCE JAN 1      2.95                      3.26  -0.31     2.98

SNOWFALL (IN)
  YESTERDAY        0.0
  MONTH TO DATE    0.0
  SINCE OCT 1     30.4
  SINCE JUL 1     30.4
  SNOW DEPTH       0

DEGREE DAYS
 HEATING
  YESTERDAY       11                        17     -6       18
  MONTH TO DATE  384                       495   -111      471
  SINCE MAR 1   1464                      1578   -114     1277
  SINCE JUL 1   6728                      7837  -1109     6578

 COOLING
  YESTERDAY        0                         0      0        0
  MONTH TO DATE    0                         0      0        0
  SINCE MAR 1      0                         0      0        0
  SINCE JAN 1      0                         0      0        0
..................................................................


WIND (MPH)
  HIGHEST WIND SPEED    20   HIGHEST WIND DIRECTION     N (10)
  HIGHEST GUST SPEED    28   HIGHEST GUST DIRECTION     N (10)
  AVERAGE WIND SPEED    10.2


SKY COVER
  POSSIBLE SUNSHINE  MM
  AVERAGE SKY COVER 0.0


WEATHER CONDITIONS
 THE FOLLOWING WEATHER WAS RECORDED YESTERDAY.
  NO SIGNIFICANT WEATHER WAS OBSERVED.


RELATIVE HUMIDITY (PERCENT)
 HIGHEST    92           200 AM
 LOWEST     30           600 PM
 AVERAGE    61

..........................................................


THE SISSETON SD CLIMATE NORMALS FOR TODAY
                         NORMAL    RECORD    YEAR
 MAXIMUM TEMPERATURE (F)   61        89      1990
 MINIMUM TEMPERATURE (F)   36        16      1956


SUNRISE AND SUNSET
APRIL 23 2017.........SUNRISE   628 AM CDT   SUNSET   825 PM CDT
APRIL 24 2017.........SUNRISE   626 AM CDT   SUNSET   827 PM CDT


-  INDICATES NEGATIVE NUMBERS.
R  INDICATES RECORD WAS SET OR TIED.
MM INDICATES DATA IS MISSING.
T  INDICATES TRACE AMOUNT.




$$
