000
CDUS43 KABR 291042
CLI8D3


CLIMATE REPORT
NATIONAL WEATHER SERVICE ABERDEEN SD
541 AM CDT FRI APR 29 2016


...................................

...THE SISSETON SD CLIMATE SUMMARY FOR APRIL 28 2016...

CLIMATE NORMAL PERIOD 1981 TO 2010
CLIMATE RECORD PERIOD 1900 TO 2016


WEATHER ITEM   OBSERVED TIME   RECORD YEAR NORMAL DEPARTURE LAST
                VALUE   (LST)  VALUE       VALUE  FROM      YEAR
                                                  NORMAL
..................................................................
TEMPERATURE (F)
 YESTERDAY
  MAXIMUM         48    359 PM  90    1934  63    -15       67
                                      1987
  MINIMUM         38    613 AM  21    1958  38      0       38
  AVERAGE         43                        50     -7       53

PRECIPITATION (IN)
  YESTERDAY        0.00          0.89 1901   0.12  -0.12     0.03
  MONTH TO DATE    2.46                      1.99   0.47     0.65
  SINCE MAR 1      3.00                      3.11  -0.11     1.58
  SINCE JAN 1      4.17                      3.97   0.20     2.46

SNOWFALL (IN)
  YESTERDAY        0.0
  MONTH TO DATE    0.0
  SINCE OCT 1     28.9
  SINCE JUL 1     28.9
  SNOW DEPTH       0

DEGREE DAYS
 HEATING
  YESTERDAY       22                        15      7       12
  MONTH TO DATE  571                       589    -18      503
  SINCE MAR 1   1377                      1672   -295     1419
  SINCE JUL 1   6678                      7931  -1253     7688

 COOLING
  YESTERDAY        0                         0      0        0
  MONTH TO DATE    0                         0      0        0
  SINCE MAR 1      0                         0      0        0
  SINCE JAN 1      0                         0      0        0
..................................................................


WIND (MPH)
  HIGHEST WIND SPEED    17   HIGHEST WIND DIRECTION     E (70)
  HIGHEST GUST SPEED    22   HIGHEST GUST DIRECTION     E (70)
  AVERAGE WIND SPEED     9.1


SKY COVER
  POSSIBLE SUNSHINE  MM
  AVERAGE SKY COVER 0.0


WEATHER CONDITIONS
 THE FOLLOWING WEATHER WAS RECORDED YESTERDAY.
  NO SIGNIFICANT WEATHER WAS OBSERVED.


RELATIVE HUMIDITY (PERCENT)
 HIGHEST    82           200 AM
 LOWEST     53          1200 PM
 AVERAGE    68

..........................................................


THE SISSETON SD CLIMATE NORMALS FOR TODAY
                         NORMAL    RECORD    YEAR
 MAXIMUM TEMPERATURE (F)   64        96      1934
 MINIMUM TEMPERATURE (F)   38        16      1958


SUNRISE AND SUNSET
APRIL 29 2016.........SUNRISE   618 AM CDT   SUNSET   833 PM CDT
APRIL 30 2016.........SUNRISE   616 AM CDT   SUNSET   835 PM CDT


-  INDICATES NEGATIVE NUMBERS.
R  INDICATES RECORD WAS SET OR TIED.
MM INDICATES DATA IS MISSING.
T  INDICATES TRACE AMOUNT.




$$
