000
CDUS43 KABR 272338
CLI8D3


CLIMATE REPORT
NATIONAL WEATHER SERVICE ABERDEEN SD
535 PM CST SAT DEC 27 2014


...................................

...THE SISSETON SD CLIMATE SUMMARY FOR DECEMBER 27 2014...
VALID TODAY AS OF 0500 PM LOCAL TIME.

CLIMATE NORMAL PERIOD 1981 TO 2010
CLIMATE RECORD PERIOD 1900 TO 2014


WEATHER ITEM   OBSERVED TIME   RECORD YEAR NORMAL DEPARTURE LAST
                VALUE   (LST)  VALUE       VALUE  FROM      YEAR
                                                  NORMAL
..................................................................
TEMPERATURE (F)
 TODAY
  MAXIMUM         24    402 PM  48    1986  23      1       41
  MINIMUM          5    829 AM -24    1993   5              25
  AVERAGE         15                        14      1       33

PRECIPITATION (IN)
  TODAY           MM             0.20 1959   0.01  MM        0.00
  MONTH TO DATE    0.60                      0.33   0.27     1.06
  SINCE DEC 1      0.60                      0.33   0.27     1.06
  SINCE JAN 1     23.70                     22.27   1.43    28.49

SNOWFALL (IN)
  TODAY           MM
  MONTH TO DATE    4.7
  SINCE OCT 1     13.1
  SINCE JUL 1     13.1
  SNOW DEPTH       2

DEGREE DAYS
 HEATING
  TODAY           50                        51     -1       32
  MONTH TO DATE 1087                      1285   -198     1486
  SINCE DEC 1   1087                      1285   -198     1486
  SINCE JUL 1   3067                      3136    -69     3318
..................................................................


WIND (MPH)
  HIGHEST WIND SPEED    21   HIGHEST WIND DIRECTION     N (340)
  HIGHEST GUST SPEED    24   HIGHEST GUST DIRECTION     W (270)
  AVERAGE WIND SPEED     9.5


SKY COVER
  POSSIBLE SUNSHINE  MM
  AVERAGE SKY COVER 0.0


WEATHER CONDITIONS
 THE FOLLOWING WEATHER WAS RECORDED TODAY.
  NO SIGNIFICANT WEATHER WAS OBSERVED.


RELATIVE HUMIDITY (PERCENT)
 HIGHEST    88           600 AM
 LOWEST     68           300 PM
 AVERAGE    78

..........................................................


THE SISSETON SD CLIMATE NORMALS FOR TOMORROW
                         NORMAL    RECORD    YEAR
 MAXIMUM TEMPERATURE (F)   23        49      1986
                                             1965
 MINIMUM TEMPERATURE (F)    5       -24      1993


SUNRISE AND SUNSET
DECEMBER 27 2014......SUNRISE   808 AM CST   SUNSET   450 PM CST
DECEMBER 28 2014......SUNRISE   808 AM CST   SUNSET   451 PM CST


-  INDICATES NEGATIVE NUMBERS.
R  INDICATES RECORD WAS SET OR TIED.
MM INDICATES DATA IS MISSING.
T  INDICATES TRACE AMOUNT.




$$
