000
CDUS43 KABR 241032
CLI8D3


CLIMATE REPORT
NATIONAL WEATHER SERVICE ABERDEEN SD
531 AM CDT WED MAY 24 2017


...................................

...THE SISSETON SD CLIMATE SUMMARY FOR MAY 23 2017...

CLIMATE NORMAL PERIOD 1981 TO 2010
CLIMATE RECORD PERIOD 1900 TO 2017


WEATHER ITEM   OBSERVED TIME   RECORD YEAR NORMAL DEPARTURE LAST
                VALUE   (LST)  VALUE       VALUE  FROM      YEAR
                                                  NORMAL
..................................................................
TEMPERATURE (F)
 YESTERDAY
  MAXIMUM         58    526 PM  89    2006  72    -14       79
  MINIMUM         41   1154 PM  30    2002  48     -7       60
  AVERAGE         50                        60    -10       70

PRECIPITATION (IN)
  YESTERDAY        0.04          1.83 1962   0.08  -0.04     0.09
  MONTH TO DATE    1.09                      2.02  -0.93     0.35
  SINCE MAR 1      2.92                      5.42  -2.50     3.35
  SINCE JAN 1      4.12                      6.28  -2.16     4.52

DEGREE DAYS
 HEATING
  YESTERDAY       15                         6      9        0
  MONTH TO DATE  189                       219    -30      198
  SINCE MAR 1   1839                      1919    -80     1608
  SINCE JUL 1   7103                      8178  -1075     6909

 COOLING
  YESTERDAY        0                         1     -1        5
  MONTH TO DATE   16                        14      2       18
  SINCE MAR 1     16                        15      1       18
  SINCE JAN 1     16                        15      1       18
..................................................................


WIND (MPH)
  HIGHEST WIND SPEED    26   HIGHEST WIND DIRECTION     N (20)
  HIGHEST GUST SPEED    32   HIGHEST GUST DIRECTION     N (20)
  AVERAGE WIND SPEED    15.5


SKY COVER
  POSSIBLE SUNSHINE  MM
  AVERAGE SKY COVER 0.0


WEATHER CONDITIONS
 THE FOLLOWING WEATHER WAS RECORDED YESTERDAY.
  LIGHT RAIN


RELATIVE HUMIDITY (PERCENT)
 HIGHEST   100          1200 AM
 LOWEST     72           500 PM
 AVERAGE    86

..........................................................


THE SISSETON SD CLIMATE NORMALS FOR TODAY
                         NORMAL    RECORD    YEAR
 MAXIMUM TEMPERATURE (F)   72        90      2010
 MINIMUM TEMPERATURE (F)   48        26      2002


SUNRISE AND SUNSET
MAY 24 2017...........SUNRISE   547 AM CDT   SUNSET   903 PM CDT
MAY 25 2017...........SUNRISE   547 AM CDT   SUNSET   904 PM CDT


-  INDICATES NEGATIVE NUMBERS.
R  INDICATES RECORD WAS SET OR TIED.
MM INDICATES DATA IS MISSING.
T  INDICATES TRACE AMOUNT.




$$
