000
CDUS43 KABR 280914
CLI8D3


CLIMATE REPORT
NATIONAL WEATHER SERVICE ABERDEEN SD
413 AM CDT TUE JUL 28 2015


...................................

...THE SISSETON SD CLIMATE SUMMARY FOR JULY 27 2015...

CLIMATE NORMAL PERIOD 1981 TO 2010
CLIMATE RECORD PERIOD 1900 TO 2015


WEATHER ITEM   OBSERVED TIME   RECORD YEAR NORMAL DEPARTURE LAST
                VALUE   (LST)  VALUE       VALUE  FROM      YEAR
                                                  NORMAL
..................................................................
TEMPERATURE (F)
 YESTERDAY
  MAXIMUM         87    128 PM 103    1959  83      4       70
  MINIMUM         62    511 AM  46    2013  60      2       56
  AVERAGE         75                        72      3       63

PRECIPITATION (IN)
  YESTERDAY        0.00          1.63 1991   0.10  -0.10     0.00
  MONTH TO DATE    2.03                      3.16  -1.13     1.74
  SINCE JUN 1      3.41                      6.90  -3.49    10.41
  SINCE JAN 1     11.06                     13.88  -2.82    18.78

DEGREE DAYS
 HEATING
  YESTERDAY        0                         0      0        2
  MONTH TO DATE   13                         3     10       17
  SINCE JUN 1     27                        65    -38       52
  SINCE JUL 1     13                         3     10       17

 COOLING
  YESTERDAY       10                         7      3        0
  MONTH TO DATE  180                       178      2      127
  SINCE JUN 1    304                       272     32      215
  SINCE JAN 1    321                       295     26      276
..................................................................


WIND (MPH)
  HIGHEST WIND SPEED    20   HIGHEST WIND DIRECTION     S (160)
  HIGHEST GUST SPEED    26   HIGHEST GUST DIRECTION     S (160)
  AVERAGE WIND SPEED    10.7


SKY COVER
  POSSIBLE SUNSHINE  MM
  AVERAGE SKY COVER 0.0


WEATHER CONDITIONS
 THE FOLLOWING WEATHER WAS RECORDED YESTERDAY.
  NO SIGNIFICANT WEATHER WAS OBSERVED.


RELATIVE HUMIDITY (PERCENT)
 HIGHEST   100           300 AM
 LOWEST     65           200 PM
 AVERAGE    83

..........................................................


THE SISSETON SD CLIMATE NORMALS FOR TODAY
                         NORMAL    RECORD    YEAR
 MAXIMUM TEMPERATURE (F)   83       105      1975
 MINIMUM TEMPERATURE (F)   60        42      2013


SUNRISE AND SUNSET
JULY 28 2015..........SUNRISE   606 AM CDT   SUNSET   902 PM CDT
JULY 29 2015..........SUNRISE   608 AM CDT   SUNSET   901 PM CDT


-  INDICATES NEGATIVE NUMBERS.
R  INDICATES RECORD WAS SET OR TIED.
MM INDICATES DATA IS MISSING.
T  INDICATES TRACE AMOUNT.




$$
