000
CDUS43 KABR 301028
CLI8D3


CLIMATE REPORT
NATIONAL WEATHER SERVICE ABERDEEN SD
527 AM CDT MON MAR 30 2015


...................................

...THE SISSETON SD CLIMATE SUMMARY FOR MARCH 29 2015...

CLIMATE NORMAL PERIOD 1981 TO 2010
CLIMATE RECORD PERIOD 1900 TO 2015


WEATHER ITEM   OBSERVED TIME   RECORD YEAR NORMAL DEPARTURE LAST
                VALUE   (LST)  VALUE       VALUE  FROM      YEAR
                                                  NORMAL
..................................................................
TEMPERATURE (F)
 YESTERDAY
  MAXIMUM         56    431 PM  80    1986  46     10       46
  MINIMUM         41    900 PM  -5    1969  26     15       15
  AVERAGE         49                        36     13       31

PRECIPITATION (IN)
  YESTERDAY        0.13          1.10 1977   0.05   0.08     0.00
  MONTH TO DATE    0.93                      1.00  -0.07     0.44
  SINCE MAR 1      0.93                      1.00  -0.07     0.44
  SINCE JAN 1      1.81                      1.86  -0.05     1.06

SNOWFALL (IN)
  YESTERDAY        0.0
  MONTH TO DATE    5.8
  SINCE OCT 1     28.9
  SINCE JUL 1     28.9
  SNOW DEPTH       0

DEGREE DAYS
 HEATING
  YESTERDAY       16                        29    -13       34
  MONTH TO DATE  891                      1027   -136     1144
  SINCE MAR 1    891                      1027   -136     1144
  SINCE JUL 1   7160                      7286   -126     7961

 COOLING
  YESTERDAY        0                         0      0        0
  MONTH TO DATE    0                         0      0        0
  SINCE MAR 1      0                         0      0        0
  SINCE JAN 1      0                         0      0        0
..................................................................


WIND (MPH)
  HIGHEST WIND SPEED    41   HIGHEST WIND DIRECTION     N (350)
  HIGHEST GUST SPEED    52   HIGHEST GUST DIRECTION     N (340)
  AVERAGE WIND SPEED    22.9


SKY COVER
  POSSIBLE SUNSHINE  MM
  AVERAGE SKY COVER 0.0


WEATHER CONDITIONS
 THE FOLLOWING WEATHER WAS RECORDED YESTERDAY.
  RAIN
  LIGHT RAIN


RELATIVE HUMIDITY (PERCENT)
 HIGHEST   100           700 AM
 LOWEST     30           300 PM
 AVERAGE    65

..........................................................


THE SISSETON SD CLIMATE NORMALS FOR TODAY
                         NORMAL    RECORD    YEAR
 MAXIMUM TEMPERATURE (F)   47        79      1967
                                             1943
 MINIMUM TEMPERATURE (F)   26       -10      1975


SUNRISE AND SUNSET
MARCH 30 2015.........SUNRISE   712 AM CDT   SUNSET   753 PM CDT
MARCH 31 2015.........SUNRISE   710 AM CDT   SUNSET   755 PM CDT


-  INDICATES NEGATIVE NUMBERS.
R  INDICATES RECORD WAS SET OR TIED.
MM INDICATES DATA IS MISSING.
T  INDICATES TRACE AMOUNT.




$$
