000
CDUS43 KABR 282332
CLI8D3


CLIMATE REPORT
NATIONAL WEATHER SERVICE ABERDEEN SD
530 PM CST SAT FEB 28 2015


...................................

...THE SISSETON SD CLIMATE SUMMARY FOR FEBRUARY 28 2015...
VALID TODAY AS OF 0500 PM LOCAL TIME.

CLIMATE NORMAL PERIOD 1981 TO 2010
CLIMATE RECORD PERIOD 1900 TO 2015


WEATHER ITEM   OBSERVED TIME   RECORD YEAR NORMAL DEPARTURE LAST
                VALUE   (LST)  VALUE       VALUE  FROM      YEAR
                                                  NORMAL
..................................................................
TEMPERATURE (F)
 TODAY
  MAXIMUM         28    459 PM  66    1932  32     -4       19
  MINIMUM          0    103 AM -25    1962  14              -2
  AVERAGE         14                        23     -9        9

PRECIPITATION (IN)
  TODAY            0.00          0.85 1951   0.02  -0.02     0.00
  MONTH TO DATE    0.41                      0.43  -0.02     0.12
  SINCE DEC 1      1.48                      1.25   0.23     1.76
  SINCE JAN 1      0.88                      0.86   0.02     0.62

SNOWFALL (IN)
  TODAY            0.0
  MONTH TO DATE    5.6
  SINCE OCT 1     23.1
  SINCE JUL 1     23.1
  SNOW DEPTH       2

DEGREE DAYS
 HEATING
  TODAY           51                        42      9       56
  MONTH TO DATE 1531                      1313    218     1549
  SINCE DEC 1   4289                      4408   -119     4985
  SINCE JUL 1   6269                      6259     10     6817
..................................................................


WIND (MPH)
  HIGHEST WIND SPEED    23   HIGHEST WIND DIRECTION    SW (230)
  HIGHEST GUST SPEED    29   HIGHEST GUST DIRECTION     W (250)
  AVERAGE WIND SPEED    15.8


SKY COVER
  POSSIBLE SUNSHINE  MM
  AVERAGE SKY COVER 0.0


WEATHER CONDITIONS
 THE FOLLOWING WEATHER WAS RECORDED TODAY.
  NO SIGNIFICANT WEATHER WAS OBSERVED.


RELATIVE HUMIDITY (PERCENT)
 HIGHEST    79          1200 AM
 LOWEST     57           400 PM
 AVERAGE    68

..........................................................


THE SISSETON SD CLIMATE NORMALS FOR TOMORROW
                         NORMAL    RECORD    YEAR
 MAXIMUM TEMPERATURE (F)   32        70      1992
 MINIMUM TEMPERATURE (F)   15       -29      1962


SUNRISE AND SUNSET
FEBRUARY 28 2015......SUNRISE   709 AM CST   SUNSET   613 PM CST
MARCH  1 2015.........SUNRISE   707 AM CST   SUNSET   614 PM CST


-  INDICATES NEGATIVE NUMBERS.
R  INDICATES RECORD WAS SET OR TIED.
MM INDICATES DATA IS MISSING.
T  INDICATES TRACE AMOUNT.




$$
