000
CDUS46 KMFR 120042
CLIAAT


CLIMATE REPORT
NATIONAL WEATHER SERVICE MEDFORD, OR
441 PM PST MON DEC 11 2017


...................................

...THE ALTURAS CA CLIMATE SUMMARY FOR DECEMBER 11 2017...
VALID TODAY AS OF 0400 PM LOCAL TIME.

CLIMATE NORMAL PERIOD 1981 TO 2010
CLIMATE RECORD PERIOD 1905 TO 2017


WEATHER ITEM   OBSERVED TIME   RECORD YEAR NORMAL DEPARTURE LAST
                VALUE   (LST)  VALUE       VALUE  FROM      YEAR
                                                  NORMAL
..................................................................
TEMPERATURE (F)
 TODAY
  MAXIMUM         57    151 PM  66    1958  40     17       40
  MINIMUM         13    505 AM -25    1932  19     -6       18
  AVERAGE         35                        30      5       29

PRECIPITATION (IN)
  TODAY            0.00          3.51 1937   0.06  -0.06     0.00
  MONTH TO DATE    0.09                      0.58  -0.49     0.67
  SINCE OCT 1      2.71                      3.38  -0.67     2.67
  SINCE JAN 1     14.90                     13.04   1.86    10.14

SNOWFALL (IN)
  TODAY           MM                        MM     MM       MM
  MONTH TO DATE   MM                        MM     MM       MM
  SINCE JUL 1     MM                        MM     MM       MM
  SNOW DEPTH      MM

DEGREE DAYS
 HEATING
  TODAY           30                        35     -5       36
  MONTH TO DATE  363                       380    -17      384
  SINCE DEC 1    363                       380    -17      384
  SINCE JUL 1   1917                      2190   -273     1892

 COOLING
  TODAY            0                         0      0        0
  MONTH TO DATE    0                         0      0        0
  SINCE DEC 1      0                         0      0        0
  SINCE JAN 1    516                       156    360      254
..................................................................


WIND (MPH)
  HIGHEST WIND SPEED     9   HIGHEST WIND DIRECTION     E (70)
  HIGHEST GUST SPEED    12   HIGHEST GUST DIRECTION     S (190)
  AVERAGE WIND SPEED     2.7


SKY COVER
  POSSIBLE SUNSHINE  MM
  AVERAGE SKY COVER 0.0


WEATHER CONDITIONS
 THE FOLLOWING WEATHER WAS RECORDED TODAY.
  FOG
  HAZE


RELATIVE HUMIDITY (PERCENT)
 HIGHEST    92           500 AM
 LOWEST     24           100 PM
 AVERAGE    58

..........................................................


THE ALTURAS CA CLIMATE NORMALS FOR TOMORROW
                         NORMAL    RECORD    YEAR
 MAXIMUM TEMPERATURE (F)   40        69      1958
 MINIMUM TEMPERATURE (F)   19       -23      1932


SUNRISE AND SUNSET
DECEMBER 11 2017......SUNRISE   719 AM PST   SUNSET   433 PM PST
DECEMBER 12 2017......SUNRISE   720 AM PST   SUNSET   433 PM PST


-  INDICATES NEGATIVE NUMBERS.
R  INDICATES RECORD WAS SET OR TIED.
MM INDICATES DATA IS MISSING.
T  INDICATES TRACE AMOUNT.




$$
