000
CDUS46 KMFR 010839
CLIAAT


CLIMATE REPORT
NATIONAL WEATHER SERVICE MEDFORD, OR
1239 AM PST SUN FEB 1 2015


...................................

...THE ALTURAS CA CLIMATE SUMMARY FOR JANUARY 31 2015...

CLIMATE NORMAL PERIOD 1981 TO 2010
CLIMATE RECORD PERIOD 1905 TO 2015


WEATHER ITEM   OBSERVED TIME   RECORD YEAR NORMAL DEPARTURE LAST
                VALUE   (LST)  VALUE       VALUE  FROM      YEAR
                                                  NORMAL
..................................................................
TEMPERATURE (F)
 YESTERDAY
  MAXIMUM         53    425 PM  63    1934  43     10       38
  MINIMUM         15    620 AM -16    1950  19     -4       12
  AVERAGE         34                        31      3       25

PRECIPITATION (IN)
  YESTERDAY        0.00          0.42 1963   0.05  -0.05     0.00
  MONTH TO DATE    0.11                      1.65  -1.54     0.12
  SINCE OCT 1      4.62                      6.16  -1.54     0.75
  SINCE JAN 1      0.11                      1.65  -1.54     0.12

SNOWFALL (IN)
  YESTERDAY       MM                        MM     MM       MM
  MONTH TO DATE   MM                        MM     MM       MM
  SINCE JUL 1     MM                        MM     MM        0.0
  SNOW DEPTH      MM

DEGREE DAYS
 HEATING
  YESTERDAY       31                        34     -3       40
  MONTH TO DATE  838                      1090   -252      968
  SINCE DEC 1   1691                      2188   -497     2240
  SINCE JUL 1   2982                      3998  -1016     3985

 COOLING
  YESTERDAY        0                         0      0        0
  MONTH TO DATE    0                         0      0        0
  SINCE DEC 1      0                         0      0        0
  SINCE JAN 1      0                         0      0        0
..................................................................


WIND (MPH)
  HIGHEST WIND SPEED     9   HIGHEST WIND DIRECTION    SE (140)
  HIGHEST GUST SPEED    12   HIGHEST GUST DIRECTION    SE (150)
  AVERAGE WIND SPEED     1.6


SKY COVER
  POSSIBLE SUNSHINE  MM
  AVERAGE SKY COVER 0.0


WEATHER CONDITIONS
 THE FOLLOWING WEATHER WAS RECORDED YESTERDAY.
  FOG
  FOG W/VISIBILITY <= 1/4 MILE
  HAZE


RELATIVE HUMIDITY (PERCENT)
 HIGHEST    92           100 AM
 LOWEST     35           300 PM
 AVERAGE    64

..........................................................


THE ALTURAS CA CLIMATE NORMALS FOR TODAY
                         NORMAL    RECORD    YEAR
 MAXIMUM TEMPERATURE (F)   44        66      1934
 MINIMUM TEMPERATURE (F)   20       -20      1917


SUNRISE AND SUNSET
FEBRUARY  1 2015......SUNRISE   714 AM PST   SUNSET   518 PM PST
FEBRUARY  2 2015......SUNRISE   713 AM PST   SUNSET   519 PM PST


-  INDICATES NEGATIVE NUMBERS.
R  INDICATES RECORD WAS SET OR TIED.
MM INDICATES DATA IS MISSING.
T  INDICATES TRACE AMOUNT.




$$
