000
CDUS46 KMFR 080037
CLIAAT


CLIMATE REPORT
NATIONAL WEATHER SERVICE MEDFORD, OR
537 PM PDT TUE JUL 7 2015


...................................

...THE ALTURAS CA CLIMATE SUMMARY FOR JULY 7 2015...
VALID TODAY AS OF 0500 PM LOCAL TIME.

CLIMATE NORMAL PERIOD 1981 TO 2010
CLIMATE RECORD PERIOD 1905 TO 2015


WEATHER ITEM   OBSERVED TIME   RECORD YEAR NORMAL DEPARTURE LAST
                VALUE   (LST)  VALUE       VALUE  FROM      YEAR
                                                  NORMAL
..................................................................
TEMPERATURE (F)
 TODAY
  MAXIMUM         88   1128 AM 102    2014  86      2      102
  MINIMUM         55    433 AM  29    1929  44     11       51
  AVERAGE         72                        65      7       77

PRECIPITATION (IN)
  TODAY            0.00          0.05 1960   0.01  -0.01     0.00
  MONTH TO DATE    0.26                      0.07   0.19     0.00
  SINCE OCT 1     10.17                     13.02  -2.85     6.04
  SINCE JAN 1      5.66                      8.51  -2.85     5.41

SNOWFALL (IN)
  TODAY           MM                        MM     MM       MM
  MONTH TO DATE   MM                        MM     MM       MM
  SINCE JUL 1     MM                        MM     MM       MM
  SNOW DEPTH      MM

DEGREE DAYS
 HEATING
  TODAY            0                         2     -2        0
  MONTH TO DATE    0                        15    -15        0
  SINCE JUN 1     30                       195   -165       89
  SINCE JUL 1      0                        15    -15        0

 COOLING
  TODAY            7                         2      5       12
  MONTH TO DATE   75                        11     64       50
  SINCE JUN 1    178                        22    156       70
  SINCE JAN 1    178                        22    156       70
..................................................................


WIND (MPH)
  HIGHEST WIND SPEED    21   HIGHEST WIND DIRECTION    SW (210)
  HIGHEST GUST SPEED    27   HIGHEST GUST DIRECTION    SW (210)
  AVERAGE WIND SPEED     4.7


SKY COVER
  POSSIBLE SUNSHINE  MM
  AVERAGE SKY COVER 0.1


WEATHER CONDITIONS
 THE FOLLOWING WEATHER WAS RECORDED TODAY.
  NO SIGNIFICANT WEATHER WAS OBSERVED.


RELATIVE HUMIDITY (PERCENT)
 HIGHEST    86           400 AM
 LOWEST     22          1200 PM
 AVERAGE    54

..........................................................


THE ALTURAS CA CLIMATE NORMALS FOR TOMORROW
                         NORMAL    RECORD    YEAR
 MAXIMUM TEMPERATURE (F)   87       100      1956
 MINIMUM TEMPERATURE (F)   45        31      1981


SUNRISE AND SUNSET
JULY  7 2015..........SUNRISE   536 AM PDT   SUNSET   838 PM PDT
JULY  8 2015..........SUNRISE   536 AM PDT   SUNSET   838 PM PDT


-  INDICATES NEGATIVE NUMBERS.
R  INDICATES RECORD WAS SET OR TIED.
MM INDICATES DATA IS MISSING.
T  INDICATES TRACE AMOUNT.




$$
