000
CDUS46 KMFR 220036
CLIAAT


CLIMATE REPORT
NATIONAL WEATHER SERVICE MEDFORD, OR
436 PM PST WED FEB 21 2018


...................................

...THE ALTURAS CA CLIMATE SUMMARY FOR FEBRUARY 21 2018...
VALID TODAY AS OF 0400 PM LOCAL TIME.

CLIMATE NORMAL PERIOD 1981 TO 2010
CLIMATE RECORD PERIOD 1905 TO 2018


WEATHER ITEM   OBSERVED TIME   RECORD YEAR NORMAL DEPARTURE LAST
                VALUE   (LST)  VALUE       VALUE  FROM      YEAR
                                                  NORMAL
..................................................................
TEMPERATURE (F)
 TODAY
  MAXIMUM         36    329 PM  69    1977  48    -12       40
  MINIMUM         12    641 AM  -3    1952  23    -11       30
  AVERAGE         24                        35    -11       35

PRECIPITATION (IN)
  TODAY            0.00          0.47 1996   0.05  -0.05     0.30
  MONTH TO DATE    0.12                      1.06  -0.94     2.75
  SINCE OCT 1      4.45                      7.22  -2.77     9.76
  SINCE JAN 1      1.45                      2.71  -1.26     6.01

SNOWFALL (IN)
  TODAY           MM                        MM     MM       MM
  MONTH TO DATE   MM                        MM     MM       MM
  SINCE JUL 1     MM                        MM     MM       MM
  SNOW DEPTH      MM

DEGREE DAYS
 HEATING
  TODAY           41                        30     11       30
  MONTH TO DATE  649                       665    -16      522
  SINCE DEC 1   2551                      2853   -302     2875
  SINCE JUL 1   4105                      4663   -558     4383

 COOLING
  TODAY            0                         0      0        0
  MONTH TO DATE    0                         0      0        0
  SINCE DEC 1      0                         0      0        0
  SINCE JAN 1      0                         0      0        0
..................................................................


WIND (MPH)
  HIGHEST WIND SPEED     7   HIGHEST WIND DIRECTION     S (170)
  HIGHEST GUST SPEED     9   HIGHEST GUST DIRECTION     S (160)
  AVERAGE WIND SPEED     0.7


SKY COVER
  POSSIBLE SUNSHINE  MM
  AVERAGE SKY COVER 0.6


WEATHER CONDITIONS
 THE FOLLOWING WEATHER WAS RECORDED TODAY.
  FOG
  HAZE


RELATIVE HUMIDITY (PERCENT)
 HIGHEST    88           700 AM
 LOWEST     40           200 PM
 AVERAGE    64

..........................................................


THE ALTURAS CA CLIMATE NORMALS FOR TOMORROW
                         NORMAL    RECORD    YEAR
 MAXIMUM TEMPERATURE (F)   48        66      1995
 MINIMUM TEMPERATURE (F)   23       -14      1913


SUNRISE AND SUNSET
FEBRUARY 21 2018......SUNRISE   649 AM PST   SUNSET   543 PM PST
FEBRUARY 22 2018......SUNRISE   647 AM PST   SUNSET   545 PM PST


-  INDICATES NEGATIVE NUMBERS.
R  INDICATES RECORD WAS SET OR TIED.
MM INDICATES DATA IS MISSING.
T  INDICATES TRACE AMOUNT.




$$
