000
CDUS46 KMFR 070841
CLIAAT


CLIMATE REPORT
NATIONAL WEATHER SERVICE MEDFORD, OR
1241 AM PST WED DEC 7 2016


...................................

...THE ALTURAS CA CLIMATE SUMMARY FOR DECEMBER 6 2016...

CLIMATE NORMAL PERIOD 1981 TO 2010
CLIMATE RECORD PERIOD 1905 TO 2016


WEATHER ITEM   OBSERVED TIME   RECORD YEAR NORMAL DEPARTURE LAST
                VALUE   (LST)  VALUE       VALUE  FROM      YEAR
                                                  NORMAL
..................................................................
TEMPERATURE (F)
 YESTERDAY
  MAXIMUM         34   1148 AM  64    1939  41     -7       44
  MINIMUM         13   1159 PM  -3    1909  20     -7       32
  AVERAGE         24                        30     -6       38

PRECIPITATION (IN)
  YESTERDAY        0.02          1.01 2003   0.04  -0.02     0.17
  MONTH TO DATE    0.03                      0.30  -0.27     0.35
  SINCE OCT 1      2.03                      3.10  -1.07     2.82
  SINCE JAN 1      9.50                     12.76  -3.26    10.02

SNOWFALL (IN)
  YESTERDAY       MM                        MM     MM       MM
  MONTH TO DATE   MM                        MM     MM       MM
  SINCE JUL 1     MM                        MM     MM       MM
  SNOW DEPTH      MM

DEGREE DAYS
 HEATING
  YESTERDAY       41                        35      6       27
  MONTH TO DATE  215                       205     10      177
  SINCE DEC 1    215                       205     10      177
  SINCE JUL 1   1723                      2015   -292     1704

 COOLING
  YESTERDAY        0                         0      0        0
  MONTH TO DATE    0                         0      0        0
  SINCE DEC 1      0                         0      0        0
  SINCE JAN 1    254                       156     98      333
..................................................................


WIND (MPH)
  HIGHEST WIND SPEED    22   HIGHEST WIND DIRECTION    NW (310)
  HIGHEST GUST SPEED    27   HIGHEST GUST DIRECTION    NW (300)
  AVERAGE WIND SPEED     5.5


SKY COVER
  POSSIBLE SUNSHINE  MM
  AVERAGE SKY COVER 0.6


WEATHER CONDITIONS
 THE FOLLOWING WEATHER WAS RECORDED YESTERDAY.
  LIGHT SNOW
  FOG


RELATIVE HUMIDITY (PERCENT)
 HIGHEST    92          1200 AM
 LOWEST     66           300 PM
 AVERAGE    79

..........................................................


THE ALTURAS CA CLIMATE NORMALS FOR TODAY
                         NORMAL    RECORD    YEAR
 MAXIMUM TEMPERATURE (F)   41        63      1965
 MINIMUM TEMPERATURE (F)   20       -11      2013


SUNRISE AND SUNSET
DECEMBER  7 2016......SUNRISE   716 AM PST   SUNSET   432 PM PST
DECEMBER  8 2016......SUNRISE   716 AM PST   SUNSET   432 PM PST


-  INDICATES NEGATIVE NUMBERS.
R  INDICATES RECORD WAS SET OR TIED.
MM INDICATES DATA IS MISSING.
T  INDICATES TRACE AMOUNT.




$$
