000
CDUS41 KPHI 220630
CLIABE


CLIMATE REPORT
NATIONAL WEATHER SERVICE MOUNT HOLLY NJ
130 AM EST SUN JAN 22 2017


...................................

...THE ALLENTOWN PA CLIMATE SUMMARY FOR JANUARY 21 2017...

CLIMATE NORMAL PERIOD 1981 TO 2010
CLIMATE RECORD PERIOD 1922 TO 2017


WEATHER ITEM   OBSERVED TIME   RECORD YEAR NORMAL DEPARTURE LAST
                VALUE   (LST)  VALUE       VALUE  FROM      YEAR
                                                  NORMAL
..................................................................
TEMPERATURE (F)
 YESTERDAY
  MAXIMUM         48    258 PM  63    1959  36     12       34
  MINIMUM         39    551 AM -15    1994  19     20       20
  AVERAGE         44                        28     16       27

PRECIPITATION (IN)
  YESTERDAY        0.00          1.42 1979   0.10  -0.10     0.00
  MONTH TO DATE    2.42                      2.04   0.38     1.42
  SINCE DEC 1      4.85                      5.62  -0.77     5.62
  SINCE JAN 1      2.42                      2.04   0.38     1.42

SNOWFALL (IN)
  YESTERDAY        0.0           7.0  2001   0.3   -0.3      0.0
  MONTH TO DATE    2.1                       6.5   -4.4      0.4
  SINCE DEC 1      2.8                      11.7   -8.9      0.4
  SINCE JUL 1      2.8                      12.4   -9.6      0.4
  SNOW DEPTH       0

DEGREE DAYS
 HEATING
  YESTERDAY       21                        37    -16       38
  MONTH TO DATE  662                       785   -123      721
  SINCE DEC 1   1612                      1800   -188     1307
  SINCE JUL 1   2517                      2980   -463     2189

 COOLING
  YESTERDAY        0                         0      0        0
  MONTH TO DATE    0                         0      0        0
  SINCE DEC 1      0                         0      0        0
  SINCE JAN 1      0                         0      0        0
..................................................................


WIND (MPH)
  HIGHEST WIND SPEED    10   HIGHEST WIND DIRECTION    SW (240)
  HIGHEST GUST SPEED    11   HIGHEST GUST DIRECTION     W (250)
  AVERAGE WIND SPEED     3.7


SKY COVER
  POSSIBLE SUNSHINE  MM
  AVERAGE SKY COVER 1.0


WEATHER CONDITIONS
 THE FOLLOWING WEATHER WAS RECORDED YESTERDAY.
  FOG
  FOG W/VISIBILITY <= 1/4 MILE


RELATIVE HUMIDITY (PERCENT)
 HIGHEST    96          1000 PM
 LOWEST     86           100 PM
 AVERAGE    91

..........................................................


THE ALLENTOWN PA CLIMATE NORMALS FOR TODAY
                         NORMAL    RECORD    YEAR
 MAXIMUM TEMPERATURE (F)   36        63      1959
 MINIMUM TEMPERATURE (F)   19       -12      1961


SUNRISE AND SUNSET
JANUARY 22 2017.......SUNRISE   720 AM EST   SUNSET   508 PM EST
JANUARY 23 2017.......SUNRISE   719 AM EST   SUNSET   509 PM EST


-  INDICATES NEGATIVE NUMBERS.
R  INDICATES RECORD WAS SET OR TIED.
MM INDICATES DATA IS MISSING.
T  INDICATES TRACE AMOUNT.




$$
