000
CDUS41 KPHI 170547
CLIABE


CLIMATE REPORT
NATIONAL WEATHER SERVICE MOUNT HOLLY NJ
146 AM EDT TUE OCT 17 2017


...................................

...THE ALLENTOWN PA CLIMATE SUMMARY FOR OCTOBER 16 2017...

CLIMATE NORMAL PERIOD 1981 TO 2010
CLIMATE RECORD PERIOD 1922 TO 2017


WEATHER ITEM   OBSERVED TIME   RECORD YEAR NORMAL DEPARTURE LAST
                VALUE   (LST)  VALUE       VALUE  FROM      YEAR
                                                  NORMAL
..................................................................
TEMPERATURE (F)
 YESTERDAY
  MAXIMUM         66    113 AM  81    1963  64      2       70
                                      1947
                                      1938
  MINIMUM         42   1159 PM  26    1944  41      1       39
  AVERAGE         54                        52      2       55

PRECIPITATION (IN)
  YESTERDAY        0.01          1.23 2002   0.12  -0.11     0.01
  MONTH TO DATE    1.33                      2.19  -0.86     0.32
  SINCE SEP 1      5.13                      6.81  -1.68     3.74
  SINCE JAN 1     44.27                     36.58   7.69    30.15

SNOWFALL (IN)
  YESTERDAY        0.0           T    2009   0.0    0.0      0.0
  MONTH TO DATE    0.0                       0.0    0.0      0.0
  SINCE SEP 1      0.0                       0.0    0.0      0.0
  SINCE JUL 1      0.0                       0.0    0.0      0.0
  SNOW DEPTH       0

DEGREE DAYS
 HEATING
  YESTERDAY       11                        13     -2       10
  MONTH TO DATE   54                       168   -114      130
  SINCE SEP 1    110                       272   -162      172
  SINCE JUL 1    114                       283   -169      172

 COOLING
  YESTERDAY        0                         0      0        0
  MONTH TO DATE   51                         3     48        0
  SINCE SEP 1    195                        74    121      176
  SINCE JAN 1   1003                       753    250     1208
..................................................................


WIND (MPH)
  HIGHEST WIND SPEED    22   HIGHEST WIND DIRECTION     N (340)
  HIGHEST GUST SPEED    26   HIGHEST GUST DIRECTION     N (350)
  AVERAGE WIND SPEED    10.2


SKY COVER
  POSSIBLE SUNSHINE  MM
  AVERAGE SKY COVER 0.2


WEATHER CONDITIONS
 THE FOLLOWING WEATHER WAS RECORDED YESTERDAY.
  LIGHT RAIN


RELATIVE HUMIDITY (PERCENT)
 HIGHEST    84           300 AM
 LOWEST     40           400 PM
 AVERAGE    62

..........................................................


THE ALLENTOWN PA CLIMATE NORMALS FOR TODAY
                         NORMAL    RECORD    YEAR
 MAXIMUM TEMPERATURE (F)   63        88      1938
 MINIMUM TEMPERATURE (F)   41        25      1937


SUNRISE AND SUNSET
OCTOBER 17 2017.......SUNRISE   715 AM EDT   SUNSET   618 PM EDT
OCTOBER 18 2017.......SUNRISE   716 AM EDT   SUNSET   617 PM EDT


-  INDICATES NEGATIVE NUMBERS.
R  INDICATES RECORD WAS SET OR TIED.
MM INDICATES DATA IS MISSING.
T  INDICATES TRACE AMOUNT.




$$
