000
CDUS41 KPHI 242127
CLIABE


CLIMATE REPORT
NATIONAL WEATHER SERVICE MOUNT HOLLY NJ
527 PM EDT WED MAY 24 2017


...................................

...THE ALLENTOWN PA CLIMATE SUMMARY FOR MAY 24 2017...
VALID TODAY AS OF 0500 PM LOCAL TIME.

CLIMATE NORMAL PERIOD 1981 TO 2010
CLIMATE RECORD PERIOD 1922 TO 2017


WEATHER ITEM   OBSERVED TIME   RECORD YEAR NORMAL DEPARTURE LAST
                VALUE   (LST)  VALUE       VALUE  FROM      YEAR
                                                  NORMAL
..................................................................
TEMPERATURE (F)
 TODAY
  MAXIMUM         74    329 PM  90    1936  74      0       84
  MINIMUM         55   1200 AM  33    1926  51      4       54
  AVERAGE         65                        62      3       69

PRECIPITATION (IN)
  TODAY            0.06          1.18 1978   0.14  -0.08     0.00
  MONTH TO DATE    3.11                      3.14  -0.03     3.09
  SINCE MAR 1     10.99                     10.09   0.90     5.84
  SINCE JAN 1     16.08                     15.82   0.26    14.87

SNOWFALL (IN)
  TODAY            0.0           0.0    MM   0.0    0.0      0.0
  MONTH TO DATE    0.0                       0.0    0.0      0.0
  SINCE MAR 1     18.3                       5.9   12.4      0.3
  SINCE JUL 1     28.3                      32.9   -4.6     36.2
  SNOW DEPTH       0

DEGREE DAYS
 HEATING
  TODAY            0                         5     -5        0
  MONTH TO DATE  177                       173      4      194
  SINCE MAR 1   1270                      1434   -164     1199
  SINCE JUL 1   4772                      5743   -971     4656

 COOLING
  TODAY            0                         2     -2        4
  MONTH TO DATE   35                        22     13        4
  SINCE MAR 1     54                        27     27       13
  SINCE JAN 1     54                        27     27       13
..................................................................


WIND (MPH)
  HIGHEST WIND SPEED    15   HIGHEST WIND DIRECTION    SE (120)
  HIGHEST GUST SPEED    20   HIGHEST GUST DIRECTION     E (110)
  AVERAGE WIND SPEED     6.2


SKY COVER
  POSSIBLE SUNSHINE  MM
  AVERAGE SKY COVER 0.7


WEATHER CONDITIONS
 THE FOLLOWING WEATHER WAS RECORDED TODAY.
  LIGHT RAIN
  FOG
  HAZE


RELATIVE HUMIDITY (PERCENT)
 HIGHEST    93           300 AM
 LOWEST     44           100 PM
 AVERAGE    69

..........................................................


THE ALLENTOWN PA CLIMATE NORMALS FOR TOMORROW
                         NORMAL    RECORD    YEAR
 MAXIMUM TEMPERATURE (F)   74        90      1991
 MINIMUM TEMPERATURE (F)   51        33      1956


SUNRISE AND SUNSET
MAY 24 2017...........SUNRISE   537 AM EDT   SUNSET   820 PM EDT
MAY 25 2017...........SUNRISE   537 AM EDT   SUNSET   821 PM EDT


-  INDICATES NEGATIVE NUMBERS.
R  INDICATES RECORD WAS SET OR TIED.
MM INDICATES DATA IS MISSING.
T  INDICATES TRACE AMOUNT.




$$
