000
CDUS41 KPHI 260631
CLIABE


CLIMATE REPORT
NATIONAL WEATHER SERVICE MOUNT HOLLY NJ
230 AM EDT MON JUN 26 2017


...................................

...THE ALLENTOWN PA CLIMATE SUMMARY FOR JUNE 25 2017...

CLIMATE NORMAL PERIOD 1981 TO 2010
CLIMATE RECORD PERIOD 1922 TO 2017


WEATHER ITEM   OBSERVED TIME   RECORD YEAR NORMAL DEPARTURE LAST
                VALUE   (LST)  VALUE       VALUE  FROM      YEAR
                                                  NORMAL
..................................................................
TEMPERATURE (F)
 YESTERDAY
  MAXIMUM         83    115 PM  98    1923  83      0       88
  MINIMUM         60    458 AM  46    1979  61     -1       60
  AVERAGE         72                        72      0       74

PRECIPITATION (IN)
  YESTERDAY        T             1.20 1919   0.14  -0.14     0.00
  MONTH TO DATE    4.74                      3.57   1.17     1.37
  SINCE JUN 1      4.74                      3.57   1.17     1.37
  SINCE JAN 1     21.92                     20.39   1.53    17.20

SNOWFALL (IN)
  YESTERDAY        0.0           0.0  2002   0.0    0.0      0.0
                                      2001
  MONTH TO DATE    0.0                       0.0    0.0      0.0
  SINCE JUN 1      0.0                       0.0    0.0      0.0
  SINCE JUL 1     28.3                      32.9   -4.6     36.2
  SNOW DEPTH       0

DEGREE DAYS
 HEATING
  YESTERDAY        0                         0      0        0
  MONTH TO DATE   27                        32     -5        9
  SINCE JUN 1     27                        32     -5        9
  SINCE JUL 1   4816                      5800   -984     4665

 COOLING
  YESTERDAY        7                         7      0        9
  MONTH TO DATE  180                       119     61      157
  SINCE JUN 1    180                       119     61      157
  SINCE JAN 1    240                       164     76      244
..................................................................


WIND (MPH)
  HIGHEST WIND SPEED    16   HIGHEST WIND DIRECTION     W (270)
  HIGHEST GUST SPEED    22   HIGHEST GUST DIRECTION     W (250)
  AVERAGE WIND SPEED     5.0


SKY COVER
  POSSIBLE SUNSHINE  MM
  AVERAGE SKY COVER 0.2


WEATHER CONDITIONS
 THE FOLLOWING WEATHER WAS RECORDED YESTERDAY.
  LIGHT RAIN


RELATIVE HUMIDITY (PERCENT)
 HIGHEST    90           500 AM
 LOWEST     33           500 PM
 AVERAGE    62

..........................................................


THE ALLENTOWN PA CLIMATE NORMALS FOR TODAY
                         NORMAL    RECORD    YEAR
 MAXIMUM TEMPERATURE (F)   83        99      1952
 MINIMUM TEMPERATURE (F)   61        49      1965


SUNRISE AND SUNSET
JUNE 26 2017..........SUNRISE   532 AM EDT   SUNSET   837 PM EDT
JUNE 27 2017..........SUNRISE   533 AM EDT   SUNSET   837 PM EDT


-  INDICATES NEGATIVE NUMBERS.
R  INDICATES RECORD WAS SET OR TIED.
MM INDICATES DATA IS MISSING.
T  INDICATES TRACE AMOUNT.




$$
