000
CDUS41 KPHI 280630
CLIABE


CLIMATE REPORT
NATIONAL WEATHER SERVICE MOUNT HOLLY NJ
128 AM EST SAT FEB 28 2015


...................................

...THE ALLENTOWN PA CLIMATE SUMMARY FOR FEBRUARY 27 2015...

CLIMATE NORMAL PERIOD 1981 TO 2010
CLIMATE RECORD PERIOD 1922 TO 2015


WEATHER ITEM   OBSERVED TIME   RECORD YEAR NORMAL DEPARTURE LAST
                VALUE   (LST)  VALUE       VALUE  FROM      YEAR
                                                  NORMAL
..................................................................
TEMPERATURE (F)
 YESTERDAY
  MAXIMUM         26    432 PM  72    1997  43    -17       28
  MINIMUM          9   1120 PM  -2    1963  24    -15        3
  AVERAGE         18                        34    -16       16

PRECIPITATION (IN)
  YESTERDAY        0.00          1.28 1958   0.09  -0.09      T
  MONTH TO DATE    1.83                      2.60  -0.77     4.45
  SINCE DEC 1      8.20                      9.21  -1.01    13.03
  SINCE JAN 1      4.55                      5.63  -1.08     8.99

SNOWFALL (IN)
  YESTERDAY        0.0           5.5  1934   0.3   -0.3       T
  MONTH TO DATE   13.2                      10.8    2.4     36.5
  SINCE DEC 1     26.6                      26.0    0.6     66.7
  SINCE JUL 1     32.3                      26.7    5.6     66.7
  SNOW DEPTH       4

DEGREE DAYS
 HEATING
  YESTERDAY       47                        31     16       49
  MONTH TO DATE 1236                       927    309     1057
  SINCE DEC 1   3298                      3097    201     3387
  SINCE JUL 1   4433                      4277    156     4546

 COOLING
  YESTERDAY        0                         0      0        0
  MONTH TO DATE    0                         0      0        0
  SINCE DEC 1      0                         0      0        0
  SINCE JAN 1      0                         0      0        0
..................................................................


WIND (MPH)
  HIGHEST WIND SPEED    14   HIGHEST WIND DIRECTION    NW (300)
  HIGHEST GUST SPEED    18   HIGHEST GUST DIRECTION     W (280)
  AVERAGE WIND SPEED     5.2


SKY COVER
  POSSIBLE SUNSHINE  MM
  AVERAGE SKY COVER 0.3


WEATHER CONDITIONS
 THE FOLLOWING WEATHER WAS RECORDED YESTERDAY.
  NO SIGNIFICANT WEATHER WAS OBSERVED.


RELATIVE HUMIDITY (PERCENT)
 HIGHEST    73          1200 AM
 LOWEST     35          1200 PM
 AVERAGE    54

..........................................................


THE ALLENTOWN PA CLIMATE NORMALS FOR TODAY
                         NORMAL    RECORD    YEAR
 MAXIMUM TEMPERATURE (F)   44        67      1976
 MINIMUM TEMPERATURE (F)   24       -10      1934


SUNRISE AND SUNSET
FEBRUARY 28 2015......SUNRISE   637 AM EST   SUNSET   552 PM EST
MARCH  1 2015.........SUNRISE   636 AM EST   SUNSET   553 PM EST


-  INDICATES NEGATIVE NUMBERS.
R  INDICATES RECORD WAS SET OR TIED.
MM INDICATES DATA IS MISSING.
T  INDICATES TRACE AMOUNT.




$$
