000
CDUS41 KPHI 290630
CLIABE


CLIMATE REPORT
NATIONAL WEATHER SERVICE MOUNT HOLLY NJ
229 AM EDT SUN MAR 29 2015


...................................

...THE ALLENTOWN PA CLIMATE SUMMARY FOR MARCH 28 2015...

CLIMATE NORMAL PERIOD 1981 TO 2010
CLIMATE RECORD PERIOD 1922 TO 2015


WEATHER ITEM   OBSERVED TIME   RECORD YEAR NORMAL DEPARTURE LAST
                VALUE   (LST)  VALUE       VALUE  FROM      YEAR
                                                  NORMAL
..................................................................
TEMPERATURE (F)
 YESTERDAY
  MAXIMUM         38    207 PM  85    1945  54    -16       59
  MINIMUM         25   1108 PM  11    1923  33     -8       34
  AVERAGE         32                        43    -11       47

PRECIPITATION (IN)
  YESTERDAY        0.00          1.72 2005   0.11  -0.11     0.09
  MONTH TO DATE    4.29                      3.03   1.26     1.02
  SINCE MAR 1      4.29                      3.03   1.26     1.02
  SINCE JAN 1      8.84                      8.76   0.08    10.01

SNOWFALL (IN)
  YESTERDAY        0.0           4.3  1984   0.1   -0.1      0.0
  MONTH TO DATE   17.4                       4.7   12.7      1.1
  SINCE MAR 1     17.4                       4.7   12.7      1.1
  SINCE JUL 1     49.7                      31.7   18.0     67.8
  SNOW DEPTH       0

DEGREE DAYS
 HEATING
  YESTERDAY       33                        22     11       18
  MONTH TO DATE  876                       741    135      898
  SINCE MAR 1    876                       741    135      898
  SINCE JUL 1   5357                      5050    307     5496

 COOLING
  YESTERDAY        0                         0      0        0
  MONTH TO DATE    0                         0      0        0
  SINCE MAR 1      0                         0      0        0
  SINCE JAN 1      0                         0      0        0
..................................................................


WIND (MPH)
  HIGHEST WIND SPEED    24   HIGHEST WIND DIRECTION    NW (330)
  HIGHEST GUST SPEED    35   HIGHEST GUST DIRECTION    NW (320)
  AVERAGE WIND SPEED    15.0


SKY COVER
  POSSIBLE SUNSHINE  MM
  AVERAGE SKY COVER 0.8


WEATHER CONDITIONS
 THE FOLLOWING WEATHER WAS RECORDED YESTERDAY.
  NO SIGNIFICANT WEATHER WAS OBSERVED.


RELATIVE HUMIDITY (PERCENT)
 HIGHEST    70          1200 AM
 LOWEST     37           200 PM
 AVERAGE    54

..........................................................


THE ALLENTOWN PA CLIMATE NORMALS FOR TODAY
                         NORMAL    RECORD    YEAR
 MAXIMUM TEMPERATURE (F)   55        86      1945
 MINIMUM TEMPERATURE (F)   33        13      1923


SUNRISE AND SUNSET
MARCH 29 2015.........SUNRISE   651 AM EDT   SUNSET   723 PM EDT
MARCH 30 2015.........SUNRISE   649 AM EDT   SUNSET   724 PM EDT


-  INDICATES NEGATIVE NUMBERS.
R  INDICATES RECORD WAS SET OR TIED.
MM INDICATES DATA IS MISSING.
T  INDICATES TRACE AMOUNT.




$$
