000
CDUS41 KPHI 230631
CLIABE


CLIMATE REPORT
NATIONAL WEATHER SERVICE MOUNT HOLLY NJ
231 AM EDT SUN APR 23 2017


...................................

...THE ALLENTOWN PA CLIMATE SUMMARY FOR APRIL 22 2017...

CLIMATE NORMAL PERIOD 1981 TO 2010
CLIMATE RECORD PERIOD 1922 TO 2017


WEATHER ITEM   OBSERVED TIME   RECORD YEAR NORMAL DEPARTURE LAST
                VALUE   (LST)  VALUE       VALUE  FROM      YEAR
                                                  NORMAL
..................................................................
TEMPERATURE (F)
 YESTERDAY
  MAXIMUM         57   1231 PM  92    1985  64     -7       77
  MINIMUM         42   1122 PM  28    1981  41      1       54
  AVERAGE         50                        52     -2       66

PRECIPITATION (IN)
  YESTERDAY        T             1.66 2012   0.11  -0.11     0.02
  MONTH TO DATE    2.23                      2.62  -0.39     1.38
  SINCE MAR 1      7.49                      6.01   1.48     2.34
  SINCE JAN 1     12.58                     11.74   0.84    11.37

SNOWFALL (IN)
  YESTERDAY        0.0           T    1986   0.0    0.0      0.0
  MONTH TO DATE    0.0                       0.9   -0.9       T
  SINCE MAR 1     18.3                       5.8   12.5      0.3
  SINCE JUL 1     28.3                      32.8   -4.5     36.2
  SNOW DEPTH       0

DEGREE DAYS
 HEATING
  YESTERDAY       15                        13      2        0
  MONTH TO DATE  215                       364   -149      353
  SINCE MAR 1   1050                      1167   -117      923
  SINCE JUL 1   4552                      5476   -924     4380

 COOLING
  YESTERDAY        0                         0      0        1
  MONTH TO DATE    2                         0      2        6
  SINCE MAR 1      2                         0      2        8
  SINCE JAN 1      2                         0      2        8
..................................................................


WIND (MPH)
  HIGHEST WIND SPEED    14   HIGHEST WIND DIRECTION     N (350)
  HIGHEST GUST SPEED    20   HIGHEST GUST DIRECTION     N (360)
  AVERAGE WIND SPEED     6.3


SKY COVER
  POSSIBLE SUNSHINE  MM
  AVERAGE SKY COVER 0.8


WEATHER CONDITIONS
 THE FOLLOWING WEATHER WAS RECORDED YESTERDAY.
  LIGHT RAIN
  FOG
  HAZE


RELATIVE HUMIDITY (PERCENT)
 HIGHEST    86          1200 AM
 LOWEST     54           800 PM
 AVERAGE    70

..........................................................


THE ALLENTOWN PA CLIMATE NORMALS FOR TODAY
                         NORMAL    RECORD    YEAR
 MAXIMUM TEMPERATURE (F)   64        89      1960
 MINIMUM TEMPERATURE (F)   41        28      1945
                                             1936
                                             1933


SUNRISE AND SUNSET
APRIL 23 2017.........SUNRISE   611 AM EDT   SUNSET   750 PM EDT
APRIL 24 2017.........SUNRISE   610 AM EDT   SUNSET   751 PM EDT


-  INDICATES NEGATIVE NUMBERS.
R  INDICATES RECORD WAS SET OR TIED.
MM INDICATES DATA IS MISSING.
T  INDICATES TRACE AMOUNT.




$$
