000
CDUS41 KPHI 250629
CLIABE


CLIMATE REPORT
NATIONAL WEATHER SERVICE MOUNT HOLLY NJ
229 AM EDT WED MAY 25 2016


...................................

...THE ALLENTOWN PA CLIMATE SUMMARY FOR MAY 24 2016...

CLIMATE NORMAL PERIOD 1981 TO 2010
CLIMATE RECORD PERIOD 1922 TO 2016


WEATHER ITEM   OBSERVED TIME   RECORD YEAR NORMAL DEPARTURE LAST
                VALUE   (LST)  VALUE       VALUE  FROM      YEAR
                                                  NORMAL
..................................................................
TEMPERATURE (F)
 YESTERDAY
  MAXIMUM         84    424 PM  90    1936  74     10       82
  MINIMUM         54    521 AM  33    1926  51      3       39
  AVERAGE         69                        62      7       61

PRECIPITATION (IN)
  YESTERDAY        0.00          1.18 1978   0.14  -0.14     0.00
  MONTH TO DATE    3.09                      3.14  -0.05     0.09
  SINCE MAR 1      5.84                     10.09  -4.25     6.33
  SINCE JAN 1     14.87                     15.82  -0.95    10.88

SNOWFALL (IN)
  YESTERDAY        0.0           0.0    MM   0.0    0.0      0.0
  MONTH TO DATE    0.0                       0.0    0.0      0.0
  SINCE MAR 1      0.3                       5.9   -5.6     17.8
  SINCE JUL 1     36.2                      32.9    3.3     50.1
  SNOW DEPTH       0

DEGREE DAYS
 HEATING
  YESTERDAY        0                         5     -5        4
  MONTH TO DATE  194                       173     21       81
  SINCE MAR 1   1199                      1434   -235     1447
  SINCE JUL 1   4656                      5743  -1087     5928

 COOLING
  YESTERDAY        4                         2      2        0
  MONTH TO DATE    4                        22    -18       61
  SINCE MAR 1     13                        27    -14       61
  SINCE JAN 1     13                        27    -14       61
..................................................................


WIND (MPH)
  HIGHEST WIND SPEED    18   HIGHEST WIND DIRECTION     N (350)
  HIGHEST GUST SPEED    28   HIGHEST GUST DIRECTION    NW (320)
  AVERAGE WIND SPEED     5.6


SKY COVER
  POSSIBLE SUNSHINE  MM
  AVERAGE SKY COVER 0.1


WEATHER CONDITIONS
 THE FOLLOWING WEATHER WAS RECORDED YESTERDAY.
  FOG


RELATIVE HUMIDITY (PERCENT)
 HIGHEST    93           400 AM
 LOWEST     22           400 PM
 AVERAGE    58

..........................................................


THE ALLENTOWN PA CLIMATE NORMALS FOR TODAY
                         NORMAL    RECORD    YEAR
 MAXIMUM TEMPERATURE (F)   74        90      1991
 MINIMUM TEMPERATURE (F)   51        33      1956


SUNRISE AND SUNSET
MAY 25 2016...........SUNRISE   536 AM EDT   SUNSET   821 PM EDT
MAY 26 2016...........SUNRISE   536 AM EDT   SUNSET   822 PM EDT


-  INDICATES NEGATIVE NUMBERS.
R  INDICATES RECORD WAS SET OR TIED.
MM INDICATES DATA IS MISSING.
T  INDICATES TRACE AMOUNT.




$$
