000
CDUS44 KSJT 210759
CLIABI


CLIMATE REPORT
NATIONAL WEATHER SERVICE SAN ANGELO TX
259 AM CDT SAT OCT 21 2017


...................................

...THE ABILENE CLIMATE SUMMARY FOR OCTOBER 20 2017...

CLIMATE NORMAL PERIOD 1981 TO 2010
CLIMATE RECORD PERIOD 1886 TO 2017


WEATHER ITEM   OBSERVED TIME   RECORD YEAR NORMAL DEPARTURE LAST
                VALUE   (LST)  VALUE       VALUE  FROM      YEAR
                                                  NORMAL
..................................................................
TEMPERATURE (F)
 YESTERDAY
  MAXIMUM         82    304 PM  93    1979  76      6       76
  MINIMUM         62    714 AM  29    1976  53      9       52
  AVERAGE         72                        65      7       64

PRECIPITATION (IN)
  YESTERDAY        0.04          1.73 1983   0.10  -0.06     0.00
  MONTH TO DATE    0.06                      1.98  -1.92     0.40
  SINCE SEP 1      4.49                      4.22   0.27     5.99
  SINCE JAN 1     18.94                     21.18  -2.24    33.10

SNOWFALL (IN)
  YESTERDAY        0.0           0.0  2002   0.0    0.0      0.0
  MONTH TO DATE    0.0                       0.0    0.0      0.0
  SINCE NOV 1      T                         4.7   -4.7      5.1
  SINCE JUL 1      0.0                       0.0    0.0      0.0

DEGREE DAYS
 HEATING
  YESTERDAY        0                         3     -3        1
  MONTH TO DATE   34                        42     -8       10
  SINCE SEP 1     40                        53    -13       11
  SINCE JUL 1     40                        53    -13       11

 COOLING
  YESTERDAY        7                         3      4        0
  MONTH TO DATE  127                        92     35      155
  SINCE SEP 1    460                       418     42      505
  SINCE JAN 1   2376                      2363     13     2504
..................................................................


WIND (MPH)
  HIGHEST WIND SPEED    24   HIGHEST WIND DIRECTION     S (170)
  HIGHEST GUST SPEED    30   HIGHEST GUST DIRECTION     S (170)
  AVERAGE WIND SPEED    13.7


SKY COVER
  POSSIBLE SUNSHINE  MM
  AVERAGE SKY COVER 0.1


WEATHER CONDITIONS
 THE FOLLOWING WEATHER WAS RECORDED YESTERDAY.
  RAIN
  LIGHT RAIN
  FOG


RELATIVE HUMIDITY (PERCENT)
 HIGHEST    93           600 AM
 LOWEST     51           300 PM
 AVERAGE    72

..........................................................


THE ABILENE CLIMATE NORMALS FOR TODAY
                         NORMAL    RECORD    YEAR
 MAXIMUM TEMPERATURE (F)   76        93      1979
                                             1933
 MINIMUM TEMPERATURE (F)   53        34      1917


SUNRISE AND SUNSET
OCTOBER 21 2017.......SUNRISE   747 AM CDT   SUNSET   659 PM CDT
OCTOBER 22 2017.......SUNRISE   748 AM CDT   SUNSET   658 PM CDT


-  INDICATES NEGATIVE NUMBERS.
R  INDICATES RECORD WAS SET OR TIED.
MM INDICATES DATA IS MISSING.
T  INDICATES TRACE AMOUNT.




$$
