000
CDUS44 KSJT 242231
CLIABI


CLIMATE REPORT
NATIONAL WEATHER SERVICE SAN ANGELO TX
531 PM CDT SUN MAY 24 2015


...................................

...THE ABILENE CLIMATE SUMMARY FOR MAY 24 2015...
VALID TODAY AS OF 0500 PM LOCAL TIME.

CLIMATE NORMAL PERIOD 1981 TO 2010
CLIMATE RECORD PERIOD 1886 TO 2015


WEATHER ITEM   OBSERVED TIME   RECORD YEAR NORMAL DEPARTURE LAST
                VALUE   (LST)  VALUE       VALUE  FROM      YEAR
                                                  NORMAL
..................................................................
TEMPERATURE (F)
 TODAY
  MAXIMUM         82    459 PM 109    2000  86     -4       77
  MINIMUM         64    756 AM  48    1930  64      0       66
  AVERAGE         73                        75     -2       72

PRECIPITATION (IN)
  TODAY            0.07          3.25 1933   0.12  -0.05      T
  MONTH TO DATE    3.26                      2.30   0.96     1.11
  SINCE MAR 1      7.04                      5.68   1.36     2.39
  SINCE JAN 1     10.55                      8.06   2.49     2.88

DEGREE DAYS
 HEATING
  TODAY            0                         0      0        0
  MONTH TO DATE   12                        13     -1       24
  SINCE MAR 1    401                       422    -21      459
  SINCE JUL 1   2478                      2555    -77     2821

 COOLING
  TODAY            8                        10     -2        7
  MONTH TO DATE  164                       187    -23      246
  SINCE MAR 1    331                       315     16      441
  SINCE JAN 1    335                       320     15      446
..................................................................


WIND (MPH)
  HIGHEST WIND SPEED    20   HIGHEST WIND DIRECTION     S (180)
  HIGHEST GUST SPEED    25   HIGHEST GUST DIRECTION    SE (150)
  AVERAGE WIND SPEED    11.3


SKY COVER
  POSSIBLE SUNSHINE  MM
  AVERAGE SKY COVER 0.4


WEATHER CONDITIONS
 THE FOLLOWING WEATHER WAS RECORDED TODAY.
  LIGHT RAIN
  FOG


RELATIVE HUMIDITY (PERCENT)
 HIGHEST    93          1200 AM
 LOWEST     55           300 PM
 AVERAGE    74

..........................................................


THE ABILENE CLIMATE NORMALS FOR TOMORROW
                         NORMAL    RECORD    YEAR
 MAXIMUM TEMPERATURE (F)   87       102      1989
 MINIMUM TEMPERATURE (F)   64        46      1947


SUNRISE AND SUNSET
MAY 24 2015...........SUNRISE   635 AM CDT   SUNSET   836 PM CDT
MAY 25 2015...........SUNRISE   635 AM CDT   SUNSET   837 PM CDT


-  INDICATES NEGATIVE NUMBERS.
R  INDICATES RECORD WAS SET OR TIED.
MM INDICATES DATA IS MISSING.
T  INDICATES TRACE AMOUNT.




$$
