000
CDUS44 KSJT 010657
CLIABI


CLIMATE REPORT
NATIONAL WEATHER SERVICE SAN ANGELO TX
155 AM CDT SAT AUG 1 2015


...................................

...THE ABILENE CLIMATE SUMMARY FOR JULY 31 2015...

CLIMATE NORMAL PERIOD 1981 TO 2010
CLIMATE RECORD PERIOD 1886 TO 2015


WEATHER ITEM   OBSERVED TIME   RECORD YEAR NORMAL DEPARTURE LAST
                VALUE   (LST)  VALUE       VALUE  FROM      YEAR
                                                  NORMAL
..................................................................
TEMPERATURE (F)
 YESTERDAY
  MAXIMUM        102    331 PM 105    2012  95      7       83
                                      1986
  MINIMUM         75    633 AM  54    1911  73      2       69
  AVERAGE         89                        84      5       76

PRECIPITATION (IN)
  YESTERDAY        0.00          3.75 1911   0.06  -0.06     0.00
  MONTH TO DATE    8.30                      1.87   6.43     2.46
  SINCE JUN 1     11.92                      5.43   6.49     6.21
  SINCE JAN 1     24.55                     14.37  10.18    10.20

DEGREE DAYS
 HEATING
  YESTERDAY        0                         0      0        0
  MONTH TO DATE    0                         0      0        0
  SINCE JUN 1      0                         1     -1        0
  SINCE JUL 1      0                         0      0        0

 COOLING
  YESTERDAY       24                        19      5       11
  MONTH TO DATE  606                       561     45      581
  SINCE JUN 1   1072                       996     76     1048
  SINCE JAN 1   1461                      1393     68     1562
..................................................................


WIND (MPH)
  HIGHEST WIND SPEED    29   HIGHEST WIND DIRECTION     E (80)
  HIGHEST GUST SPEED    40   HIGHEST GUST DIRECTION     E (80)
  AVERAGE WIND SPEED     7.4


SKY COVER
  POSSIBLE SUNSHINE  MM
  AVERAGE SKY COVER 0.1


WEATHER CONDITIONS
 THE FOLLOWING WEATHER WAS RECORDED YESTERDAY.
  HAZE


RELATIVE HUMIDITY (PERCENT)
 HIGHEST    71          1000 PM
 LOWEST     26           200 PM
 AVERAGE    49

..........................................................


THE ABILENE CLIMATE NORMALS FOR TODAY
                         NORMAL    RECORD    YEAR
 MAXIMUM TEMPERATURE (F)   95       107      2012
 MINIMUM TEMPERATURE (F)   73        60      1936


SUNRISE AND SUNSET
AUGUST  1 2015........SUNRISE   653 AM CDT   SUNSET   837 PM CDT
AUGUST  2 2015........SUNRISE   654 AM CDT   SUNSET   836 PM CDT


-  INDICATES NEGATIVE NUMBERS.
R  INDICATES RECORD WAS SET OR TIED.
MM INDICATES DATA IS MISSING.
T  INDICATES TRACE AMOUNT.




$$
