000
CDUS44 KSJT 300719
CLIABI


CLIMATE REPORT
NATIONAL WEATHER SERVICE SAN ANGELO TX
218 AM CDT MON MAR 30 2015


...................................

...THE ABILENE CLIMATE SUMMARY FOR MARCH 29 2015...

CLIMATE NORMAL PERIOD 1981 TO 2010
CLIMATE RECORD PERIOD 1886 TO 2015


WEATHER ITEM   OBSERVED TIME   RECORD YEAR NORMAL DEPARTURE LAST
                VALUE   (LST)  VALUE       VALUE  FROM      YEAR
                                                  NORMAL
..................................................................
TEMPERATURE (F)
 YESTERDAY
  MAXIMUM         91    400 PM  96    1967  73     18       75
  MINIMUM         60   1159 PM  24    1987  47     13       39
                                      1944
                                      1894
  AVERAGE         76                        60     16       57

PRECIPITATION (IN)
  YESTERDAY        0.00          1.35 1979   0.05  -0.05     0.00
  MONTH TO DATE    1.60                      1.63  -0.03     0.67
  SINCE MAR 1      1.60                      1.63  -0.03     0.67
  SINCE JAN 1      5.11                      4.01   1.10     1.16

SNOWFALL (IN)
  YESTERDAY        0.0           T    1993   0.0    0.0      0.0
  MONTH TO DATE    0.7                       0.3    0.4       T
  SINCE NOV 1      3.8                       4.4   -0.6      3.1
  SINCE JUL 1      3.8                       4.4   -0.6      3.1

DEGREE DAYS
 HEATING
  YESTERDAY        0                         7     -7        8
  MONTH TO DATE  326                       285     41      340
  SINCE MAR 1    326                       285     41      340
  SINCE JUL 1   2403                      2418    -15     2702

 COOLING
  YESTERDAY       11                         2      9        0
  MONTH TO DATE   35                        26      9       26
  SINCE MAR 1     35                        26      9       26
  SINCE JAN 1     39                        31      8       31
..................................................................


WIND (MPH)
  HIGHEST WIND SPEED    28   HIGHEST WIND DIRECTION     N (360)
  HIGHEST GUST SPEED    34   HIGHEST GUST DIRECTION     N (10)
  AVERAGE WIND SPEED    13.5


SKY COVER
  POSSIBLE SUNSHINE  MM
  AVERAGE SKY COVER 0.0


WEATHER CONDITIONS
 THE FOLLOWING WEATHER WAS RECORDED YESTERDAY.
  NO SIGNIFICANT WEATHER WAS OBSERVED.


RELATIVE HUMIDITY (PERCENT)
 HIGHEST    56           900 PM
 LOWEST     17           400 PM
 AVERAGE    37

..........................................................


THE ABILENE CLIMATE NORMALS FOR TODAY
                         NORMAL    RECORD    YEAR
 MAXIMUM TEMPERATURE (F)   73        93      1974
                                             1946
 MINIMUM TEMPERATURE (F)   47        22      1987
                                             1886


SUNRISE AND SUNSET
MARCH 30 2015.........SUNRISE   730 AM CDT   SUNSET   757 PM CDT
MARCH 31 2015.........SUNRISE   728 AM CDT   SUNSET   758 PM CDT


-  INDICATES NEGATIVE NUMBERS.
R  INDICATES RECORD WAS SET OR TIED.
MM INDICATES DATA IS MISSING.
T  INDICATES TRACE AMOUNT.




$$
