000
CDUS44 KSJT 190837
CLIABI


CLIMATE REPORT
NATIONAL WEATHER SERVICE SAN ANGELO TX
236 AM CST THU JAN 19 2017


...................................

...THE ABILENE CLIMATE SUMMARY FOR JANUARY 18 2017...

CLIMATE NORMAL PERIOD 1981 TO 2010
CLIMATE RECORD PERIOD 1886 TO 2017


WEATHER ITEM   OBSERVED TIME   RECORD YEAR NORMAL DEPARTURE LAST
                VALUE   (LST)  VALUE       VALUE  FROM      YEAR
                                                  NORMAL
..................................................................
TEMPERATURE (F)
 YESTERDAY
  MAXIMUM         54    435 PM  81    1964  57     -3       47
  MINIMUM         41   1136 PM  -2    1930  33      8       24
  AVERAGE         48                        45      3       36

PRECIPITATION (IN)
  YESTERDAY        0.00          1.19 1968   0.03  -0.03     0.00
  MONTH TO DATE    1.93                      0.53   1.40     0.04
  SINCE DEC 1      3.32                      1.76   1.56     2.24
  SINCE JAN 1      1.93                      0.53   1.40     0.04

SNOWFALL (IN)
  YESTERDAY        0.0           3.3  1956   0.1   -0.1      0.0
  MONTH TO DATE    T                         1.0   -1.0       T
  SINCE NOV 1      T                         2.8   -2.8      5.1
  SINCE JUL 1      T                         2.8   -2.8      5.1

DEGREE DAYS
 HEATING
  YESTERDAY       17                        20     -3       29
  MONTH TO DATE  362                       370     -8      389
  SINCE DEC 1    928                       982    -54      865
  SINCE JUL 1   1119                      1415   -296     1208

 COOLING
  YESTERDAY        0                         0      0        0
  MONTH TO DATE    3                         0      3        0
  SINCE DEC 1      3                         1      2        0
  SINCE JAN 1      3                         0      3        0
..................................................................


WIND (MPH)
  HIGHEST WIND SPEED    10   HIGHEST WIND DIRECTION     S (180)
  HIGHEST GUST SPEED    12   HIGHEST GUST DIRECTION     S (180)
  AVERAGE WIND SPEED     4.7


SKY COVER
  POSSIBLE SUNSHINE  MM
  AVERAGE SKY COVER 0.7


WEATHER CONDITIONS
 THE FOLLOWING WEATHER WAS RECORDED YESTERDAY.
  FOG


RELATIVE HUMIDITY (PERCENT)
 HIGHEST   100          1200 AM
 LOWEST     77           500 PM
 AVERAGE    89

..........................................................


THE ABILENE CLIMATE NORMALS FOR TODAY
                         NORMAL    RECORD    YEAR
 MAXIMUM TEMPERATURE (F)   57        87      2000
 MINIMUM TEMPERATURE (F)   33         2      1892


SUNRISE AND SUNSET
JANUARY 19 2017.......SUNRISE   739 AM CST   SUNSET   600 PM CST
JANUARY 20 2017.......SUNRISE   739 AM CST   SUNSET   601 PM CST


-  INDICATES NEGATIVE NUMBERS.
R  INDICATES RECORD WAS SET OR TIED.
MM INDICATES DATA IS MISSING.
T  INDICATES TRACE AMOUNT.




$$
