000
CDUS44 KSJT 280802
CLIABI


CLIMATE REPORT
NATIONAL WEATHER SERVICE SAN ANGELO TX
302 AM CDT FRI APR 28 2017


...................................

...THE ABILENE CLIMATE SUMMARY FOR APRIL 27 2017...

CLIMATE NORMAL PERIOD 1981 TO 2010
CLIMATE RECORD PERIOD 1886 TO 2017


WEATHER ITEM   OBSERVED TIME   RECORD YEAR NORMAL DEPARTURE LAST
                VALUE   (LST)  VALUE       VALUE  FROM      YEAR
                                                  NORMAL
..................................................................
TEMPERATURE (F)
 YESTERDAY
  MAXIMUM         88    437 PM  96    2012  80      8       79
  MINIMUM         45    348 AM  36    1920  55    -10       49
  AVERAGE         67                        68     -1       64

PRECIPITATION (IN)
  YESTERDAY        0.00          1.99 1900   0.07  -0.07     0.00
  MONTH TO DATE    1.32                      1.42  -0.10     6.24
  SINCE MAR 1      1.74                      3.16  -1.42     8.55
  SINCE JAN 1      5.12                      5.54  -0.42     9.27

SNOWFALL (IN)
  YESTERDAY        0.0           0.0  2002   0.0    0.0      0.0
  MONTH TO DATE    0.0                       0.3   -0.3       T
  SINCE NOV 1      T                         4.7   -4.7      5.1
  SINCE JUL 1      T                         4.7   -4.7      5.1

DEGREE DAYS
 HEATING
  YESTERDAY        0                         2     -2        1
  MONTH TO DATE   67                       107    -40       79
  SINCE MAR 1    213                       405   -192      266
  SINCE JUL 1   1794                      2538   -744     2020

 COOLING
  YESTERDAY        2                         5     -3        0
  MONTH TO DATE   94                        83     11       51
  SINCE MAR 1    178                       112     66       69
  SINCE JAN 1    209                       117     92       83
..................................................................


WIND (MPH)
  HIGHEST WIND SPEED    28   HIGHEST WIND DIRECTION     S (200)
  HIGHEST GUST SPEED    35   HIGHEST GUST DIRECTION    SW (210)
  AVERAGE WIND SPEED    15.7


SKY COVER
  POSSIBLE SUNSHINE  MM
  AVERAGE SKY COVER 0.0


WEATHER CONDITIONS
 THE FOLLOWING WEATHER WAS RECORDED YESTERDAY.
  NO SIGNIFICANT WEATHER WAS OBSERVED.


RELATIVE HUMIDITY (PERCENT)
 HIGHEST    82           600 AM
 LOWEST     18           300 PM
 AVERAGE    50

..........................................................


THE ABILENE CLIMATE NORMALS FOR TODAY
                         NORMAL    RECORD    YEAR
 MAXIMUM TEMPERATURE (F)   80        99      1902
                                             1887
 MINIMUM TEMPERATURE (F)   56        37      2008


SUNRISE AND SUNSET
APRIL 28 2017.........SUNRISE   655 AM CDT   SUNSET   818 PM CDT
APRIL 29 2017.........SUNRISE   654 AM CDT   SUNSET   819 PM CDT


-  INDICATES NEGATIVE NUMBERS.
R  INDICATES RECORD WAS SET OR TIED.
MM INDICATES DATA IS MISSING.
T  INDICATES TRACE AMOUNT.




$$
