000
CDUS44 KSJT 160816
CLIABI


CLIMATE REPORT
NATIONAL WEATHER SERVICE SAN ANGELO TX
316 AM CDT TUE SEP 16 2014


...................................

...THE ABILENE CLIMATE SUMMARY FOR SEPTEMBER 15 2014...

CLIMATE NORMAL PERIOD 1981 TO 2010
CLIMATE RECORD PERIOD 1886 TO 2014


WEATHER ITEM   OBSERVED TIME   RECORD YEAR NORMAL DEPARTURE LAST
                VALUE   (LST)  VALUE       VALUE  FROM      YEAR
                                                  NORMAL
..................................................................
TEMPERATURE (F)
 YESTERDAY
  MAXIMUM         89    404 PM 104    1965  87      2       94
  MINIMUM         71    722 AM  47    1993  64      7       73
  AVERAGE         80                        76      4       84

PRECIPITATION (IN)
  YESTERDAY        0.00          3.04 1958   0.07  -0.07     0.00
  MONTH TO DATE    0.26                      1.19  -0.93      T
  SINCE SEP 1      0.26                      1.19  -0.93      T
  SINCE JAN 1     10.76                     18.15  -7.39    16.33

DEGREE DAYS
 HEATING
  YESTERDAY        0                         0      0        0
  MONTH TO DATE    5                         0      5        0
  SINCE SEP 1      5                         0      5        0
  SINCE JUL 1      5                         0      5        0

 COOLING
  YESTERDAY       15                        11      4       19
  MONTH TO DATE  219                       196     23      271
  SINCE SEP 1    219                       196     23      271
  SINCE JAN 1   2403                      2141    262     2425
..................................................................


WIND (MPH)
  HIGHEST WIND SPEED    16   HIGHEST WIND DIRECTION    SE (150)
  HIGHEST GUST SPEED    20   HIGHEST GUST DIRECTION    SE (140)
  AVERAGE WIND SPEED     7.8


SKY COVER
  POSSIBLE SUNSHINE  MM
  AVERAGE SKY COVER 0.6


WEATHER CONDITIONS
 THE FOLLOWING WEATHER WAS RECORDED YESTERDAY.
  NO SIGNIFICANT WEATHER WAS OBSERVED.


RELATIVE HUMIDITY (PERCENT)
 HIGHEST    79           500 AM
 LOWEST     40           500 PM
 AVERAGE    60

..........................................................


THE ABILENE CLIMATE NORMALS FOR TODAY
                         NORMAL    RECORD    YEAR
 MAXIMUM TEMPERATURE (F)   87       103      1965
 MINIMUM TEMPERATURE (F)   64        46      1903


SUNRISE AND SUNSET
SEPTEMBER 16 2014.....SUNRISE   723 AM CDT   SUNSET   743 PM CDT
SEPTEMBER 17 2014.....SUNRISE   724 AM CDT   SUNSET   742 PM CDT


-  INDICATES NEGATIVE NUMBERS.
R  INDICATES RECORD WAS SET OR TIED.
MM INDICATES DATA IS MISSING.
T  INDICATES TRACE AMOUNT.




$$
