841
CDUS44 KSJT 170806
CLIABI


CLIMATE REPORT
NATIONAL WEATHER SERVICE SAN ANGELO TX
206 AM CST SAT FEB 17 2018


...................................

...THE ABILENE CLIMATE SUMMARY FOR FEBRUARY 16 2018...

CLIMATE NORMAL PERIOD 1981 TO 2010
CLIMATE RECORD PERIOD 1886 TO 2018


WEATHER ITEM   OBSERVED TIME   RECORD YEAR NORMAL DEPARTURE LAST
                VALUE   (LST)  VALUE       VALUE  FROM      YEAR
                                                  NORMAL
..................................................................
TEMPERATURE (F)
 YESTERDAY
  MAXIMUM         64   1230 AM  86    2006  61      3       65
  MINIMUM         42   1122 PM  -4    1895  37      5       33
  AVERAGE         53                        49      4       49

PRECIPITATION (IN)
  YESTERDAY        0.00          1.93 1940   0.05  -0.05     0.00
  MONTH TO DATE    T                         0.75  -0.75     1.10
  SINCE DEC 1      1.05                      3.00  -1.95     4.42
  SINCE JAN 1      T                         1.77  -1.77     3.03

SNOWFALL (IN)
  YESTERDAY        0.0           0.1  1979   0.1   -0.1      0.0
  MONTH TO DATE    T                         0.5   -0.5      0.0
  SINCE NOV 1      T                         3.8   -3.8       T
  SINCE JUL 1      T                         3.8   -3.8       T

DEGREE DAYS
 HEATING
  YESTERDAY       12                        16     -4       16
  MONTH TO DATE  323                       285     38      206
  SINCE DEC 1   1636                      1521    115     1320
  SINCE JUL 1   2031                      1954     77     1511

 COOLING
  YESTERDAY        0                         0      0        0
  MONTH TO DATE    8                         0      8       14
  SINCE DEC 1      9                         2      7       17
  SINCE JAN 1      8                         1      7       17
..................................................................


WIND (MPH)
  HIGHEST WIND SPEED    31   HIGHEST WIND DIRECTION     N (350)
  HIGHEST GUST SPEED    41   HIGHEST GUST DIRECTION     N (360)
  AVERAGE WIND SPEED    12.7


SKY COVER
  POSSIBLE SUNSHINE  MM
  AVERAGE SKY COVER 0.2


WEATHER CONDITIONS
 THE FOLLOWING WEATHER WAS RECORDED YESTERDAY.
  NO SIGNIFICANT WEATHER WAS OBSERVED.


RELATIVE HUMIDITY (PERCENT)
 HIGHEST    90           100 AM
 LOWEST     38           100 PM
 AVERAGE    64

..........................................................


THE ABILENE CLIMATE NORMALS FOR TODAY
                         NORMAL    RECORD    YEAR
 MAXIMUM TEMPERATURE (F)   61        85      1897
 MINIMUM TEMPERATURE (F)   37        11      1910
                                             1903


SUNRISE AND SUNSET
FEBRUARY 17 2018......SUNRISE   719 AM CST   SUNSET   626 PM CST
FEBRUARY 18 2018......SUNRISE   718 AM CST   SUNSET   627 PM CST


-  INDICATES NEGATIVE NUMBERS.
R  INDICATES RECORD WAS SET OR TIED.
MM INDICATES DATA IS MISSING.
T  INDICATES TRACE AMOUNT.




$$
