000
CDUS44 KSJT 252228
CLIABI


CLIMATE REPORT
NATIONAL WEATHER SERVICE SAN ANGELO TX
528 PM CDT SAT OCT 25 2014


...................................

...THE ABILENE CLIMATE SUMMARY FOR OCTOBER 25 2014...
VALID TODAY AS OF 0500 PM LOCAL TIME.

CLIMATE NORMAL PERIOD 1981 TO 2010
CLIMATE RECORD PERIOD 1886 TO 2014


WEATHER ITEM   OBSERVED TIME   RECORD YEAR NORMAL DEPARTURE LAST
                VALUE   (LST)  VALUE       VALUE  FROM      YEAR
                                                  NORMAL
..................................................................
TEMPERATURE (F)
 TODAY
  MAXIMUM         89    311 PM  91    1950  75     14       74
  MINIMUM         65    731 AM  34    1887  52     13       48
  AVERAGE         77                        63     14       61

PRECIPITATION (IN)
  TODAY            0.00          2.71 1958   0.10  -0.10     0.00
  MONTH TO DATE    0.78                      2.48  -1.70     1.40
  SINCE SEP 1      1.55                      4.72  -3.17     4.58
  SINCE JAN 1     12.05                     21.68  -9.63    20.91

SNOWFALL (IN)
  TODAY            0.0           0.0  2002   0.0    0.0      0.0
  MONTH TO DATE    0.0                       0.0    0.0      0.0
  SINCE NOV 1      3.1                       4.7   -1.6      1.1
  SINCE JUL 1      0.0                       0.0    0.0      0.0

DEGREE DAYS
 HEATING
  TODAY            0                         4     -4        4
  MONTH TO DATE   14                        61    -47       75
  SINCE SEP 1     19                        72    -53       75
  SINCE JUL 1     19                        72    -53       75

 COOLING
  TODAY           12                         2     10        0
  MONTH TO DATE  197                       105     92      113
  SINCE SEP 1    595                       431    164      528
  SINCE JAN 1   2779                      2376    403     2682
..................................................................


WIND (MPH)
  HIGHEST WIND SPEED    17   HIGHEST WIND DIRECTION     S (200)
  HIGHEST GUST SPEED    22   HIGHEST GUST DIRECTION    SW (210)
  AVERAGE WIND SPEED     8.1


SKY COVER
  POSSIBLE SUNSHINE  MM
  AVERAGE SKY COVER 0.0


WEATHER CONDITIONS
 THE FOLLOWING WEATHER WAS RECORDED TODAY.
  NO SIGNIFICANT WEATHER WAS OBSERVED.


RELATIVE HUMIDITY (PERCENT)
 HIGHEST    78           700 AM
 LOWEST     26           400 PM
 AVERAGE    52

..........................................................


THE ABILENE CLIMATE NORMALS FOR TOMORROW
                         NORMAL    RECORD    YEAR
 MAXIMUM TEMPERATURE (F)   74        90      1950
 MINIMUM TEMPERATURE (F)   51        30      1898


SUNRISE AND SUNSET
OCTOBER 25 2014.......SUNRISE   750 AM CDT   SUNSET   655 PM CDT
OCTOBER 26 2014.......SUNRISE   751 AM CDT   SUNSET   654 PM CDT


-  INDICATES NEGATIVE NUMBERS.
R  INDICATES RECORD WAS SET OR TIED.
MM INDICATES DATA IS MISSING.
T  INDICATES TRACE AMOUNT.




$$
