000
CDUS45 KABQ 230829
CLIABQ


CLIMATE REPORT
NATIONAL WEATHER SERVICE ALBUQUERQUE NM
127 AM MST THU FEB 23 2017


...................................

...THE ALBUQUERQUE  NM CLIMATE SUMMARY FOR FEBRUARY 22 2017...

CLIMATE NORMAL PERIOD 1981 TO 2010
CLIMATE RECORD PERIOD 1891 TO 2017


WEATHER ITEM   OBSERVED TIME   RECORD YEAR NORMAL DEPARTURE LAST
                VALUE   (LST)  VALUE       VALUE  FROM      YEAR
                                                  NORMAL
..................................................................
TEMPERATURE (F)
 YESTERDAY
  MAXIMUM         66    347 PM  71    1918  55     11       60
                                      1904
  MINIMUM         42    517 AM  12    1975  32     10       37
                                      1955
                                      1953
  AVERAGE         54                        43     11       49

PRECIPITATION (IN)
  YESTERDAY        0.00          0.25 1940   0.01  -0.01
  MONTH TO DATE    0.35                      0.37  -0.02
  SINCE DEC 1      1.90                      1.25   0.65
  SINCE JAN 1      1.39                      0.75   0.64

SNOWFALL (IN)
  YESTERDAY        0.0
  MONTH TO DATE    1.6
  SINCE DEC 1      2.8
  SINCE JUL 1      2.9
  SNOW DEPTH       0

DEGREE DAYS
 HEATING
  YESTERDAY       11                        22    -11       16
  MONTH TO DATE  387                       535   -148      434
  SINCE DEC 1   1973                      2310   -337     2163
  SINCE JUL 1   2550                      3177   -627     2880

 COOLING
  YESTERDAY        0                         0      0        0
  MONTH TO DATE    0                         0      0        0
  SINCE DEC 1      0                         0      0        0
  SINCE JAN 1      0                         0      0        0
..................................................................


WIND (MPH)
  HIGHEST WIND SPEED    26   HIGHEST WIND DIRECTION     W (280)
  HIGHEST GUST SPEED    31   HIGHEST GUST DIRECTION     W (280)
  AVERAGE WIND SPEED     7.8


SKY COVER
  POSSIBLE SUNSHINE  MM
  AVERAGE SKY COVER 0.5


WEATHER CONDITIONS
 THE FOLLOWING WEATHER WAS RECORDED YESTERDAY.
  NO SIGNIFICANT WEATHER WAS OBSERVED.


RELATIVE HUMIDITY (PERCENT)
 HIGHEST    67           500 AM
 LOWEST     26           400 PM
 AVERAGE    47

..........................................................


THE ALBUQUERQUE  NM CLIMATE NORMALS FOR TODAY
                         NORMAL    RECORD    YEAR
 MAXIMUM TEMPERATURE (F)   55        78      1904
 MINIMUM TEMPERATURE (F)   32         5      1975


SUNRISE AND SUNSET
FEBRUARY 23 2017......SUNRISE   643 AM MST   SUNSET   557 PM MST
FEBRUARY 24 2017......SUNRISE   642 AM MST   SUNSET   558 PM MST


-  INDICATES NEGATIVE NUMBERS.
R  INDICATES RECORD WAS SET OR TIED.
MM INDICATES DATA IS MISSING.
T  INDICATES TRACE AMOUNT.




$$
