850
CDUS45 KABQ 290840
CLIABQ


CLIMATE REPORT
NATIONAL WEATHER SERVICE ALBUQUERQUE NM
238 AM MDT MON MAY 29 2017


...................................

...THE ALBUQUERQUE  NM CLIMATE SUMMARY FOR MAY 28 2017...

CLIMATE NORMAL PERIOD 1981 TO 2010
CLIMATE RECORD PERIOD 1891 TO 2017


WEATHER ITEM   OBSERVED TIME   RECORD YEAR NORMAL DEPARTURE LAST
                VALUE   (LST)  VALUE       VALUE  FROM      YEAR
                                                  NORMAL
..................................................................
TEMPERATURE (F)
 YESTERDAY
  MAXIMUM         80    406 PM  97    1951  83     -3       81
  MINIMUM         56    523 AM  38    1916  56      0       52
  AVERAGE         68                        69     -1       67

PRECIPITATION (IN)
  YESTERDAY        0.00          0.77 1937   0.02  -0.02
  MONTH TO DATE    0.16                      0.45  -0.29
  SINCE MAR 1      1.14                      1.63  -0.49
  SINCE JAN 1      2.53                      2.49   0.04

SNOWFALL (IN)
  YESTERDAY        0.0
  MONTH TO DATE    0.0
  SINCE MAR 1      0.7
  SINCE JUL 1      3.6
  SNOW DEPTH       0

DEGREE DAYS
 HEATING
  YESTERDAY        0                         1     -1        0
  MONTH TO DATE   72                        69      3       90
  SINCE MAR 1    618                       870   -252      774
  SINCE JUL 1   3300                      4173   -873     3784

 COOLING
  YESTERDAY        3                         5     -2        2
  MONTH TO DATE   61                        75    -14       50
  SINCE MAR 1     66                        82    -16       55
  SINCE JAN 1     66                        82    -16       55
..................................................................


WIND (MPH)
  HIGHEST WIND SPEED    31   HIGHEST WIND DIRECTION     S (170)
  HIGHEST GUST SPEED    36   HIGHEST GUST DIRECTION     S (200)
  AVERAGE WIND SPEED    11.7


SKY COVER
  POSSIBLE SUNSHINE  MM
  AVERAGE SKY COVER 0.3


WEATHER CONDITIONS
 THE FOLLOWING WEATHER WAS RECORDED YESTERDAY.
  NO SIGNIFICANT WEATHER WAS OBSERVED.


RELATIVE HUMIDITY (PERCENT)
 HIGHEST    61           500 AM
 LOWEST     11           400 PM
 AVERAGE    36

..........................................................


THE ALBUQUERQUE  NM CLIMATE NORMALS FOR TODAY
                         NORMAL    RECORD    YEAR
 MAXIMUM TEMPERATURE (F)   83        97      2000
                                             1910
 MINIMUM TEMPERATURE (F)   56        37      1909


SUNRISE AND SUNSET
MAY 29 2017...........SUNRISE   555 AM MDT   SUNSET   814 PM MDT
MAY 30 2017...........SUNRISE   554 AM MDT   SUNSET   814 PM MDT


-  INDICATES NEGATIVE NUMBERS.
R  INDICATES RECORD WAS SET OR TIED.
MM INDICATES DATA IS MISSING.
T  INDICATES TRACE AMOUNT.




$$
