000
CDUS45 KABQ 250016
CLIABQ


CLIMATE REPORT
NATIONAL WEATHER SERVICE ALBUQUERQUE NM
616 PM MDT TUE MAY 24 2016


...................................

...THE ALBUQUERQUE  NM CLIMATE SUMMARY FOR MAY 24 2016...
VALID TODAY AS OF 0500 PM LOCAL TIME.

CLIMATE NORMAL PERIOD 1981 TO 2010
CLIMATE RECORD PERIOD 1891 TO 2016


WEATHER ITEM   OBSERVED TIME   RECORD YEAR NORMAL DEPARTURE LAST
                VALUE   (LST)  VALUE       VALUE  FROM      YEAR
                                                  NORMAL
..................................................................
TEMPERATURE (F)
 TODAY
  MAXIMUM         84    412 PM  96    1984  82      2       69
  MINIMUM         53    453 AM  38    1971  55     -2       46
  AVERAGE         69                        68      1       58

PRECIPITATION (IN)
  TODAY            0.00          0.51 1959   0.01  -0.01
  MONTH TO DATE    0.11                      0.38  -0.27
  SINCE MAR 1      0.77                      1.56  -0.79
  SINCE JAN 1      1.19                      2.42  -1.23

SNOWFALL (IN)
  TODAY            0.0
  MONTH TO DATE    T
  SINCE MAR 1      T
  SINCE JUL 1      9.8
  SNOW DEPTH       0

DEGREE DAYS
 HEATING
  TODAY            0                         1     -1        7
  MONTH TO DATE   83                        65     18      116
  SINCE MAR 1    767                       866    -99      721
  SINCE JUL 1   3777                      4169   -392     3642

 COOLING
  TODAY            4                         4      0        0
  MONTH TO DATE   47                        55     -8        4
  SINCE MAR 1     52                        62    -10        4
  SINCE JAN 1     52                        62    -10        4
..................................................................


WIND (MPH)
  HIGHEST WIND SPEED    30   HIGHEST WIND DIRECTION    SW (220)
  HIGHEST GUST SPEED    40   HIGHEST GUST DIRECTION    SW (240)
  AVERAGE WIND SPEED     7.0


SKY COVER
  POSSIBLE SUNSHINE  MM
  AVERAGE SKY COVER 0.1



RELATIVE HUMIDITY (PERCENT)
 HIGHEST    28           600 AM
 LOWEST      7           400 PM
 AVERAGE    18

..........................................................


THE ALBUQUERQUE  NM CLIMATE NORMALS FOR TOMORROW
                         NORMAL    RECORD    YEAR
 MAXIMUM TEMPERATURE (F)   82        92      2013
                                             2006
                                             1984
 MINIMUM TEMPERATURE (F)   55        33      1980


SUNRISE AND SUNSET
MAY 24 2016...........SUNRISE   557 AM MDT   SUNSET   810 PM MDT
MAY 25 2016...........SUNRISE   556 AM MDT   SUNSET   811 PM MDT


-  INDICATES NEGATIVE NUMBERS.
R  INDICATES RECORD WAS SET OR TIED.
MM INDICATES DATA IS MISSING.
T  INDICATES TRACE AMOUNT.




$$
