000
CDUS45 KABQ 240838
CLIABQ


CLIMATE REPORT
NATIONAL WEATHER SERVICE ALBUQUERQUE NM
133 AM MST FRI NOV 24 2017


...................................

...THE ALBUQUERQUE  NM CLIMATE SUMMARY FOR NOVEMBER 23 2017...

CLIMATE NORMAL PERIOD 1981 TO 2010
CLIMATE RECORD PERIOD 1891 TO 2017


WEATHER ITEM   OBSERVED TIME   RECORD YEAR NORMAL DEPARTURE LAST
                VALUE   (LST)  VALUE       VALUE  FROM      YEAR
                                                  NORMAL
..................................................................
TEMPERATURE (F)
 YESTERDAY
  MAXIMUM         67    313 PM  74    1909  52     15       53
  MINIMUM         39    537 AM  10    1931  31      8       32
  AVERAGE         53                        42     11       43

PRECIPITATION (IN)
  YESTERDAY        0.00          0.49 2000   0.02  -0.02
  MONTH TO DATE    0.00                      0.45  -0.45
  SINCE SEP 1      2.24                      2.55  -0.31
  SINCE JAN 1      7.67                      8.83  -1.16

SNOWFALL (IN)
  YESTERDAY        0.0
  MONTH TO DATE    0.0
  SINCE SEP 1      0.0
  SINCE JUL 1      0.0
  SNOW DEPTH       0

DEGREE DAYS
 HEATING
  YESTERDAY       12                        23    -11       22
  MONTH TO DATE  262                       429   -167      307
  SINCE SEP 1    474                       695   -221      393
  SINCE JUL 1    474                       695   -221      393

 COOLING
  YESTERDAY        0                         0      0        0
  MONTH TO DATE    0                         0      0        0
  SINCE SEP 1    247                       165     82      213
  SINCE JAN 1   1557                      1322    235     1525
..................................................................


WIND (MPH)
  HIGHEST WIND SPEED     9   HIGHEST WIND DIRECTION     N (360)
  HIGHEST GUST SPEED    12   HIGHEST GUST DIRECTION     N (350)
  AVERAGE WIND SPEED     3.0


SKY COVER
  POSSIBLE SUNSHINE  MM
  AVERAGE SKY COVER 0.5


WEATHER CONDITIONS
 THE FOLLOWING WEATHER WAS RECORDED YESTERDAY.
  NO SIGNIFICANT WEATHER WAS OBSERVED.


RELATIVE HUMIDITY (PERCENT)
 HIGHEST    60           400 AM
 LOWEST     26           300 PM
 AVERAGE    43

..........................................................


THE ALBUQUERQUE  NM CLIMATE NORMALS FOR TODAY
                         NORMAL    RECORD    YEAR
 MAXIMUM TEMPERATURE (F)   52        76      1909
 MINIMUM TEMPERATURE (F)   31         5      1931


SUNRISE AND SUNSET
NOVEMBER 24 2017......SUNRISE   650 AM MST   SUNSET   456 PM MST
NOVEMBER 25 2017......SUNRISE   651 AM MST   SUNSET   456 PM MST


-  INDICATES NEGATIVE NUMBERS.
R  INDICATES RECORD WAS SET OR TIED.
MM INDICATES DATA IS MISSING.
T  INDICATES TRACE AMOUNT.




$$
