000
CDUS45 KABQ 050848
CLIABQ


CLIMATE REPORT
NATIONAL WEATHER SERVICE ALBUQUERQUE NM
147 AM MST MON DEC 5 2016


...................................

...THE ALBUQUERQUE  NM CLIMATE SUMMARY FOR DECEMBER 4 2016...

CLIMATE NORMAL PERIOD 1981 TO 2010
CLIMATE RECORD PERIOD 1891 TO 2016


WEATHER ITEM   OBSERVED TIME   RECORD YEAR NORMAL DEPARTURE LAST
                VALUE   (LST)  VALUE       VALUE  FROM      YEAR
                                                  NORMAL
..................................................................
TEMPERATURE (F)
 YESTERDAY
  MAXIMUM         48    246 PM  72    1958  48      0       55
  MINIMUM         28   1139 PM  12    2009  28      0       26
                                      1934
  AVERAGE         38                        38      0       41

PRECIPITATION (IN)
  YESTERDAY        0.00          0.46 1969   0.02  -0.02
  MONTH TO DATE    T                         0.07  -0.07
  SINCE DEC 1      T                         0.07  -0.07
  SINCE JAN 1      6.17                      9.02  -2.85

SNOWFALL (IN)
  YESTERDAY        0.0
  MONTH TO DATE    0.1
  SINCE DEC 1      0.1
  SINCE JUL 1      0.2
  SNOW DEPTH       0

DEGREE DAYS
 HEATING
  YESTERDAY       27                        27      0       24
  MONTH TO DATE  108                       106      2      109
  SINCE DEC 1    108                       106      2      109
  SINCE JUL 1    685                       973   -288      826

 COOLING
  YESTERDAY        0                         0      0        0
  MONTH TO DATE    0                         0      0        0
  SINCE DEC 1      0                         0      0        0
  SINCE JAN 1   1525                      1322    203     1534
..................................................................


WIND (MPH)
  HIGHEST WIND SPEED    13   HIGHEST WIND DIRECTION     N (340)
  HIGHEST GUST SPEED    16   HIGHEST GUST DIRECTION     N (350)
  AVERAGE WIND SPEED     4.5


SKY COVER
  POSSIBLE SUNSHINE  MM
  AVERAGE SKY COVER 0.0


WEATHER CONDITIONS
 THE FOLLOWING WEATHER WAS RECORDED YESTERDAY.
  NO SIGNIFICANT WEATHER WAS OBSERVED.


RELATIVE HUMIDITY (PERCENT)
 HIGHEST    69           200 AM
 LOWEST     25           300 PM
 AVERAGE    47

..........................................................


THE ALBUQUERQUE  NM CLIMATE NORMALS FOR TODAY
                         NORMAL    RECORD    YEAR
 MAXIMUM TEMPERATURE (F)   48        68      1958
 MINIMUM TEMPERATURE (F)   28        11      1918
                                             1903


SUNRISE AND SUNSET
DECEMBER  5 2016......SUNRISE   700 AM MST   SUNSET   454 PM MST
DECEMBER  6 2016......SUNRISE   701 AM MST   SUNSET   454 PM MST


-  INDICATES NEGATIVE NUMBERS.
R  INDICATES RECORD WAS SET OR TIED.
MM INDICATES DATA IS MISSING.
T  INDICATES TRACE AMOUNT.




$$
