000
CDUS43 KABR 251543
CLIABR


CLIMATE REPORT
NATIONAL WEATHER SERVICE ABERDEEN SD
943 AM CST THU DEC 25 2014


...................................

...THE ABERDEEN SD CLIMATE SUMMARY FOR DECEMBER 24 2014...

CLIMATE NORMAL PERIOD 1981 TO 2010
CLIMATE RECORD PERIOD 1893 TO 2014


WEATHER ITEM   OBSERVED TIME   RECORD YEAR NORMAL DEPARTURE LAST
                VALUE   (LST)  VALUE       VALUE  FROM      YEAR
                                                  NORMAL
..................................................................
TEMPERATURE (F)
 YESTERDAY
  MAXIMUM         29    348 PM  56    1907  23      6       17
  MINIMUM         26   1042 AM -24    1996   4     22      -14
  AVERAGE         28                        13     15        2

PRECIPITATION (IN)
  YESTERDAY        T             0.30 1933   0.01  -0.01     0.08
  MONTH TO DATE    0.25                      0.39  -0.14     0.61
  SINCE DEC 1      0.25                      0.39  -0.14     0.61
  SINCE JAN 1     17.78                     21.59  -3.81    21.63

SNOWFALL (IN)
  YESTERDAY        T
  MONTH TO DATE    0.7
  SINCE OCT 1      8.8
  SINCE JUL 1      8.8
  SNOW DEPTH       T

DEGREE DAYS
 HEATING
  YESTERDAY       37                        52    -15       63
  MONTH TO DATE  938                      1164   -226     1426
  SINCE DEC 1    938                      1164   -226     1426
  SINCE JUL 1   2984                      3127   -143     3417

 COOLING
  YESTERDAY        0                         0      0        0
  MONTH TO DATE    0                         0      0        0
  SINCE DEC 1      0                         0      0        0
  SINCE JAN 1    342                       525   -183      580
..................................................................


WIND (MPH)
  HIGHEST WIND SPEED    17   HIGHEST WIND DIRECTION     S (180)
  HIGHEST GUST SPEED    22   HIGHEST GUST DIRECTION     S (180)
  AVERAGE WIND SPEED    10.0


SKY COVER
  POSSIBLE SUNSHINE  MM
  AVERAGE SKY COVER 1.0


WEATHER CONDITIONS
 THE FOLLOWING WEATHER WAS RECORDED YESTERDAY.
  LIGHT SNOW
  FOG


RELATIVE HUMIDITY (PERCENT)
 HIGHEST    92          1000 AM
 LOWEST     81           400 AM
 AVERAGE    87

..........................................................


THE ABERDEEN SD CLIMATE NORMALS FOR TODAY
                         NORMAL    RECORD    YEAR
 MAXIMUM TEMPERATURE (F)   23        51      1999
 MINIMUM TEMPERATURE (F)    3       -25      1996


SUNRISE AND SUNSET
DECEMBER 25 2014......SUNRISE   812 AM CST   SUNSET   456 PM CST
DECEMBER 26 2014......SUNRISE   813 AM CST   SUNSET   456 PM CST


-  INDICATES NEGATIVE NUMBERS.
R  INDICATES RECORD WAS SET OR TIED.
MM INDICATES DATA IS MISSING.
T  INDICATES TRACE AMOUNT.




$$
