000
CDUS43 KABR 231040
CLIABR


CLIMATE REPORT
NATIONAL WEATHER SERVICE ABERDEEN SD
538 AM CDT TUE AUG 23 2016


...................................

...THE ABERDEEN SD CLIMATE SUMMARY FOR AUGUST 22 2016...

CLIMATE NORMAL PERIOD 1981 TO 2010
CLIMATE RECORD PERIOD 1893 TO 2016


WEATHER ITEM   OBSERVED TIME   RECORD YEAR NORMAL DEPARTURE LAST
                VALUE   (LST)  VALUE       VALUE  FROM      YEAR
                                                  NORMAL
..................................................................
TEMPERATURE (F)
 YESTERDAY
  MAXIMUM         89    355 PM 105    1971  81      8       75
  MINIMUM         59    613 AM  36    1904  55      4       54
  AVERAGE         74                        68      6       65

PRECIPITATION (IN)
  YESTERDAY        0.00          1.84 1978   0.08  -0.08      T
  MONTH TO DATE    1.99                      1.72   0.27     2.94
  SINCE JUN 1      7.09                      8.44  -1.35     9.10
  SINCE JAN 1     14.03                     15.58  -1.55    17.32

DEGREE DAYS
 HEATING
  YESTERDAY        0                         1     -1        0
  MONTH TO DATE    8                        18    -10       19
  SINCE JUN 1     36                       108    -72       38
  SINCE JUL 1     16                        32    -16       24

 COOLING
  YESTERDAY        9                         4      5        0
  MONTH TO DATE  158                       128     30      128
  SINCE JUN 1    580                       428    152      516
  SINCE JAN 1    613                       451    162      530
..................................................................


WIND (MPH)
  HIGHEST WIND SPEED    24   HIGHEST WIND DIRECTION     S (160)
  HIGHEST GUST SPEED    32   HIGHEST GUST DIRECTION     S (170)
  AVERAGE WIND SPEED    15.2


SKY COVER
  POSSIBLE SUNSHINE  MM
  AVERAGE SKY COVER 0.0


WEATHER CONDITIONS
 THE FOLLOWING WEATHER WAS RECORDED YESTERDAY.
  NO SIGNIFICANT WEATHER WAS OBSERVED.


RELATIVE HUMIDITY (PERCENT)
 HIGHEST    87           600 AM
 LOWEST     50           400 PM
 AVERAGE    69

..........................................................


THE ABERDEEN SD CLIMATE NORMALS FOR TODAY
                         NORMAL    RECORD    YEAR
 MAXIMUM TEMPERATURE (F)   81       106      2003
 MINIMUM TEMPERATURE (F)   55        39      1987
                                             1942


SUNRISE AND SUNSET
AUGUST 23 2016........SUNRISE   645 AM CDT   SUNSET   827 PM CDT
AUGUST 24 2016........SUNRISE   646 AM CDT   SUNSET   825 PM CDT


-  INDICATES NEGATIVE NUMBERS.
R  INDICATES RECORD WAS SET OR TIED.
MM INDICATES DATA IS MISSING.
T  INDICATES TRACE AMOUNT.




$$
