000
CDUS43 KABR 270908
CLIABR


CLIMATE REPORT
NATIONAL WEATHER SERVICE ABERDEEN SD
407 AM CDT SAT MAY 27 2017


...................................

...THE ABERDEEN SD CLIMATE SUMMARY FOR MAY 26 2017...

CLIMATE NORMAL PERIOD 1981 TO 2010
CLIMATE RECORD PERIOD 1893 TO 2017


WEATHER ITEM   OBSERVED TIME   RECORD YEAR NORMAL DEPARTURE LAST
                VALUE   (LST)  VALUE       VALUE  FROM      YEAR
                                                  NORMAL
..................................................................
TEMPERATURE (F)
 YESTERDAY
  MAXIMUM         71    503 PM  94    1900  71      0       79
  MINIMUM         49   1151 PM  30    1992  48      1       47
  AVERAGE         60                        60      0       63

PRECIPITATION (IN)
  YESTERDAY        0.00          2.40 1906   0.09  -0.09     0.12
  MONTH TO DATE    0.62                      2.62  -2.00     1.56
  SINCE MAR 1      2.67                      5.63  -2.96     5.68
  SINCE JAN 1      3.35                      6.65  -3.30     6.37

DEGREE DAYS
 HEATING
  YESTERDAY        5                         6     -1        2
  MONTH TO DATE  221                       257    -36      203
  SINCE MAR 1   1848                      1965   -117     1525
  SINCE JUL 1   7463                      8428   -965     6762

 COOLING
  YESTERDAY        0                         1     -1        0
  MONTH TO DATE   12                        16     -4       26
  SINCE MAR 1     12                        18     -6       27
  SINCE JAN 1     12                        18     -6       27
..................................................................


WIND (MPH)
  HIGHEST WIND SPEED    21   HIGHEST WIND DIRECTION     W (290)
  HIGHEST GUST SPEED    28   HIGHEST GUST DIRECTION     W (290)
  AVERAGE WIND SPEED    10.5


SKY COVER
  POSSIBLE SUNSHINE  MM
  AVERAGE SKY COVER 0.1


WEATHER CONDITIONS
 THE FOLLOWING WEATHER WAS RECORDED YESTERDAY.
  NO SIGNIFICANT WEATHER WAS OBSERVED.


RELATIVE HUMIDITY (PERCENT)
 HIGHEST    74           500 AM
 LOWEST     31           300 PM
 AVERAGE    53

..........................................................


THE ABERDEEN SD CLIMATE NORMALS FOR TODAY
                         NORMAL    RECORD    YEAR
 MAXIMUM TEMPERATURE (F)   72        98      1934
 MINIMUM TEMPERATURE (F)   48        28      1907


SUNRISE AND SUNSET
MAY 27 2017...........SUNRISE   552 AM CDT   SUNSET   911 PM CDT
MAY 28 2017...........SUNRISE   551 AM CDT   SUNSET   912 PM CDT


-  INDICATES NEGATIVE NUMBERS.
R  INDICATES RECORD WAS SET OR TIED.
MM INDICATES DATA IS MISSING.
T  INDICATES TRACE AMOUNT.




$$
