000
CDUS43 KABR 220909
CLIABR


CLIMATE REPORT
NATIONAL WEATHER SERVICE ABERDEEN SD
409 AM CDT SAT JUL 22 2017


...................................

...THE ABERDEEN SD CLIMATE SUMMARY FOR JULY 21 2017...

CLIMATE NORMAL PERIOD 1981 TO 2010
CLIMATE RECORD PERIOD 1893 TO 2017


WEATHER ITEM   OBSERVED TIME   RECORD YEAR NORMAL DEPARTURE LAST
                VALUE   (LST)  VALUE       VALUE  FROM      YEAR
                                                  NORMAL
..................................................................
TEMPERATURE (F)
 YESTERDAY
  MAXIMUM         91    523 PM 106    1899  84      7       91
  MINIMUM         68   1159 PM  41    1902  60      8       73
  AVERAGE         80                        72      8       82

PRECIPITATION (IN)
  YESTERDAY        0.73          2.03 1939   0.10   0.63     0.00
  MONTH TO DATE    1.97                      2.16  -0.19     2.70
  SINCE JUN 1      5.91                      5.86   0.05     4.11
  SINCE JAN 1      9.29                     13.00  -3.71    11.05

DEGREE DAYS
 HEATING
  YESTERDAY        0                         0      0        0
  MONTH TO DATE    0                         8     -8        8
  SINCE JUN 1     52                        84    -32       28
  SINCE JUL 1      0                         8     -8        8

 COOLING
  YESTERDAY       15                         7      8       17
  MONTH TO DATE  201                       138     63      137
  SINCE JUN 1    334                       230    104      329
  SINCE JAN 1    346                       253     93      362
..................................................................


WIND (MPH)
  HIGHEST WIND SPEED    25   HIGHEST WIND DIRECTION    NW (330)
  HIGHEST GUST SPEED    34   HIGHEST GUST DIRECTION     W (290)
  AVERAGE WIND SPEED     7.6


SKY COVER
  POSSIBLE SUNSHINE  MM
  AVERAGE SKY COVER 0.3


WEATHER CONDITIONS
 THE FOLLOWING WEATHER WAS RECORDED YESTERDAY.
  THUNDERSTORM
  HEAVY RAIN
  RAIN
  LIGHT RAIN
  FOG


RELATIVE HUMIDITY (PERCENT)
 HIGHEST    93           700 AM
 LOWEST     59           300 PM
 AVERAGE    76

..........................................................


THE ABERDEEN SD CLIMATE NORMALS FOR TODAY
                         NORMAL    RECORD    YEAR
 MAXIMUM TEMPERATURE (F)   84       111      1934
 MINIMUM TEMPERATURE (F)   60        46      1980
                                             1949
                                             1925


SUNRISE AND SUNSET
JULY 22 2017..........SUNRISE   607 AM CDT   SUNSET   913 PM CDT
JULY 23 2017..........SUNRISE   608 AM CDT   SUNSET   912 PM CDT


-  INDICATES NEGATIVE NUMBERS.
R  INDICATES RECORD WAS SET OR TIED.
MM INDICATES DATA IS MISSING.
T  INDICATES TRACE AMOUNT.




$$
