000
CDUS43 KABR 250911
CLIABR


CLIMATE REPORT
NATIONAL WEATHER SERVICE ABERDEEN SD
411 AM CDT WED MAY 25 2016


...................................

...THE ABERDEEN SD CLIMATE SUMMARY FOR MAY 24 2016...

CLIMATE NORMAL PERIOD 1981 TO 2010
CLIMATE RECORD PERIOD 1893 TO 2016


WEATHER ITEM   OBSERVED TIME   RECORD YEAR NORMAL DEPARTURE LAST
                VALUE   (LST)  VALUE       VALUE  FROM      YEAR
                                                  NORMAL
..................................................................
TEMPERATURE (F)
 YESTERDAY
  MAXIMUM         85    517 PM  99    1926  71     14       67
  MINIMUM         54    136 AM  25    1897  47      7       53
  AVERAGE         70                        59     11       60

PRECIPITATION (IN)
  YESTERDAY        0.00          1.30 1906   0.10  -0.10     0.30
  MONTH TO DATE    1.10                      2.44  -1.34     5.42
  SINCE MAR 1      5.22                      5.45  -0.23     6.20
  SINCE JAN 1      5.91                      6.47  -0.56     7.25

DEGREE DAYS
 HEATING
  YESTERDAY        0                         7     -7        5
  MONTH TO DATE  201                       244    -43      261
  SINCE MAR 1   1523                      1952   -429     1674
  SINCE JUL 1   6760                      8415  -1655     7942

 COOLING
  YESTERDAY        5                         1      4        0
  MONTH TO DATE   25                        14     11        2
  SINCE MAR 1     26                        16     10        2
  SINCE JAN 1     26                        16     10        2
..................................................................


WIND (MPH)
  HIGHEST WIND SPEED    24   HIGHEST WIND DIRECTION     N (20)
  HIGHEST GUST SPEED    28   HIGHEST GUST DIRECTION     N (20)
  AVERAGE WIND SPEED     8.6


SKY COVER
  POSSIBLE SUNSHINE  MM
  AVERAGE SKY COVER 0.0


WEATHER CONDITIONS
 THE FOLLOWING WEATHER WAS RECORDED YESTERDAY.
  NO SIGNIFICANT WEATHER WAS OBSERVED.


RELATIVE HUMIDITY (PERCENT)
 HIGHEST    86          1200 AM
 LOWEST     27           300 PM
 AVERAGE    57

..........................................................


THE ABERDEEN SD CLIMATE NORMALS FOR TODAY
                         NORMAL    RECORD    YEAR
 MAXIMUM TEMPERATURE (F)   71        93      1941
 MINIMUM TEMPERATURE (F)   47        29      1924


SUNRISE AND SUNSET
MAY 25 2016...........SUNRISE   553 AM CDT   SUNSET   909 PM CDT
MAY 26 2016...........SUNRISE   552 AM CDT   SUNSET   910 PM CDT


-  INDICATES NEGATIVE NUMBERS.
R  INDICATES RECORD WAS SET OR TIED.
MM INDICATES DATA IS MISSING.
T  INDICATES TRACE AMOUNT.




$$
