000
CDUS43 KABR 272232
CLIABR


CLIMATE REPORT
NATIONAL WEATHER SERVICE ABERDEEN SD
531 PM CDT THU AUG 27 2015


...................................

...THE ABERDEEN SD CLIMATE SUMMARY FOR AUGUST 27 2015...
VALID TODAY AS OF 0500 PM LOCAL TIME.

CLIMATE NORMAL PERIOD 1981 TO 2010
CLIMATE RECORD PERIOD 1893 TO 2015


WEATHER ITEM   OBSERVED TIME   RECORD YEAR NORMAL DEPARTURE LAST
                VALUE   (LST)  VALUE       VALUE  FROM      YEAR
                                                  NORMAL
..................................................................
TEMPERATURE (F)
 TODAY
  MAXIMUM         81    225 PM 106    1973  80      1       73
  MINIMUM         63    622 AM  38    1967  54      9       53
  AVERAGE         72                        67      5       63

PRECIPITATION (IN)
  TODAY            0.00          0.67 1975   0.08  -0.08     0.00
  MONTH TO DATE    2.94                      2.12   0.82     4.93
  SINCE JUN 1      9.10                      8.84   0.26     8.94
  SINCE JAN 1     17.32                     15.98   1.34    14.37

DEGREE DAYS
 COOLING
  TODAY            7                         4      3        0
  MONTH TO DATE  135                       148    -13       96
  SINCE JUN 1    523                       448     75      256
  SINCE JAN 1    537                       471     66      298
..................................................................


WIND (MPH)
  HIGHEST WIND SPEED    14   HIGHEST WIND DIRECTION     S (190)
  HIGHEST GUST SPEED    17   HIGHEST GUST DIRECTION     S (200)
  AVERAGE WIND SPEED     4.9


SKY COVER
  POSSIBLE SUNSHINE  MM
  AVERAGE SKY COVER 0.1


WEATHER CONDITIONS
 THE FOLLOWING WEATHER WAS RECORDED TODAY.
  NO SIGNIFICANT WEATHER WAS OBSERVED.


RELATIVE HUMIDITY (PERCENT)
 HIGHEST    93          1200 AM
 LOWEST     67          1200 PM
 AVERAGE    80

..........................................................


THE ABERDEEN SD CLIMATE NORMALS FOR TOMORROW
                         NORMAL    RECORD    YEAR
 MAXIMUM TEMPERATURE (F)   79       104      1937
 MINIMUM TEMPERATURE (F)   53        31      1893


SUNRISE AND SUNSET
AUGUST 27 2015........SUNRISE   649 AM CDT   SUNSET   821 PM CDT
AUGUST 28 2015........SUNRISE   650 AM CDT   SUNSET   819 PM CDT


-  INDICATES NEGATIVE NUMBERS.
R  INDICATES RECORD WAS SET OR TIED.
MM INDICATES DATA IS MISSING.
T  INDICATES TRACE AMOUNT.

&&

PEAK WIND WAS 17 MPH FROM THE SOUTH AT 820 AM CDT.




$$
