000
CDUS43 KABR 221035
CLIABR


CLIMATE REPORT
NATIONAL WEATHER SERVICE ABERDEEN SD
434 AM CST WED NOV 22 2017


...................................

...THE ABERDEEN SD CLIMATE SUMMARY FOR NOVEMBER 21 2017...

CLIMATE NORMAL PERIOD 1981 TO 2010
CLIMATE RECORD PERIOD 1893 TO 2017


WEATHER ITEM   OBSERVED TIME   RECORD YEAR NORMAL DEPARTURE LAST
                VALUE   (LST)  VALUE       VALUE  FROM      YEAR
                                                  NORMAL
..................................................................
TEMPERATURE (F)
 YESTERDAY
  MAXIMUM         33   1213 AM  65    1960  36     -3       39
                                      1917
  MINIMUM          2   1159 PM -18    1964  16    -14       16
  AVERAGE         18                        26     -8       28

PRECIPITATION (IN)
  YESTERDAY        0.00          0.60 1930   0.02  -0.02     0.11
  MONTH TO DATE    0.11                      0.55  -0.44     0.34
  SINCE SEP 1      2.81                      4.73  -1.92     3.38
  SINCE JAN 1     14.87                     21.02  -6.15    17.44

SNOWFALL (IN)
  YESTERDAY        0.0           3.8  1947   0.3   -0.3      0.0
  MONTH TO DATE    0.8                       4.4   -3.6      2.9
  SINCE OCT 1      0.8                       5.1   -4.3      2.9
  SINCE JUL 1      0.8                       5.1   -4.3      2.9
  SNOW DEPTH       0

DEGREE DAYS
 HEATING
  YESTERDAY       47                        39      8       37
  MONTH TO DATE  776                       698     78      448
  SINCE SEP 1   1488                      1538    -50     1037
  SINCE JUL 1   1507                      1589    -82     1068

 COOLING
  YESTERDAY        0                         0      0        0
  MONTH TO DATE    0                         0      0        0
  SINCE SEP 1     67                        42     25       61
  SINCE JAN 1    552                       525     27      722
..................................................................


WIND (MPH)
  HIGHEST WIND SPEED    36   HIGHEST WIND DIRECTION    NW (330)
  HIGHEST GUST SPEED    46   HIGHEST GUST DIRECTION    NW (320)
  AVERAGE WIND SPEED    14.1


SKY COVER
  POSSIBLE SUNSHINE  MM
  AVERAGE SKY COVER 0.1


WEATHER CONDITIONS
 THE FOLLOWING WEATHER WAS RECORDED YESTERDAY.
  FOG


RELATIVE HUMIDITY (PERCENT)
 HIGHEST    91          1100 PM
 LOWEST     39           100 AM
 AVERAGE    65

..........................................................


THE ABERDEEN SD CLIMATE NORMALS FOR TODAY
                         NORMAL    RECORD    YEAR
 MAXIMUM TEMPERATURE (F)   35        66      1904
 MINIMUM TEMPERATURE (F)   16       -14      1895


SUNRISE AND SUNSET
NOVEMBER 22 2017......SUNRISE   742 AM CST   SUNSET   457 PM CST
NOVEMBER 23 2017......SUNRISE   744 AM CST   SUNSET   456 PM CST


-  INDICATES NEGATIVE NUMBERS.
R  INDICATES RECORD WAS SET OR TIED.
MM INDICATES DATA IS MISSING.
T  INDICATES TRACE AMOUNT.




$$
