000
CDUS42 KTAE 300634
CLIABY


CLIMATE REPORT
NATIONAL WEATHER SERVICE TALLAHASSEE FL
234 AM EDT THU JUL 30 2015


...................................

...THE ALBANY CLIMATE SUMMARY FOR JULY 29 2015...

CLIMATE NORMAL PERIOD 1981 TO 2010
CLIMATE RECORD PERIOD 1930 TO 2015


WEATHER ITEM   OBSERVED TIME   RECORD YEAR NORMAL DEPARTURE LAST
                VALUE   (LST)  VALUE       VALUE  FROM      YEAR
                                                  NORMAL
..................................................................
TEMPERATURE (F)
 YESTERDAY
  MAXIMUM        101    330 PM 102    2010  93      8       91
  MINIMUM         76    617 AM  63    1992  72      4       68
  AVERAGE         89                        82      7       80

PRECIPITATION (IN)
  YESTERDAY        0.66                      0.17   0.49     0.00
  MONTH TO DATE    4.21                      5.10  -0.89     0.53
  SINCE JUN 1      9.58                     10.04  -0.46     5.29
  SINCE JAN 1     25.44                     30.40  -4.96    24.35

SNOWFALL (IN)
  YESTERDAY        0.0

DEGREE DAYS
 HEATING
  YESTERDAY        0                         0      0        0
  MONTH TO DATE    0                         0      0        0
  SINCE JUN 1      0                         0      0        0
  SINCE JUL 1      0                         0      0        0

 COOLING
  YESTERDAY       24                        18      6       15
  MONTH TO DATE  549                       510     39      502
  SINCE JUN 1   1031                       975     56      967
  SINCE JAN 1   1635                      1415    220     1361
..................................................................


WIND (MPH)
  HIGHEST WIND SPEED    20   HIGHEST WIND DIRECTION     S (170)
  HIGHEST GUST SPEED    25   HIGHEST GUST DIRECTION     S (180)
  AVERAGE WIND SPEED     5.2




RELATIVE HUMIDITY (PERCENT)
 HIGHEST    94
 LOWEST     37
 AVERAGE    66

..........................................................


THE ALBANY CLIMATE NORMALS FOR TODAY
                         NORMAL    RECORD    YEAR
 MAXIMUM TEMPERATURE (F)   93       103      2010
 MINIMUM TEMPERATURE (F)   72        63      2014


SUNRISE AND SUNSET
JULY 30 2015..........SUNRISE   652 AM EDT   SUNSET   834 PM EDT
JULY 31 2015..........SUNRISE   652 AM EDT   SUNSET   834 PM EDT


-  INDICATES NEGATIVE NUMBERS.
R  INDICATES RECORD WAS SET OR TIED.
MM INDICATES DATA IS MISSING.
T  INDICATES TRACE AMOUNT.




$$
