817
CDUS44 KFWD 110638
CLIACT


CLIMATE REPORT
NATIONAL WEATHER SERVICE FORT WORTH TX
1238 AM CST MON DEC 11 2017


...................................

...THE WACO CLIMATE SUMMARY FOR DECEMBER 10 2017...

CLIMATE NORMAL PERIOD 1981 TO 2010
CLIMATE RECORD PERIOD 1901 TO 2017


WEATHER ITEM   OBSERVED TIME   RECORD YEAR NORMAL DEPARTURE LAST
                VALUE   (LST)  VALUE       VALUE  FROM      YEAR
                                                  NORMAL
..................................................................
TEMPERATURE (F)
 YESTERDAY
  MAXIMUM         71    400 PM  80    1938  60     11       50
  MINIMUM         26    724 AM  18    1919  38    -12       32
  AVERAGE         49                        49      0       41

PRECIPITATION (IN)
  YESTERDAY        0.00          2.57 1998   0.09  -0.09     0.00
  MONTH TO DATE    0.14                      0.88  -0.74     1.12
  SINCE DEC 1      0.14                      0.88  -0.74     1.12
  SINCE JAN 1     31.80                     32.82  -1.02    38.40

SNOWFALL (IN)
  YESTERDAY        0.0           T    1986   0.0    0.0      0.0
                                      1972
  MONTH TO DATE    T                         0.0    0.0      0.0
  SINCE DEC 1      T                         0.0    0.0      0.0
  SINCE JUL 1      T                         0.1   -0.1      0.0
  SNOW DEPTH       0

DEGREE DAYS
 HEATING
  YESTERDAY       16                        16      0       24
  MONTH TO DATE  135                       150    -15      183
  SINCE DEC 1    135                       150    -15      183
  SINCE JUL 1    376                       478   -102      326

 COOLING
  YESTERDAY        0                         0      0        0
  MONTH TO DATE    9                         0      9        0
  SINCE DEC 1      9                         0      9        0
  SINCE JAN 1   3065                      2792    273     3041
..................................................................


WIND (MPH)
  HIGHEST WIND SPEED    14   HIGHEST WIND DIRECTION    SW (220)
  HIGHEST GUST SPEED    18   HIGHEST GUST DIRECTION     W (250)
  AVERAGE WIND SPEED     6.4


SKY COVER
  POSSIBLE SUNSHINE  MM
  AVERAGE SKY COVER 0.0


WEATHER CONDITIONS
 THE FOLLOWING WEATHER WAS RECORDED YESTERDAY.
  NO SIGNIFICANT WEATHER WAS OBSERVED.


RELATIVE HUMIDITY (PERCENT)
 HIGHEST    92           500 AM
 LOWEST     16           200 PM
 AVERAGE    54

..........................................................


THE WACO CLIMATE NORMALS FOR TODAY
                         NORMAL    RECORD    YEAR
 MAXIMUM TEMPERATURE (F)   60        82      1949
 MINIMUM TEMPERATURE (F)   38        17      2012


SUNRISE AND SUNSET
DECEMBER 11 2017......SUNRISE   718 AM CST   SUNSET   526 PM CST
DECEMBER 12 2017......SUNRISE   719 AM CST   SUNSET   526 PM CST


-  INDICATES NEGATIVE NUMBERS.
R  INDICATES RECORD WAS SET OR TIED.
MM INDICATES DATA IS MISSING.
T  INDICATES TRACE AMOUNT.




$$
