000
CDUS44 KFWD 240641
CLIACT

CLIMATE REPORT
NATIONAL WEATHER SERVICE FORT WORTH TX
139 AM CDT THU JUL 24 2014


...................................

...THE WACO CLIMATE SUMMARY FOR JULY 23 2014...

CLIMATE NORMAL PERIOD 1981 TO 2010
CLIMATE RECORD PERIOD 1901 TO 2014


WEATHER ITEM   OBSERVED TIME   RECORD YEAR NORMAL DEPARTURE LAST
                VALUE   (LST)  VALUE       VALUE  FROM      YEAR
                                                  NORMAL
..................................................................
TEMPERATURE (F)
 YESTERDAY
  MAXIMUM         96    320 PM 107    1974  97     -1       98
  MINIMUM         72    502 AM  62    1915  75     -3       77
  AVERAGE         84                        86     -2       88

PRECIPITATION (IN)
  YESTERDAY        0.00          1.04 1936   0.06  -0.06     0.00
  MONTH TO DATE    0.15                      1.34  -1.19     5.00
  SINCE JUN 1      8.46                      4.77   3.69     6.62
  SINCE JAN 1     19.60                     19.66  -0.06    20.71

DEGREE DAYS
 HEATING
  YESTERDAY        0                         0      0        0
  MONTH TO DATE    0                         0      0        0
  SINCE JUN 1      0                         0      0        0
  SINCE JUL 1      0                         0      0        0

 COOLING
  YESTERDAY       19                        21     -2       23
  MONTH TO DATE  402                       458    -56      432
  SINCE JUN 1    883                       946    -63      984
  SINCE JAN 1   1270                      1398   -128     1401
..................................................................


WIND (MPH)
  HIGHEST WIND SPEED    24   HIGHEST WIND DIRECTION    NE (60)
  HIGHEST GUST SPEED    31   HIGHEST GUST DIRECTION     E (70)
  AVERAGE WIND SPEED     4.6


SKY COVER
  POSSIBLE SUNSHINE  MM
  AVERAGE SKY COVER 0.2


WEATHER CONDITIONS
 THE FOLLOWING WEATHER WAS RECORDED YESTERDAY.
  FOG
  HAZE


RELATIVE HUMIDITY (PERCENT)
 HIGHEST    93           400 AM
 LOWEST     36           200 PM
 AVERAGE    65

..........................................................


THE WACO CLIMATE NORMALS FOR TODAY
                         NORMAL    RECORD    YEAR
 MAXIMUM TEMPERATURE (F)   97       105      2011
                                             1977
                                             1969
 MINIMUM TEMPERATURE (F)   75        65      1989
                                             1942
                                             1915


SUNRISE AND SUNSET
JULY 24 2014..........SUNRISE   640 AM CDT   SUNSET   831 PM CDT
JULY 25 2014..........SUNRISE   640 AM CDT   SUNSET   830 PM CDT


-  INDICATES NEGATIVE NUMBERS.
R  INDICATES RECORD WAS SET OR TIED.
MM INDICATES DATA IS MISSING.
T  INDICATES TRACE AMOUNT.




$$
