000
CDUS44 KFWD 230640
CLIACT

CLIMATE REPORT
NATIONAL WEATHER SERVICE FORT WORTH TX
140 AM CDT SAT AUG 23 2014

...................................

...THE WACO CLIMATE SUMMARY FOR AUGUST 22 2014...

CLIMATE NORMAL PERIOD 1981 TO 2010
CLIMATE RECORD PERIOD 1901 TO 2014


WEATHER ITEM   OBSERVED TIME   RECORD YEAR NORMAL DEPARTURE LAST
                VALUE   (LST)  VALUE       VALUE  FROM      YEAR
                                                  NORMAL
..................................................................
TEMPERATURE (F)
 YESTERDAY
  MAXIMUM        101    346 PM 107    1980  96      5       98
  MINIMUM         78    645 AM  63    1992  73      5       74
                                      1940
  AVERAGE         90                        85      5       86

PRECIPITATION (IN)
  YESTERDAY        0.00          2.22 1991   0.06  -0.06     0.14
  MONTH TO DATE    0.46                      1.33  -0.87     0.16
  SINCE JUN 1      8.92                      6.55   2.37     7.28
  SINCE JAN 1     20.06                     21.44  -1.38    21.37

DEGREE DAYS
 HEATING
  YESTERDAY        0                         0      0        0
  MONTH TO DATE    0                         0      0        0
  SINCE JUN 1      0                         0      0        0
  SINCE JUL 1      0                         0      0        0

 COOLING
  YESTERDAY       25                        20      5       21
  MONTH TO DATE  455                       457     -2      451
  SINCE JUN 1   1499                      1571    -72     1601
  SINCE JAN 1   1886                      2023   -137     2018
..................................................................


WIND (MPH)
  HIGHEST WIND SPEED    25   HIGHEST WIND DIRECTION     S (170)
  HIGHEST GUST SPEED    29   HIGHEST GUST DIRECTION     S (170)
  AVERAGE WIND SPEED    14.0


SKY COVER
  POSSIBLE SUNSHINE  MM
  AVERAGE SKY COVER 0.0


WEATHER CONDITIONS
 THE FOLLOWING WEATHER WAS RECORDED YESTERDAY.
  NO SIGNIFICANT WEATHER WAS OBSERVED.


RELATIVE HUMIDITY (PERCENT)
 HIGHEST    85           400 AM
 LOWEST     24           400 PM
 AVERAGE    55

..........................................................


THE WACO CLIMATE NORMALS FOR TODAY
                         NORMAL    RECORD    YEAR
 MAXIMUM TEMPERATURE (F)   96       107      2010
 MINIMUM TEMPERATURE (F)   73        64      1956
                                             1949


SUNRISE AND SUNSET
AUGUST 23 2014........SUNRISE   659 AM CDT   SUNSET   803 PM CDT
AUGUST 24 2014........SUNRISE   700 AM CDT   SUNSET   802 PM CDT


-  INDICATES NEGATIVE NUMBERS.
R  INDICATES RECORD WAS SET OR TIED.
MM INDICATES DATA IS MISSING.
T  INDICATES TRACE AMOUNT.

$$
