000
CDUS44 KFWD 232224
CLIACT


CLIMATE REPORT
NATIONAL WEATHER SERVICE FORT WORTH TX
423 PM CST MON JAN 23 2017


...................................

...THE WACO CLIMATE SUMMARY FOR JANUARY 23 2017...
VALID AS OF 0400 PM LOCAL TIME.

CLIMATE NORMAL PERIOD 1981 TO 2010
CLIMATE RECORD PERIOD 1901 TO 2017


WEATHER ITEM   OBSERVED TIME   RECORD YEAR NORMAL DEPARTURE LAST
                VALUE   (LST)  VALUE       VALUE  FROM      YEAR
                                                  NORMAL
..................................................................
TEMPERATURE (F)
 TODAY
  MAXIMUM         68    354 PM  90    1943  59      9       51
  MINIMUM         35    732 AM   7    1940  36     -1       24
  AVERAGE         52

PRECIPITATION (IN)
  TODAY            0.00          1.95 1938   0.08  -0.08     0.00
  MONTH TO DATE    3.11                      1.52   1.59     0.29
  SINCE DEC 1      4.38                      4.27   0.11     3.91
  SINCE JAN 1      3.11                      1.52   1.59     0.29

SNOWFALL (IN)
  TODAY            0.0           3.0  1940   0.0    0.0      0.0
  MONTH TO DATE    0.0                       0.2   -0.2      0.0
  SINCE DEC 1      T                         0.2   -0.2      0.0
  SINCE JUL 1      T                         0.3   -0.3      0.0
  SNOW DEPTH       0

..................................................................


WIND (MPH)
  HIGHEST WIND SPEED    14   HIGHEST WIND DIRECTION     S (200)
  HIGHEST GUST SPEED    20   HIGHEST GUST DIRECTION     S (200)
  AVERAGE WIND SPEED     6.6




..........................................................


THE WACO CLIMATE NORMALS FOR TOMORROW
                         NORMAL    RECORD    YEAR
 MAXIMUM TEMPERATURE (F)   59        83      2013
                                             1943
 MINIMUM TEMPERATURE (F)   36        11      1963


SUNRISE AND SUNSET
JANUARY 23 2017.......SUNRISE   726 AM CST   SUNSET   556 PM CST
JANUARY 24 2017.......SUNRISE   726 AM CST   SUNSET   556 PM CST


-  INDICATES NEGATIVE NUMBERS.
R  INDICATES RECORD WAS SET OR TIED.
MM INDICATES DATA IS MISSING.
T  INDICATES TRACE AMOUNT.




$$
