000
CDUS44 KFWD 130639
CLIACT


CLIMATE REPORT
NATIONAL WEATHER SERVICE FORT WORTH TX
1239 AM CST SAT FEB 13 2016


...................................

...THE WACO CLIMATE SUMMARY FOR FEBRUARY 12 2016...

CLIMATE NORMAL PERIOD 1981 TO 2010
CLIMATE RECORD PERIOD 1901 TO 2016


WEATHER ITEM   OBSERVED TIME   RECORD YEAR NORMAL DEPARTURE LAST
                VALUE   (LST)  VALUE       VALUE  FROM      YEAR
                                                  NORMAL
..................................................................
TEMPERATURE (F)
 YESTERDAY
  MAXIMUM         74    307 PM  84    1962  61     13       57
  MINIMUM         39    453 AM  13    1905  39      0       35
  AVERAGE         57                        50      7       46

PRECIPITATION (IN)
  YESTERDAY        0.00          3.97 1997   0.10  -0.10     0.00
  MONTH TO DATE    0.03                      1.04  -1.01      T
  SINCE DEC 1      3.94                      5.91  -1.97     4.02
  SINCE JAN 1      0.32                      3.16  -2.84     3.48

SNOWFALL (IN)
  YESTERDAY        0.0           T    2012   0.0    0.0      0.0
                                      2010
                                      1963
  MONTH TO DATE    0.0                       0.2   -0.2      0.0
  SINCE DEC 1      0.0                       0.5   -0.5       T
  SINCE JUL 1      0.0                       0.6   -0.6       T
  SNOW DEPTH       0

DEGREE DAYS
 HEATING
  YESTERDAY        8                        15     -7       19
  MONTH TO DATE  186                       192     -6      176
  SINCE DEC 1   1116                      1272   -156     1238
  SINCE JUL 1   1351                      1600   -249     1620

 COOLING
  YESTERDAY        0                         0      0        0
  MONTH TO DATE    0                         0      0        0
  SINCE DEC 1      5                         8     -3        4
  SINCE JAN 1      0                         3     -3        0
..................................................................


WIND (MPH)
  HIGHEST WIND SPEED    17   HIGHEST WIND DIRECTION    NE (50)
  HIGHEST GUST SPEED    22   HIGHEST GUST DIRECTION    NE (60)
  AVERAGE WIND SPEED     8.4


SKY COVER
  POSSIBLE SUNSHINE  MM
  AVERAGE SKY COVER 0.0


WEATHER CONDITIONS
 THE FOLLOWING WEATHER WAS RECORDED YESTERDAY.
  NO SIGNIFICANT WEATHER WAS OBSERVED.


RELATIVE HUMIDITY (PERCENT)
 HIGHEST    79           500 AM
 LOWEST     25           400 PM
 AVERAGE    52

..........................................................


THE WACO CLIMATE NORMALS FOR TODAY
                         NORMAL    RECORD    YEAR
 MAXIMUM TEMPERATURE (F)   61        84      1926
 MINIMUM TEMPERATURE (F)   39         8      1905


SUNRISE AND SUNSET
FEBRUARY 13 2016......SUNRISE   713 AM CST   SUNSET   614 PM CST
FEBRUARY 14 2016......SUNRISE   712 AM CST   SUNSET   615 PM CST


-  INDICATES NEGATIVE NUMBERS.
R  INDICATES RECORD WAS SET OR TIED.
MM INDICATES DATA IS MISSING.
T  INDICATES TRACE AMOUNT.




$$
