000
CDUS44 KFWD 290716
CLIACT

CLIMATE REPORT
NATIONAL WEATHER SERVICE FORT WORTH TX
215 AM CDT TUE JUL 29 2014


...................................

...THE WACO CLIMATE SUMMARY FOR JULY 28 2014...

CLIMATE NORMAL PERIOD 1981 TO 2010
CLIMATE RECORD PERIOD 1901 TO 2014


WEATHER ITEM   OBSERVED TIME   RECORD YEAR NORMAL DEPARTURE LAST
                VALUE   (LST)  VALUE       VALUE  FROM      YEAR
                                                  NORMAL
..................................................................
TEMPERATURE (F)
 YESTERDAY
  MAXIMUM        100    238 PM 106    1969  98      2       93
  MINIMUM         74   1159 PM  60    1994  75     -1       71
  AVERAGE         87                        86      1       82

PRECIPITATION (IN)
  YESTERDAY        0.00          2.02 1902   0.06  -0.06     0.00
  MONTH TO DATE    0.15                      1.62  -1.47     5.50
  SINCE JUN 1      8.46                      5.05   3.41     7.12
  SINCE JAN 1     19.60                     19.94  -0.34    21.21

DEGREE DAYS
 HEATING
  YESTERDAY        0                         0      0        0
  MONTH TO DATE    0                         0      0        0
  SINCE JUN 1      0                         0      0        0
  SINCE JUL 1      0                         0      0        0

 COOLING
  YESTERDAY       22                        21      1       17
  MONTH TO DATE  510                       563    -53      530
  SINCE JUN 1    991                      1051    -60     1082
  SINCE JAN 1   1378                      1503   -125     1499
..................................................................


WIND (MPH)
  HIGHEST WIND SPEED    23   HIGHEST WIND DIRECTION     N (20)
  HIGHEST GUST SPEED    28   HIGHEST GUST DIRECTION     N (10)
  AVERAGE WIND SPEED     5.7


SKY COVER
  POSSIBLE SUNSHINE  MM
  AVERAGE SKY COVER 0.2


WEATHER CONDITIONS
 THE FOLLOWING WEATHER WAS RECORDED YESTERDAY.
  NO SIGNIFICANT WEATHER WAS OBSERVED.


RELATIVE HUMIDITY (PERCENT)
 HIGHEST    87          1100 PM
 LOWEST     38           300 PM
 AVERAGE    63

..........................................................


THE WACO CLIMATE NORMALS FOR TODAY
                         NORMAL    RECORD    YEAR
 MAXIMUM TEMPERATURE (F)   98       106      1986
                                             1974
                                             1912
 MINIMUM TEMPERATURE (F)   75        65      1994


SUNRISE AND SUNSET
JULY 29 2014..........SUNRISE   643 AM CDT   SUNSET   827 PM CDT
JULY 30 2014..........SUNRISE   644 AM CDT   SUNSET   827 PM CDT


-  INDICATES NEGATIVE NUMBERS.
R  INDICATES RECORD WAS SET OR TIED.
MM INDICATES DATA IS MISSING.
T  INDICATES TRACE AMOUNT.




$$
