000
CDUS44 KFWD 040651
CLIACT


CLIMATE REPORT
NATIONAL WEATHER SERVICE FORT WORTH TX
150 AM CDT FRI SEP 4 2015

...THE WACO CLIMATE SUMMARY FOR SEPTEMBER 3 2015...

CLIMATE NORMAL PERIOD 1981 TO 2010
CLIMATE RECORD PERIOD 1901 TO 2015


WEATHER ITEM   OBSERVED TIME   RECORD YEAR NORMAL DEPARTURE LAST
                VALUE   (LST)  VALUE       VALUE  FROM      YEAR
                                                  NORMAL
..................................................................
TEMPERATURE (F)
 YESTERDAY
  MAXIMUM         95    343 PM 108    2000  94      1       98
  MINIMUM         72    620 AM  59    1987  71      1       77
                                      1915
  AVERAGE         84                        82      2       88

PRECIPITATION (IN)
  YESTERDAY        0.00          1.23 1942   0.10  -0.10     0.00
  MONTH TO DATE    0.00                      0.30  -0.30     0.00
  SINCE SEP 1      0.00                      0.30  -0.30     0.00
  SINCE JAN 1     28.17                     22.46   5.71    20.58

DEGREE DAYS
 HEATING
  YESTERDAY        0                         0      0        0
  MONTH TO DATE    0                         0      0        0
  SINCE SEP 1      0                         0      0        0
  SINCE JUL 1      0                         0      0        0

 COOLING
  YESTERDAY       19                        17      2       23
  MONTH TO DATE   55                        52      3       68
  SINCE SEP 1     55                        52      3       68
  SINCE JAN 1   2310                      2247     63     2143
..................................................................


WIND (MPH)
  HIGHEST WIND SPEED    15   HIGHEST WIND DIRECTION     S (170)
  HIGHEST GUST SPEED    19   HIGHEST GUST DIRECTION     S (160)
  AVERAGE WIND SPEED     7.0


SKY COVER
  POSSIBLE SUNSHINE  MM
  AVERAGE SKY COVER 0.1


WEATHER CONDITIONS
 THE FOLLOWING WEATHER WAS RECORDED YESTERDAY.
  NO SIGNIFICANT WEATHER WAS OBSERVED.


RELATIVE HUMIDITY (PERCENT)
 HIGHEST    87           500 AM
 LOWEST     36           300 PM
 AVERAGE    62

..........................................................


THE WACO CLIMATE NORMALS FOR TODAY
                         NORMAL    RECORD    YEAR
 MAXIMUM TEMPERATURE (F)   93       111      2000
 MINIMUM TEMPERATURE (F)   70        56      1934


SUNRISE AND SUNSET
SEPTEMBER  4 2015.....SUNRISE   706 AM CDT   SUNSET   749 PM CDT
SEPTEMBER  5 2015.....SUNRISE   707 AM CDT   SUNSET   748 PM CDT


-  INDICATES NEGATIVE NUMBERS.
R  INDICATES RECORD WAS SET OR TIED.
MM INDICATES DATA IS MISSING.
T  INDICATES TRACE AMOUNT.




$$
