000
CDUS41 KPHI 230633
CLIACY


CLIMATE REPORT
NATIONAL WEATHER SERVICE MOUNT HOLLY NJ
232 AM EDT SAT JUL 23 2016


...................................

...THE ATLANTIC CITY NJ CLIMATE SUMMARY FOR JULY 22 2016...

CLIMATE NORMAL PERIOD 1981 TO 2010
CLIMATE RECORD PERIOD 1874 TO 2016


WEATHER ITEM   OBSERVED TIME   RECORD YEAR NORMAL DEPARTURE LAST
                VALUE   (LST)  VALUE       VALUE  FROM      YEAR
                                                  NORMAL
..................................................................
TEMPERATURE (F)
 YESTERDAY
  MAXIMUM         91    357 PM 105    2011  86      5       84
  MINIMUM         71    458 AM  53    2001  67      4       64
                                      1965
  AVERAGE         81                        76      5       74

PRECIPITATION (IN)
  YESTERDAY        0.00          4.17 1903   0.12  -0.12     0.00
  MONTH TO DATE    6.52                      2.59   3.93     5.82
  SINCE JUN 1      8.83                      5.70   3.13    14.18
  SINCE JAN 1     28.89                     22.98   5.91    30.43

SNOWFALL (IN)
  YESTERDAY        0.0           0.0  1903   0.0    0.0      0.0
  MONTH TO DATE    0.0                       0.0    0.0      0.0
  SINCE JUN 1      0.0                       0.0    0.0      0.0
  SINCE JUL 1      0.0                       0.0    0.0      0.0
  SNOW DEPTH       0

DEGREE DAYS
 HEATING
  YESTERDAY        0                         0      0        0
  MONTH TO DATE    0                         0      0        0
  SINCE JUN 1      4                        27    -23       26
  SINCE JUL 1      0                         0      0        0

 COOLING
  YESTERDAY       16                        12      4        9
  MONTH TO DATE  271                       247     24      246
  SINCE JUN 1    463                       450     13      491
  SINCE JAN 1    542                       514     28      625
..................................................................


WIND (MPH)
  HIGHEST WIND SPEED    18   HIGHEST WIND DIRECTION    SW (220)
  HIGHEST GUST SPEED    24   HIGHEST GUST DIRECTION    SW (220)
  AVERAGE WIND SPEED     8.9


SKY COVER
  POSSIBLE SUNSHINE  MM
  AVERAGE SKY COVER 0.0


WEATHER CONDITIONS
 THE FOLLOWING WEATHER WAS RECORDED YESTERDAY.
  NO SIGNIFICANT WEATHER WAS OBSERVED.


RELATIVE HUMIDITY (PERCENT)
 HIGHEST    87          1200 AM
 LOWEST     47           400 PM
 AVERAGE    67

..........................................................


THE ATLANTIC CITY NJ CLIMATE NORMALS FOR TODAY
                         NORMAL    RECORD    YEAR
 MAXIMUM TEMPERATURE (F)   86       105      2011
 MINIMUM TEMPERATURE (F)   67        51      1977
                                             1974


SUNRISE AND SUNSET
JULY 23 2016..........SUNRISE   550 AM EDT   SUNSET   819 PM EDT
JULY 24 2016..........SUNRISE   551 AM EDT   SUNSET   818 PM EDT


-  INDICATES NEGATIVE NUMBERS.
R  INDICATES RECORD WAS SET OR TIED.
MM INDICATES DATA IS MISSING.
T  INDICATES TRACE AMOUNT.




$$
