000
CDUS41 KPHI 180601
CLIACY


CLIMATE REPORT
NATIONAL WEATHER SERVICE MOUNT HOLLY NJ
100 AM EST SUN FEB 18 2018


...................................

...THE ATLANTIC CITY NJ CLIMATE SUMMARY FOR FEBRUARY 17 2018...

CLIMATE NORMAL PERIOD 1981 TO 2010
CLIMATE RECORD PERIOD 1874 TO 2018


WEATHER ITEM   OBSERVED TIME   RECORD YEAR NORMAL DEPARTURE LAST
                VALUE   (LST)  VALUE       VALUE  FROM      YEAR
                                                  NORMAL
..................................................................
TEMPERATURE (F)
 YESTERDAY
  MAXIMUM         43   1259 PM  70    1976  45     -2       45
  MINIMUM         27    654 AM  -6    1979  27      0       25
  AVERAGE         35                        36     -1       35

PRECIPITATION (IN)
  YESTERDAY        0.84          2.04 1902   0.10   0.74     0.00
  MONTH TO DATE    5.81                      1.66   4.15     0.97
  SINCE DEC 1     10.65                      8.57   2.08     8.44
  SINCE JAN 1      9.10                      4.88   4.22     5.15

SNOWFALL (IN)
  YESTERDAY        T            18.0  1903   0.3   -0.3      0.0
  MONTH TO DATE    T                         4.4   -4.4      0.3
  SINCE DEC 1     24.5                      12.6   11.9      7.5
  SINCE JUL 1     24.5                      12.8   11.7      7.5
  SNOW DEPTH       0

DEGREE DAYS
 HEATING
  YESTERDAY       30                        29      1       30
  MONTH TO DATE  439                       521    -82      437
  SINCE DEC 1   2362                      2375    -13     2075
  SINCE JUL 1   3065                      3282   -217     2822

 COOLING
  YESTERDAY        0                         0      0        0
  MONTH TO DATE    0                         0      0        0
  SINCE DEC 1      0                         0      0        0
  SINCE JAN 1      0                         0      0        0
..................................................................


WIND (MPH)
  HIGHEST WIND SPEED    16   HIGHEST WIND DIRECTION     E (100)
  HIGHEST GUST SPEED    26   HIGHEST GUST DIRECTION    SE (130)
  AVERAGE WIND SPEED     6.2


SKY COVER
  POSSIBLE SUNSHINE  MM
  AVERAGE SKY COVER 0.4


WEATHER CONDITIONS
 THE FOLLOWING WEATHER WAS RECORDED YESTERDAY.
  RAIN
  LIGHT RAIN
  LIGHT SNOW
  FOG


RELATIVE HUMIDITY (PERCENT)
 HIGHEST   100           700 PM
 LOWEST     56           900 AM
 AVERAGE    78

..........................................................


THE ATLANTIC CITY NJ CLIMATE NORMALS FOR TODAY
                         NORMAL    RECORD    YEAR
 MAXIMUM TEMPERATURE (F)   45        72      2011
 MINIMUM TEMPERATURE (F)   27        -7      1979


SUNRISE AND SUNSET
FEBRUARY 18 2018......SUNRISE   646 AM EST   SUNSET   538 PM EST
FEBRUARY 19 2018......SUNRISE   645 AM EST   SUNSET   540 PM EST


-  INDICATES NEGATIVE NUMBERS.
R  INDICATES RECORD WAS SET OR TIED.
MM INDICATES DATA IS MISSING.
T  INDICATES TRACE AMOUNT.




$$
