000
CDUS41 KPHI 252128
CLIACY


CLIMATE REPORT
NATIONAL WEATHER SERVICE MOUNT HOLLY NJ
427 PM EST TUE NOV 25 2014


...................................

...THE ATLANTIC CITY NJ CLIMATE SUMMARY FOR NOVEMBER 25 2014...
VALID TODAY AS OF 0400 PM LOCAL TIME.

CLIMATE NORMAL PERIOD 1981 TO 2010
CLIMATE RECORD PERIOD 1874 TO 2014


WEATHER ITEM   OBSERVED TIME   RECORD YEAR NORMAL DEPARTURE LAST
                VALUE   (LST)  VALUE       VALUE  FROM      YEAR
                                                  NORMAL
..................................................................
TEMPERATURE (F)
 TODAY
  MAXIMUM         65    119 AM  73    1973  53     12       36
  MINIMUM         52    359 PM  16    1989  35     17       19
  AVERAGE         59                        44     15       28

PRECIPITATION (IN)
  TODAY            0.00          2.61 1950   0.12  -0.12     0.00
  MONTH TO DATE    4.30                      2.70   1.60     0.78
  SINCE SEP 1     11.04                      9.27   1.77     6.87
  SINCE JAN 1     47.76                     37.49  10.27    38.29

SNOWFALL (IN)
  TODAY            0.0           0.2  1974   0.0    0.0      0.0
  MONTH TO DATE    T                         0.1   -0.1       T
  SINCE SEP 1      T                         0.1   -0.1       T
  SINCE JUL 1      T                         0.1   -0.1       T
  SNOW DEPTH       0

DEGREE DAYS
 HEATING
  TODAY            6                        21    -15       37
  MONTH TO DATE  495                       436     59      500
  SINCE SEP 1    769                       791    -22      865
  SINCE JUL 1    769                       794    -25      865

 COOLING
  TODAY            0                         0      0        0
  MONTH TO DATE    0                         0      0        0
  SINCE SEP 1    145                       145      0      132
  SINCE JAN 1    857                      1054   -197     1088
..................................................................


WIND (MPH)
  HIGHEST WIND SPEED    18   HIGHEST WIND DIRECTION    NW (320)
  HIGHEST GUST SPEED    22   HIGHEST GUST DIRECTION    NW (320)
  AVERAGE WIND SPEED     9.9


SKY COVER
  POSSIBLE SUNSHINE  MM
  AVERAGE SKY COVER 0.4


WEATHER CONDITIONS
 THE FOLLOWING WEATHER WAS RECORDED TODAY.
  NO SIGNIFICANT WEATHER WAS OBSERVED.


RELATIVE HUMIDITY (PERCENT)
 HIGHEST   100          1200 AM
 LOWEST     43           100 PM
 AVERAGE    72

..........................................................


THE ATLANTIC CITY NJ CLIMATE NORMALS FOR TOMORROW
                         NORMAL    RECORD    YEAR
 MAXIMUM TEMPERATURE (F)   52        71      2011
 MINIMUM TEMPERATURE (F)   34        17      2005


SUNRISE AND SUNSET
NOVEMBER 25 2014......SUNRISE   653 AM EST   SUNSET   437 PM EST
NOVEMBER 26 2014......SUNRISE   654 AM EST   SUNSET   437 PM EST


-  INDICATES NEGATIVE NUMBERS.
R  INDICATES RECORD WAS SET OR TIED.
MM INDICATES DATA IS MISSING.
T  INDICATES TRACE AMOUNT.




$$
