770
CDUS41 KPHI 220606
CLIACY


CLIMATE REPORT
NATIONAL WEATHER SERVICE MOUNT HOLLY NJ
105 AM EST WED NOV 22 2017


...................................

...THE ATLANTIC CITY NJ CLIMATE SUMMARY FOR NOVEMBER 21 2017...

CLIMATE NORMAL PERIOD 1981 TO 2010
CLIMATE RECORD PERIOD 1874 TO 2017


WEATHER ITEM   OBSERVED TIME   RECORD YEAR NORMAL DEPARTURE LAST
                VALUE   (LST)  VALUE       VALUE  FROM      YEAR
                                                  NORMAL
..................................................................
TEMPERATURE (F)
 YESTERDAY
  MAXIMUM         60   1153 PM  75    1991  54      6       46
                                      1942
  MINIMUM         36   1237 AM  17    1967  36      0       36
  AVERAGE         48                        45      3       41

PRECIPITATION (IN)
  YESTERDAY        0.00          1.67 1952   0.11  -0.11     0.00
  MONTH TO DATE    1.92                      2.25  -0.33     0.39
  SINCE SEP 1      9.86                      8.82   1.04     8.74
  SINCE JAN 1     48.43                     37.04  11.39    41.04

SNOWFALL (IN)
  YESTERDAY        0.0           T    2008   0.0    0.0      0.0
                                      1987
                                      1950
  MONTH TO DATE    0.0                       0.0    0.0       T
  SINCE SEP 1      0.0                       0.0    0.0       T
  SINCE JUL 1      0.0                       0.0    0.0       T
  SNOW DEPTH       0

DEGREE DAYS
 HEATING
  YESTERDAY       17                        20     -3       24
  MONTH TO DATE  347                       353     -6      325
  SINCE SEP 1    511                       708   -197      573
  SINCE JUL 1    511                       711   -200      573

 COOLING
  YESTERDAY        0                         0      0        0
  MONTH TO DATE    1                         0      1        3
  SINCE SEP 1    247                       145    102      237
  SINCE JAN 1   1264                      1054    210     1340
..................................................................


WIND (MPH)
  HIGHEST WIND SPEED    23   HIGHEST WIND DIRECTION    SW (220)
  HIGHEST GUST SPEED    35   HIGHEST GUST DIRECTION    SW (230)
  AVERAGE WIND SPEED    11.0


SKY COVER
  POSSIBLE SUNSHINE  MM
  AVERAGE SKY COVER 0.1


WEATHER CONDITIONS
 THE FOLLOWING WEATHER WAS RECORDED YESTERDAY.
  NO SIGNIFICANT WEATHER WAS OBSERVED.


RELATIVE HUMIDITY (PERCENT)
 HIGHEST    85           100 AM
 LOWEST     39           100 PM
 AVERAGE    62

..........................................................


THE ATLANTIC CITY NJ CLIMATE NORMALS FOR TODAY
                         NORMAL    RECORD    YEAR
 MAXIMUM TEMPERATURE (F)   54        72      2007
                                             1931
 MINIMUM TEMPERATURE (F)   36        12      1879


SUNRISE AND SUNSET
NOVEMBER 22 2017......SUNRISE   650 AM EST   SUNSET   438 PM EST
NOVEMBER 23 2017......SUNRISE   651 AM EST   SUNSET   438 PM EST


-  INDICATES NEGATIVE NUMBERS.
R  INDICATES RECORD WAS SET OR TIED.
MM INDICATES DATA IS MISSING.
T  INDICATES TRACE AMOUNT.




$$
