000
CDUS41 KPHI 260630
CLIACY


CLIMATE REPORT
NATIONAL WEATHER SERVICE MOUNT HOLLY NJ
129 AM EST FRI DEC 26 2014


...................................

...THE ATLANTIC CITY NJ CLIMATE SUMMARY FOR DECEMBER 25 2014...

CLIMATE NORMAL PERIOD 1981 TO 2010
CLIMATE RECORD PERIOD 1874 TO 2014


WEATHER ITEM   OBSERVED TIME   RECORD YEAR NORMAL DEPARTURE LAST
                VALUE   (LST)  VALUE       VALUE  FROM      YEAR
                                                  NORMAL
..................................................................
TEMPERATURE (F)
 YESTERDAY
  MAXIMUM         63    418 AM  70    1982  44     19       33
  MINIMUM         39   1159 PM  -2    1983  26     13       17
                                      1980
  AVERAGE         51                        35     16       25

PRECIPITATION (IN)
  YESTERDAY        0.13          1.17 2005   0.12   0.01     0.00
  MONTH TO DATE    5.48                      3.05   2.43     4.59
  SINCE DEC 1      5.48                      3.05   2.43     4.59
  SINCE JAN 1     54.31                     41.11  13.20    44.65

SNOWFALL (IN)
  YESTERDAY        0.0           0.8  1962   0.2   -0.2      0.0
  MONTH TO DATE    0.4                       2.9   -2.5      3.3
  SINCE DEC 1      0.4                       2.9   -2.5      3.3
  SINCE JUL 1      0.4                       3.1   -2.7      3.3
  SNOW DEPTH       0

DEGREE DAYS
 HEATING
  YESTERDAY       14                        30    -16       40
  MONTH TO DATE  605                       677    -72      630
  SINCE DEC 1    605                       677    -72      630
  SINCE JUL 1   1512                      1584    -72     1633

 COOLING
  YESTERDAY        0                         0      0        0
  MONTH TO DATE    0                         0      0        0
  SINCE DEC 1      0                         0      0        0
  SINCE JAN 1    857                      1055   -198     1088
..................................................................


WIND (MPH)
  HIGHEST WIND SPEED    32   HIGHEST WIND DIRECTION    NW (310)
  HIGHEST GUST SPEED    42   HIGHEST GUST DIRECTION    NW (300)
  AVERAGE WIND SPEED    12.1


SKY COVER
  POSSIBLE SUNSHINE  MM
  AVERAGE SKY COVER 0.5


WEATHER CONDITIONS
 THE FOLLOWING WEATHER WAS RECORDED YESTERDAY.
  LIGHT RAIN
  FOG


RELATIVE HUMIDITY (PERCENT)
 HIGHEST   100           200 AM
 LOWEST     44           100 PM
 AVERAGE    72

..........................................................


THE ATLANTIC CITY NJ CLIMATE NORMALS FOR TODAY
                         NORMAL    RECORD    YEAR
 MAXIMUM TEMPERATURE (F)   43        68      1889
 MINIMUM TEMPERATURE (F)   26        -2      1980


SUNRISE AND SUNSET
DECEMBER 26 2014......SUNRISE   717 AM EST   SUNSET   441 PM EST
DECEMBER 27 2014......SUNRISE   717 AM EST   SUNSET   441 PM EST


-  INDICATES NEGATIVE NUMBERS.
R  INDICATES RECORD WAS SET OR TIED.
MM INDICATES DATA IS MISSING.
T  INDICATES TRACE AMOUNT.




$$
