000
CDUS41 KPHI 310634
CLIACY


CLIMATE REPORT
NATIONAL WEATHER SERVICE MOUNT HOLLY NJ
132 AM EST SAT JAN 31 2015


...................................

...THE ATLANTIC CITY NJ CLIMATE SUMMARY FOR JANUARY 30 2015...

CLIMATE NORMAL PERIOD 1981 TO 2010
CLIMATE RECORD PERIOD 1874 TO 2015


WEATHER ITEM   OBSERVED TIME   RECORD YEAR NORMAL DEPARTURE LAST
                VALUE   (LST)  VALUE       VALUE  FROM      YEAR
                                                  NORMAL
..................................................................
TEMPERATURE (F)
 YESTERDAY
  MAXIMUM         40    218 PM  72    2002  42     -2       27
  MINIMUM         21   1159 PM  -3    2014  25     -4       -3
  AVERAGE         31                        33     -2       12

PRECIPITATION (IN)
  YESTERDAY        T             1.26 1939   0.10  -0.10     0.00
  MONTH TO DATE    5.28                      3.12   2.16     3.25
  SINCE DEC 1     10.81                      6.81   4.00     9.31
  SINCE JAN 1      5.28                      3.12   2.16     3.25

SNOWFALL (IN)
  YESTERDAY        T             7.6  2010   0.2   -0.2      0.0
  MONTH TO DATE    4.8                       4.3    0.5     18.8
  SINCE DEC 1      5.2                       8.0   -2.8     22.1
  SINCE JUL 1      5.2                       8.2   -3.0     22.1
  SNOW DEPTH       0

DEGREE DAYS
 HEATING
  YESTERDAY       34                        32      2       53
  MONTH TO DATE 1028                       958     70     1111
  SINCE DEC 1   1797                      1820    -23     1908
  SINCE JUL 1   2704                      2727    -23     2911

 COOLING
  YESTERDAY        0                         0      0        0
  MONTH TO DATE    0                         0      0        0
  SINCE DEC 1      0                         0      0        0
  SINCE JAN 1      0                         0      0        0
..................................................................


WIND (MPH)
  HIGHEST WIND SPEED    33   HIGHEST WIND DIRECTION    NW (320)
  HIGHEST GUST SPEED    42   HIGHEST GUST DIRECTION    NW (310)
  AVERAGE WIND SPEED    18.4


SKY COVER
  POSSIBLE SUNSHINE  MM
  AVERAGE SKY COVER 0.8


WEATHER CONDITIONS
 THE FOLLOWING WEATHER WAS RECORDED YESTERDAY.
  LIGHT SNOW


RELATIVE HUMIDITY (PERCENT)
 HIGHEST    75          1200 AM
 LOWEST     40           400 PM
 AVERAGE    58

..........................................................


THE ATLANTIC CITY NJ CLIMATE NORMALS FOR TODAY
                         NORMAL    RECORD    YEAR
 MAXIMUM TEMPERATURE (F)   42        63      2012
                                             1988
 MINIMUM TEMPERATURE (F)   25         4      1948


SUNRISE AND SUNSET
JANUARY 31 2015.......SUNRISE   707 AM EST   SUNSET   517 PM EST
FEBRUARY  1 2015......SUNRISE   706 AM EST   SUNSET   518 PM EST


-  INDICATES NEGATIVE NUMBERS.
R  INDICATES RECORD WAS SET OR TIED.
MM INDICATES DATA IS MISSING.
T  INDICATES TRACE AMOUNT.




$$
