000
CDUS41 KPHI 280630
CLIACY


CLIMATE REPORT
NATIONAL WEATHER SERVICE MOUNT HOLLY NJ
230 AM EDT MON JUL 28 2014


...................................

...THE ATLANTIC CITY NJ CLIMATE SUMMARY FOR JULY 27 2014...

CLIMATE NORMAL PERIOD 1981 TO 2010
CLIMATE RECORD PERIOD 1874 TO 2014


WEATHER ITEM   OBSERVED TIME   RECORD YEAR NORMAL DEPARTURE LAST
                VALUE   (LST)  VALUE       VALUE  FROM      YEAR
                                                  NORMAL
..................................................................
TEMPERATURE (F)
 YESTERDAY
  MAXIMUM         86    225 PM  99    2005  86      0       82
  MINIMUM         71    138 AM  54    1977  67      4       60
                                      1975
                                      1920
  AVERAGE         79                        76      3       71

PRECIPITATION (IN)
  YESTERDAY        0.11          3.63 1958   0.13  -0.02     0.00
  MONTH TO DATE    4.46                      3.22   1.24     3.00
  SINCE JUN 1      6.00                      6.33  -0.33    10.53
  SINCE JAN 1     26.18                     23.61   2.57    28.09

SNOWFALL (IN)
  YESTERDAY        0.0           0.0  1903   0.0    0.0      0.0
  MONTH TO DATE    0.0                       0.0    0.0      0.0
  SINCE JUN 1      0.0                       0.0    0.0      0.0
  SINCE JUL 1      0.0                       0.0    0.0      0.0
  SNOW DEPTH       0

DEGREE DAYS
 HEATING
  YESTERDAY        0                         0      0        0
  MONTH TO DATE    0                         0      0        0
  SINCE JUN 1     10                        27    -17        8
  SINCE JUL 1      0                         0      0        0

 COOLING
  YESTERDAY       14                        11      3        6
  MONTH TO DATE  266                       302    -36      398
  SINCE JUN 1    462                       505    -43      609
  SINCE JAN 1    498                       569    -71      703
..................................................................


WIND (MPH)
  HIGHEST WIND SPEED    17   HIGHEST WIND DIRECTION     S (200)
  HIGHEST GUST SPEED    23   HIGHEST GUST DIRECTION    SW (230)
  AVERAGE WIND SPEED     9.0


SKY COVER
  POSSIBLE SUNSHINE  MM
  AVERAGE SKY COVER 0.2


WEATHER CONDITIONS
 THE FOLLOWING WEATHER WAS RECORDED YESTERDAY.
  HEAVY RAIN
  LIGHT RAIN
  FOG


RELATIVE HUMIDITY (PERCENT)
 HIGHEST    94           800 AM
 LOWEST     59          1100 AM
 AVERAGE    77

..........................................................


THE ATLANTIC CITY NJ CLIMATE NORMALS FOR TODAY
                         NORMAL    RECORD    YEAR
 MAXIMUM TEMPERATURE (F)   85        98      1999
 MINIMUM TEMPERATURE (F)   67        50      1977


SUNRISE AND SUNSET
JULY 28 2014..........SUNRISE   554 AM EDT   SUNSET   815 PM EDT
JULY 29 2014..........SUNRISE   555 AM EDT   SUNSET   814 PM EDT


-  INDICATES NEGATIVE NUMBERS.
R  INDICATES RECORD WAS SET OR TIED.
MM INDICATES DATA IS MISSING.
T  INDICATES TRACE AMOUNT.




$$
