283
CDUS41 KPHI 250546
CLIACY


CLIMATE REPORT
NATIONAL WEATHER SERVICE MOUNT HOLLY NJ
144 AM EDT MON SEP 25 2017


...................................

...THE ATLANTIC CITY NJ CLIMATE SUMMARY FOR SEPTEMBER 24 2017...

CLIMATE NORMAL PERIOD 1981 TO 2010
CLIMATE RECORD PERIOD 1874 TO 2017


WEATHER ITEM   OBSERVED TIME   RECORD YEAR NORMAL DEPARTURE LAST
                VALUE   (LST)  VALUE       VALUE  FROM      YEAR
                                                  NORMAL
..................................................................
TEMPERATURE (F)
 YESTERDAY
  MAXIMUM         87   1141 AM  93    2010  74     13       71
  MINIMUM         61    601 AM  32    1967  54      7       52
  AVERAGE         74                        64     10       62

PRECIPITATION (IN)
  YESTERDAY        0.00          1.47 1909   0.12  -0.12     0.00
  MONTH TO DATE    4.04                      2.45   1.59     2.74
  SINCE SEP 1      4.04                      2.45   1.59     2.74
  SINCE JAN 1     42.61                     30.67  11.94    35.04

SNOWFALL (IN)
  YESTERDAY        0.0           0.0    MM   0.0    0.0      0.0
  MONTH TO DATE    0.0                       0.0    0.0      0.0
  SINCE SEP 1      0.0                       0.0    0.0      0.0
  SINCE JUL 1      0.0                       0.0    0.0      0.0
  SNOW DEPTH       0

DEGREE DAYS
 HEATING
  YESTERDAY        0                         3     -3        3
  MONTH TO DATE   10                        35    -25        5
  SINCE SEP 1     10                        35    -25        5
  SINCE JUL 1     10                        38    -28        5

 COOLING
  YESTERDAY        9                         2      7        0
  MONTH TO DATE  140                       114     26      203
  SINCE SEP 1    140                       114     26      203
  SINCE JAN 1   1157                      1023    134     1306
..................................................................


WIND (MPH)
  HIGHEST WIND SPEED    13   HIGHEST WIND DIRECTION    NE (30)
  HIGHEST GUST SPEED    18   HIGHEST GUST DIRECTION    NE (30)
  AVERAGE WIND SPEED     4.2


SKY COVER
  POSSIBLE SUNSHINE  MM
  AVERAGE SKY COVER 0.0


WEATHER CONDITIONS
 THE FOLLOWING WEATHER WAS RECORDED YESTERDAY.
  NO SIGNIFICANT WEATHER WAS OBSERVED.


RELATIVE HUMIDITY (PERCENT)
 HIGHEST    97           600 AM
 LOWEST     48          1200 PM
 AVERAGE    73

..........................................................


THE ATLANTIC CITY NJ CLIMATE NORMALS FOR TODAY
                         NORMAL    RECORD    YEAR
 MAXIMUM TEMPERATURE (F)   74        91      1970
 MINIMUM TEMPERATURE (F)   54        36      1967


SUNRISE AND SUNSET
SEPTEMBER 25 2017.....SUNRISE   649 AM EDT   SUNSET   650 PM EDT
SEPTEMBER 26 2017.....SUNRISE   650 AM EDT   SUNSET   648 PM EDT


-  INDICATES NEGATIVE NUMBERS.
R  INDICATES RECORD WAS SET OR TIED.
MM INDICATES DATA IS MISSING.
T  INDICATES TRACE AMOUNT.




$$
