000
CDUS41 KPHI 200629
CLIACY


CLIMATE REPORT
NATIONAL WEATHER SERVICE MOUNT HOLLY NJ
229 AM EDT SUN APR 20 2014


...................................

...THE ATLANTIC CITY NJ CLIMATE SUMMARY FOR APRIL 19 2014...

CLIMATE NORMAL PERIOD 1981 TO 2010
CLIMATE RECORD PERIOD 1874 TO 2014


WEATHER ITEM   OBSERVED TIME   RECORD YEAR NORMAL DEPARTURE LAST
                VALUE   (LST)  VALUE       VALUE  FROM      YEAR
                                                  NORMAL
..................................................................
TEMPERATURE (F)
 YESTERDAY
  MAXIMUM         68    112 PM  92    1985  63      5       68
  MINIMUM         34    550 AM  19    1875  43     -9       58
  AVERAGE         51                        53     -2       63

PRECIPITATION (IN)
  YESTERDAY        0.00          2.42 1943   0.11  -0.11     0.18
  MONTH TO DATE    1.46                      2.44  -0.98     1.61
  SINCE MAR 1      6.46                      6.65  -0.19     6.27
  SINCE JAN 1     15.01                     12.74   2.27    13.73

SNOWFALL (IN)
  YESTERDAY        0.0           0.3  1983   0.1   -0.1      0.0
  MONTH TO DATE    T                         0.3   -0.3      0.0
  SINCE MAR 1     15.6                       1.4   14.2      3.2
  SINCE JUL 1     43.8                      16.5   27.3     14.6
  SNOW DEPTH       0

DEGREE DAYS
 HEATING
  YESTERDAY       14                        12      2        2
  MONTH TO DATE  291                       289      2      250
  SINCE MAR 1   1150                       995    155     1054
  SINCE JUL 1   5013                      4586    427     4472

 COOLING
  YESTERDAY        0                         0      0        0
  MONTH TO DATE    0                         0      0       15
  SINCE MAR 1      0                         0      0       15
  SINCE JAN 1      0                         0      0       15
..................................................................


WIND (MPH)
  HIGHEST WIND SPEED    16   HIGHEST WIND DIRECTION     E (90)
  HIGHEST GUST SPEED    19   HIGHEST GUST DIRECTION     E (90)
  AVERAGE WIND SPEED     4.9


SKY COVER
  POSSIBLE SUNSHINE  MM
  AVERAGE SKY COVER 0.0


WEATHER CONDITIONS
 THE FOLLOWING WEATHER WAS RECORDED YESTERDAY.
  NO SIGNIFICANT WEATHER WAS OBSERVED.


RELATIVE HUMIDITY (PERCENT)
 HIGHEST    93           700 AM
 LOWEST     24           100 PM
 AVERAGE    59

..........................................................


THE ATLANTIC CITY NJ CLIMATE NORMALS FOR TODAY
                         NORMAL    RECORD    YEAR
 MAXIMUM TEMPERATURE (F)   63        86      2005
 MINIMUM TEMPERATURE (F)   43        27      1904


SUNRISE AND SUNSET
APRIL 20 2014.........SUNRISE   614 AM EDT   SUNSET   741 PM EDT
APRIL 21 2014.........SUNRISE   613 AM EDT   SUNSET   742 PM EDT


-  INDICATES NEGATIVE NUMBERS.
R  INDICATES RECORD WAS SET OR TIED.
MM INDICATES DATA IS MISSING.
T  INDICATES TRACE AMOUNT.




$$
