399
CDAK48 PAFC 301305 RRA
CLIADQ

CLIMATE REPORT
NATIONAL WEATHER SERVICE ANCHORAGE, AK
449 AM AKDT SUN APR 30 2017


...................................

...THE KODIAK CLIMATE SUMMARY FOR APRIL 29 2017...

CLIMATE NORMAL PERIOD 1981 TO 2010
CLIMATE RECORD PERIOD 1913 TO 2017


WEATHER ITEM   OBSERVED TIME   RECORD YEAR NORMAL DEPARTURE LAST
                VALUE   (LST)  VALUE       VALUE  FROM      YEAR
                                                  NORMAL
..................................................................
TEMPERATURE (F)
 YESTERDAY
  MAXIMUM         43    602 PM  61    1995  46     -3       46
  MINIMUM         36    403 AM  26    2013  35      1       39
                                      1985
                                      1951
  AVERAGE         40                        41     -1       43

PRECIPITATION (IN)
  YESTERDAY        0.17          1.90 1922   0.19  -0.02     0.30
  MONTH TO DATE    7.16                      5.63   1.53     7.87
  SINCE MAR 1      7.86                     11.16  -3.30    15.21
  SINCE JAN 1     13.40                     25.59 -12.19    37.81

SNOWFALL (IN)
  YESTERDAY        0.0          MM      MM   0.1   -0.1      0.0
  MONTH TO DATE    1.1                       7.9   -6.8      0.0
  SINCE MAR 1      2.6                      19.2  -16.6      3.6
  SINCE JUL 1     28.4                      68.6  -40.2     20.6
  SNOW DEPTH       0

DEGREE DAYS
 HEATING
  YESTERDAY       25                        24      1       22
  MONTH TO DATE  722                       797    -75      542
  SINCE MAR 1   1835                      1795     40     1109
  SINCE JUL 1   7176                      7667   -491     5617

 COOLING
  YESTERDAY        0                         0      0        0
  MONTH TO DATE    0                         0      0        0
  SINCE MAR 1      0                         0      0        0
  SINCE JAN 1      0                         0      0        0
..................................................................


WIND (MPH)
  RESULTANT WIND SPEED   4   RESULTANT WIND DIRECTION  NW (300)
  HIGHEST WIND SPEED    15   HIGHEST WIND DIRECTION    NE (50)
  HIGHEST GUST SPEED    18   HIGHEST GUST DIRECTION     W (280)
  AVERAGE WIND SPEED     5.8



WEATHER CONDITIONS
 THE FOLLOWING WEATHER WAS RECORDED YESTERDAY.
  LIGHT RAIN
  FOG


RELATIVE HUMIDITY (PERCENT)
 HIGHEST   100
 LOWEST     82
 AVERAGE    91

..........................................................


THE KODIAK CLIMATE NORMALS FOR TODAY
                         NORMAL    RECORD    YEAR
 MAXIMUM TEMPERATURE (F)   47        62      1983
 MINIMUM TEMPERATURE (F)   36        27      2010
                                             2006


SUNRISE AND SUNSET
APRIL 30 2017.........SUNRISE   620 AM AKDT  SUNSET   956 PM AKDT
MAY  1 2017...........SUNRISE   618 AM AKDT  SUNSET   958 PM AKDT

CIVIL TWILIGHT
APRIL 30 2017           START    533 AM GMT     END   1044 PM GMT
MAY 1 2017              START    530 AM GMT     END   1047 PM GMT



-  INDICATES NEGATIVE NUMBERS.
R  INDICATES RECORD WAS SET OR TIED.
MM INDICATES DATA IS MISSING.
T  INDICATES TRACE AMOUNT.




$$
&&
------------------------------------------------------
AMOUNT OF DAYLIGHT TODAY  (HOUR:MIN)........15:36
GAIN/LOSS SINCE YESTERDAY (HOUR:MIN:SEC)....+0:04:39

$$
