000
CDAK48 PAFC 191235
CLIADQ


CLIMATE REPORT
NATIONAL WEATHER SERVICE ANCHORAGE, AK
335 AM AKST THU JAN 19 2017


...................................

...THE KODIAK CLIMATE SUMMARY FOR JANUARY 18 2017...

CLIMATE NORMAL PERIOD 1981 TO 2010
CLIMATE RECORD PERIOD 1913 TO 2017


WEATHER ITEM   OBSERVED TIME   RECORD YEAR NORMAL DEPARTURE LAST
                VALUE   (LST)  VALUE       VALUE  FROM      YEAR
                                                  NORMAL
..................................................................
TEMPERATURE (F)
 YESTERDAY
  MAXIMUM         24    245 PM  46    1962  35    -11       40
  MINIMUM         18    807 AM  -1    1947  26     -8       37
  AVERAGE         21                        30     -9       39

PRECIPITATION (IN)
  YESTERDAY        0.00          3.20 1960   0.28  -0.28     0.40
  MONTH TO DATE    0.53                      4.98  -4.45     4.72
  SINCE DEC 1      4.64                     13.71  -9.07    16.99
  SINCE JAN 1      0.53                      4.98  -4.45     4.72

SNOWFALL (IN)
  YESTERDAY        0.0           5.1  2012   0.4   -0.4      0.0
  MONTH TO DATE    0.6                       7.0   -6.4       T
  SINCE DEC 1      4.2                      20.8  -16.6     14.9
  SINCE JUL 1      6.2                      28.3  -22.1     15.9
  SNOW DEPTH       0

DEGREE DAYS
 HEATING
  YESTERDAY       44                        35      9       26
  MONTH TO DATE  666                       618     48      430
  SINCE DEC 1   1699                      1666     33     1335
  SINCE JUL 1   3901                      4461   -560     3553

 COOLING
  YESTERDAY        0                         0      0        0
  MONTH TO DATE    0                         0      0        0
  SINCE DEC 1      0                         0      0        0
  SINCE JAN 1      0                         0      0        0
..................................................................


WIND (MPH)
  RESULTANT WIND SPEED  13   RESULTANT WIND DIRECTION   W (290)
  HIGHEST WIND SPEED    25   HIGHEST WIND DIRECTION     W (290)
  HIGHEST GUST SPEED    34   HIGHEST GUST DIRECTION    NW (300)
  AVERAGE WIND SPEED    13.6



WEATHER CONDITIONS
 THE FOLLOWING WEATHER WAS RECORDED YESTERDAY.
  NO SIGNIFICANT WEATHER WAS OBSERVED.


RELATIVE HUMIDITY (PERCENT)
 HIGHEST    68
 LOWEST     38
 AVERAGE    53

..........................................................


THE KODIAK CLIMATE NORMALS FOR TODAY
                         NORMAL    RECORD    YEAR
 MAXIMUM TEMPERATURE (F)   35        49      1937
 MINIMUM TEMPERATURE (F)   26         4      1974


SUNRISE AND SUNSET
JANUARY 19 2017.......SUNRISE   935 AM AKST  SUNSET   507 PM AKST
JANUARY 20 2017.......SUNRISE   934 AM AKST  SUNSET   509 PM AKST


-  INDICATES NEGATIVE NUMBERS.
R  INDICATES RECORD WAS SET OR TIED.
MM INDICATES DATA IS MISSING.
T  INDICATES TRACE AMOUNT.




$$
