000
CDAK48 PAFC 230049
CLIADQ


CLIMATE REPORT
NATIONAL WEATHER SERVICE ANCHORAGE, AK
448 PM AKDT SUN OCT 22 2017


...................................

...THE KODIAK CLIMATE SUMMARY FOR OCTOBER 22 2017...
VALID TODAY AS OF 0400 PM LOCAL TIME.

CLIMATE NORMAL PERIOD 1981 TO 2010
CLIMATE RECORD PERIOD 1913 TO 2017


WEATHER ITEM   OBSERVED TIME   RECORD YEAR NORMAL DEPARTURE LAST
                VALUE   (LST)  VALUE       VALUE  FROM      YEAR
                                                  NORMAL
..................................................................
TEMPERATURE (F)
 TODAY
  MAXIMUM         42    259 PM  55    1936  45     -3       46
  MINIMUM         20    807 AM  19    1966  33    -13       35
  AVERAGE         31                        39     -8       41

PRECIPITATION (IN)
  TODAY            0.00          2.22 2009   0.26  -0.26     0.00
  MONTH TO DATE    2.47                      5.99  -3.52     8.90
  SINCE SEP 1      9.53                     13.34  -3.81    13.89
  SINCE JAN 1     50.05                     60.13 -10.08    65.19

SNOWFALL (IN)
  TODAY            0.0           3.6  1982   0.1   -0.1      0.0
  MONTH TO DATE    0.0                       0.5   -0.5      0.2
  SINCE SEP 1      0.0                       0.5   -0.5      0.2
  SINCE JUL 1      0.0                       0.5   -0.5      0.2
  SNOW DEPTH       0

DEGREE DAYS
 HEATING
  TODAY           34                        26      8       24
  MONTH TO DATE  469                       514    -45      431
  SINCE SEP 1    909                       982    -73      822
  SINCE JUL 1   1514                      1615   -101     1163

 COOLING
  TODAY            0                         0      0        0
  MONTH TO DATE    0                         0      0        0
  SINCE SEP 1      0                         0      0        0
  SINCE JAN 1      0                         1     -1       29
..................................................................


WIND (MPH)
  RESULTANT WIND SPEED   5   RESULTANT WIND DIRECTION   W (260)
  HIGHEST WIND SPEED    12   HIGHEST WIND DIRECTION     S (170)
  HIGHEST GUST SPEED    13   HIGHEST GUST DIRECTION     S (170)
  AVERAGE WIND SPEED     6.9



WEATHER CONDITIONS
 THE FOLLOWING WEATHER WAS RECORDED TODAY.
  NO SIGNIFICANT WEATHER WAS OBSERVED.


RELATIVE HUMIDITY (PERCENT)
 HIGHEST    92
 LOWEST     38
 AVERAGE    65

..........................................................


THE KODIAK CLIMATE NORMALS FOR TOMORROW
                         NORMAL    RECORD    YEAR
 MAXIMUM TEMPERATURE (F)   44        60      1929
 MINIMUM TEMPERATURE (F)   33        17      1967


SUNRISE AND SUNSET
OCTOBER 22 2017.......SUNRISE   902 AM AKDT  SUNSET   646 PM AKDT
OCTOBER 23 2017.......SUNRISE   904 AM AKDT  SUNSET   644 PM AKDT


-  INDICATES NEGATIVE NUMBERS.
R  INDICATES RECORD WAS SET OR TIED.
MM INDICATES DATA IS MISSING.
T  INDICATES TRACE AMOUNT.




$$
