000
CDAK48 PAFC 291241
CLIADQ

CLIMATE REPORT
NATIONAL WEATHER SERVICE ANCHORAGE, AK
438 AM AKDT THU SEP 29 2016


...................................

...THE KODIAK CLIMATE SUMMARY FOR SEPTEMBER 28 2016...

CLIMATE NORMAL PERIOD 1981 TO 2010
CLIMATE RECORD PERIOD 1913 TO 2016


WEATHER ITEM   OBSERVED TIME   RECORD YEAR NORMAL DEPARTURE LAST
                VALUE   (LST)  VALUE       VALUE  FROM      YEAR
                                                  NORMAL
..................................................................
TEMPERATURE (F)
 YESTERDAY
  MAXIMUM         58    459 PM  63    1989  52      6       56
  MINIMUM         33    704 AM  28    1973  40     -7       46
  AVERAGE         46                        46      0       51

PRECIPITATION (IN)
  YESTERDAY        0.00          2.52 1991   0.30  -0.30     0.38
  MONTH TO DATE    4.99                      6.78  -1.79     1.89
  SINCE SEP 1      4.99                      6.78  -1.79     1.89
  SINCE JAN 1     56.29                     53.57   2.72    49.37

SNOWFALL (IN)
  YESTERDAY        0.0          MM      MM   0.0    0.0     MM
  MONTH TO DATE    0.0                       0.0    0.0      0.0
  SINCE SEP 1      0.0                       0.0    0.0      0.0
  SINCE JUL 1      0.0                       0.0    0.0      0.0
  SNOW DEPTH       0

DEGREE DAYS
 HEATING
  YESTERDAY       19                        19      0       14
  MONTH TO DATE  359                       428    -69      383
  SINCE SEP 1    359                       428    -69      383
  SINCE JUL 1    700                      1061   -361      789

 COOLING
  YESTERDAY        0                         0      0        0
  MONTH TO DATE    0                         0      0        0
  SINCE SEP 1      0                         0      0        0
  SINCE JAN 1     29                         1     28        1
..................................................................


WIND (MPH)
  RESULTANT WIND SPEED   4   RESULTANT WIND DIRECTION   W (290)
  HIGHEST WIND SPEED    13   HIGHEST WIND DIRECTION     W (270)
  HIGHEST GUST SPEED    17   HIGHEST GUST DIRECTION    NW (300)
  AVERAGE WIND SPEED     5.9



WEATHER CONDITIONS
 THE FOLLOWING WEATHER WAS RECORDED YESTERDAY.
  NO SIGNIFICANT WEATHER WAS OBSERVED.


RELATIVE HUMIDITY (PERCENT)
 HIGHEST    96
 LOWEST     57
 AVERAGE    77

..........................................................


THE KODIAK CLIMATE NORMALS FOR TODAY
                         NORMAL    RECORD    YEAR
 MAXIMUM TEMPERATURE (F)   52        63      1983
                                             1978
 MINIMUM TEMPERATURE (F)   39        27      2012


SUNRISE AND SUNSET
SEPTEMBER 29 2016.....SUNRISE   811 AM AKDT  SUNSET   748 PM AKDT
SEPTEMBER 30 2016.....SUNRISE   814 AM AKDT  SUNSET   745 PM AKDT

CIVIL TWILIGHT
SEPTEMBER 29 2016       START   721 AM AKDT     END   819 PM AKDT
SEPTEMBER 30 2016       START   723 AM AKDT     END   816 PM AKDT



-  INDICATES NEGATIVE NUMBERS.
R  INDICATES RECORD WAS SET OR TIED.
MM INDICATES DATA IS MISSING.
T  INDICATES TRACE AMOUNT.




$$
&&
------------------------------------------------------
AMOUNT OF DAYLIGHT TODAY  (HOUR:MIN)........11:32
GAIN/LOSS SINCE YESTERDAY (HOUR:MIN:SEC)....-0:05:39
