000
CDAK48 PAFC 161252
CLIADQ


CLIMATE REPORT
NATIONAL WEATHER SERVICE ANCHORAGE, AK
451 AM AKDT WED AUG 16 2017


...................................

...THE KODIAK CLIMATE SUMMARY FOR AUGUST 15 2017...

CLIMATE NORMAL PERIOD 1981 TO 2010
CLIMATE RECORD PERIOD 1913 TO 2017


WEATHER ITEM   OBSERVED TIME   RECORD YEAR NORMAL DEPARTURE LAST
                VALUE   (LST)  VALUE       VALUE  FROM      YEAR
                                                  NORMAL
..................................................................
TEMPERATURE (F)
 YESTERDAY
  MAXIMUM         59        MM  74    2004  62     -3       63
  MINIMUM         50        MM  41    1970  49      1       50
  AVERAGE         55                        56     -1       57

PRECIPITATION (IN)
  YESTERDAY        T             1.29 1933   0.14  -0.14     0.00
  MONTH TO DATE    3.63                      2.10   1.53     1.45
  SINCE JUN 1     15.36                     12.94   2.42     7.38
  SINCE JAN 1     36.12                     44.33  -8.21    49.47

SNOWFALL (IN)
  YESTERDAY        0.0          MM      MM   0.0    0.0      0.0
  MONTH TO DATE    0.0                       0.0    0.0      0.0
  SINCE JUN 1      0.0                       0.0    0.0      0.0
  SINCE JUL 1      0.0                       0.0    0.0      0.0
  SNOW DEPTH       0

DEGREE DAYS
 HEATING
  YESTERDAY       10                        10      0        8
  MONTH TO DATE  133                       136     -3       95
  SINCE JUN 1    828                       924    -96      544
  SINCE JUL 1    412                       463    -51      249

 COOLING
  YESTERDAY        0                         0      0        0
  MONTH TO DATE    0                         0      0        0
  SINCE JUN 1      0                         1     -1       20
  SINCE JAN 1      0                         1     -1       20
..................................................................


WIND (MPH)
  RESULTANT WIND SPEED   1   RESULTANT WIND DIRECTION   N (340)
  HIGHEST WIND SPEED     8   HIGHEST WIND DIRECTION    NW (310)
  HIGHEST GUST SPEED    MM   HIGHEST GUST DIRECTION    MM
  AVERAGE WIND SPEED     4.9



WEATHER CONDITIONS
 THE FOLLOWING WEATHER WAS RECORDED YESTERDAY.
  LIGHT RAIN


RELATIVE HUMIDITY (PERCENT)
 HIGHEST    96
 LOWEST     67
 AVERAGE    82

..........................................................


THE KODIAK CLIMATE NORMALS FOR TODAY
                         NORMAL    RECORD    YEAR
 MAXIMUM TEMPERATURE (F)   62        78      2004
 MINIMUM TEMPERATURE (F)   49        39      1981


SUNRISE AND SUNSET
AUGUST 16 2017........SUNRISE   637 AM AKDT  SUNSET   949 PM AKDT
AUGUST 17 2017........SUNRISE   640 AM AKDT  SUNSET   947 PM AKDT


-  INDICATES NEGATIVE NUMBERS.
R  INDICATES RECORD WAS SET OR TIED.
MM INDICATES DATA IS MISSING.
T  INDICATES TRACE AMOUNT.




$$
