000
CDAK48 PADQ 011139
CLIADQ

CLIMATE REPORT
NATIONAL WEATHER SERVICE KODIAK, AK
339 AM AKDT WED OCT 1 2014

...................................
...THE KODIAK AP CLIMATE SUMMARY FOR SEPTEMBER 30 2014...

CLIMATE NORMAL PERIOD  1981 TO  2010
CLIMATE RECORD PERIOD  1949 TO  2014

WEATHER ITEM   OBSERVED TIME    RECORD YEAR NORMAL DEPARTURE LAST
               VALUE    (LST)   VALUE       VALUE  FROM      YEAR
                                                   NORMAL
...................................................................
TEMPERATURE
YESTERDAY
 MAXIMUM            59  0347 PM    64  1970     51       8     48
 MINIMUM            34  1159 PM    26  1968     39      -5     40
 AVERAGE            47                          45       2     44

PRECIPITATION
(INCHES)
 YESTERDAY        0.00           3.39  2003   0.28   -0.28   0.00
 MONTH TO DATE    7.52                        7.35    0.17   7.54
 SINCE SEP 1      7.52                        7.35    0.17   7.54
 SINCE JAN 1     56.75                       54.14    2.61  47.45

SNOWFALL
(INCHES)
 YESTERDAY         0.0              T  2012    0.0     0.0    0.0
 MONTH TO DATE     0.0                         0.0     0.0    0.0
 SINCE SEP 1       0.0                         0.0     0.0    0.0
 SINCE JUL 1       0.0                         0.0     0.0    0.0
 SNOW DEPTH (IN)     0                                          0

DEGREE DAYS
 HEATING
  YESTERDAY         18                          20      -2     21
  MONTH TO DATE    370                         468     -98    440
  SINCE SEP 1      370                         468     -98    440
  SINCE JUL 1      871                        1098    -227    919

 COOLING
  YESTERDAY          0                           0       0      0
  MONTH TO DATE      0                           0       0      0
  SINCE SEP 1        0                           0       0      0
  SINCE JAN 1        4                           0       4      6
...................................................................

WIND (MPH)
 HIGHEST WIND SPEED    22     HIGHEST WIND DIRECTION    300
 HIGHEST GUST SPEED    28     HIGHEST GUST DIRECTION    290
 AVERAGE WIND SPEED   9.9

SKY COVER
  POSSIBLE SUNSHINE    MM          AVERAGE SKY COVER     MM

WEATHER CONDITIONS
 THE FOLLOWING WEATHER WAS RECORDED YESTERDAY.
  NO SIGNIFICANT WEATHER WAS OBSERVED.

RELATIVE HUMIDITY
 HIGHEST RH     MM PERCENT       MM
 LOWEST  RH     MM PERCENT       MM
 AVERAGE RH     MM PERCENT       MM
...................................................................

THE KODIAK CLIMATE NORMALS FOR TODAY
                           NORMAL    RECORD   YEAR
 MAXIMUM TEMPERATURE (F)     51        60     1979
 MINIMUM TEMPERATURE (F)     39        25     1972

SUNRISE AND SUNSET
 OCT 1 2014..........SUNRISE  8:15 AM      SUNSET  7:44 PM
 OCT 2 2014..........SUNRISE  8:17 AM      SUNSET  7:41 PM

-  INDICATES NEGATIVE NUMBERS.
R  INDICATES RECORD HAS BEEN SET OR TIED.
MM INDICATES DATA IS MISSING.
T  INDICATES TRACE OF PRECIPITATION.

&&
-------------------------------------------------------------------

AMOUNT OF DAYLIGHT TODAY  (HOUR:MIN)........11 HOURS 29 MINUTES
GAIN/LOSS SINCE YESTERDAY (HOUR:MIN:SEC)....-0:04:55

$$
*** OCT 14
