000
CDUS44 KLCH 180910
CLIAEX


CLIMATE REPORT
NATIONAL WEATHER SERVICE LAKE CHARLES, LA
310 AM CST SUN FEB 18 2018


...................................

...THE ALEXANDRIA CLIMATE SUMMARY FOR FEBRUARY 17 2018...

CLIMATE NORMAL PERIOD 1981 TO 2010
CLIMATE RECORD PERIOD 1892 TO 2018


WEATHER ITEM   OBSERVED TIME   RECORD YEAR NORMAL DEPARTURE LAST
                VALUE   (LST)  VALUE       VALUE  FROM      YEAR
                                                  NORMAL
..................................................................
TEMPERATURE (F)
 YESTERDAY
  MAXIMUM         75    237 PM  82    1911  63     12       65
  MINIMUM         53    552 AM  19    1903  41     12       41
                                      1900
  AVERAGE         64                        52     12       53

PRECIPITATION (IN)
  YESTERDAY        0.05          4.10 1910   0.17  -0.12     0.01
  MONTH TO DATE    4.27                      2.66   1.61     0.31
  SINCE DEC 1     11.69                     14.00  -2.31    15.13
  SINCE JAN 1      9.36                      7.88   1.48     6.08

SNOWFALL (IN)
  YESTERDAY        0.0           0.0    MM  MM     MM       MM
  MONTH TO DATE    0.0                      MM     MM        0.0
  SINCE DEC 1      2.9                      MM     MM        0.5
  SINCE JUL 1      2.9                      MM     MM        0.5
  SNOW DEPTH       0

DEGREE DAYS
 HEATING
  YESTERDAY        1                        13    -12       12
  MONTH TO DATE  184                       246    -62      112
  SINCE DEC 1   1334                      1212    122      777
  SINCE JUL 1   1604                      1537     67      952
..................................................................


WIND (MPH)
  HIGHEST WIND SPEED    18   HIGHEST WIND DIRECTION    NW (330)
  HIGHEST GUST SPEED    24   HIGHEST GUST DIRECTION    NW (320)
  AVERAGE WIND SPEED     6.8


SKY COVER
  POSSIBLE SUNSHINE  MM
  AVERAGE SKY COVER 1.0


WEATHER CONDITIONS
 THE FOLLOWING WEATHER WAS RECORDED YESTERDAY.
  LIGHT RAIN
  FOG
  FOG W/VISIBILITY <= 1/4 MILE


RELATIVE HUMIDITY (PERCENT)
 HIGHEST   100           600 AM
 LOWEST     79          1100 AM
 AVERAGE    90

..........................................................


THE ALEXANDRIA CLIMATE NORMALS FOR TODAY
                         NORMAL    RECORD    YEAR
 MAXIMUM TEMPERATURE (F)   64        83      1907
 MINIMUM TEMPERATURE (F)   42        16      1900


SUNRISE AND SUNSET
FEBRUARY 18 2018......SUNRISE   649 AM CST   SUNSET   600 PM CST
FEBRUARY 19 2018......SUNRISE   648 AM CST   SUNSET   601 PM CST


-  INDICATES NEGATIVE NUMBERS.
R  INDICATES RECORD WAS SET OR TIED.
MM INDICATES DATA IS MISSING.
T  INDICATES TRACE AMOUNT.




$$
