081
CDUS44 KLCH 040811
CLIAEX


CLIMATE REPORT
NATIONAL WEATHER SERVICE LAKE CHARLES, LA
211 AM CST SUN DEC 4 2016


...................................

...THE ALEXANDRIA CLIMATE SUMMARY FOR DECEMBER 3 2016...

CLIMATE NORMAL PERIOD 1981 TO 2010
CLIMATE RECORD PERIOD 1892 TO 2016


WEATHER ITEM   OBSERVED TIME   RECORD YEAR NORMAL DEPARTURE LAST
                VALUE   (LST)  VALUE       VALUE  FROM      YEAR
                                                  NORMAL
..................................................................
TEMPERATURE (F)
 YESTERDAY
  MAXIMUM         52   1224 AM  83    1906  63    -11       59
                                      1892
  MINIMUM         48   1149 PM  21    1929  42      6       37
  AVERAGE         50                        52     -2       48

PRECIPITATION (IN)
  YESTERDAY        4.48R         4.48 2016   0.24   4.24     0.00
  MONTH TO DATE    4.56                      0.81   3.75     0.20
  SINCE DEC 1      4.56                      0.81   3.75     0.20
  SINCE JAN 1     51.53                     50.61   0.92    55.32

SNOWFALL (IN)
  YESTERDAY       MM             0.0    MM  MM     MM        0.0
  MONTH TO DATE    0.0                      MM     MM        0.0
  SINCE DEC 1      0.0                      MM     MM        0.0
  SINCE JUL 1      0.0                      MM     MM        0.0
  SNOW DEPTH       0

DEGREE DAYS
 HEATING
  YESTERDAY       15                        13      2       17
  MONTH TO DATE   44                        39      5       40
  SINCE DEC 1     44                        39      5       40
  SINCE JUL 1    219                       364   -145      191
..................................................................


WIND (MPH)
  HIGHEST WIND SPEED    21   HIGHEST WIND DIRECTION     E (70)
  HIGHEST GUST SPEED    30   HIGHEST GUST DIRECTION     E (80)
  AVERAGE WIND SPEED    10.3


SKY COVER
  POSSIBLE SUNSHINE  MM
  AVERAGE SKY COVER 0.9


WEATHER CONDITIONS
 THE FOLLOWING WEATHER WAS RECORDED YESTERDAY.
  HEAVY RAIN
  RAIN
  LIGHT RAIN
  FOG


RELATIVE HUMIDITY (PERCENT)
 HIGHEST   100          1200 PM
 LOWEST     80           600 AM
 AVERAGE    90

..........................................................


THE ALEXANDRIA CLIMATE NORMALS FOR TODAY
                         NORMAL    RECORD    YEAR
 MAXIMUM TEMPERATURE (F)   62        85      1892
 MINIMUM TEMPERATURE (F)   41        21      1893


SUNRISE AND SUNSET
DECEMBER  4 2016......SUNRISE   654 AM CST   SUNSET   507 PM CST
DECEMBER  5 2016......SUNRISE   655 AM CST   SUNSET   507 PM CST


-  INDICATES NEGATIVE NUMBERS.
R  INDICATES RECORD WAS SET OR TIED.
MM INDICATES DATA IS MISSING.
T  INDICATES TRACE AMOUNT.




$$
