000
CDUS44 KLCH 300859
CLIAEX


CLIMATE REPORT
NATIONAL WEATHER SERVICE LAKE CHARLES, LA
258 AM CST FRI JAN 30 2015


...................................

...THE ALEXANDRIA CLIMATE SUMMARY FOR JANUARY 29 2015...

CLIMATE NORMAL PERIOD 1981 TO 2010
CLIMATE RECORD PERIOD 1892 TO 2015


WEATHER ITEM   OBSERVED TIME   RECORD YEAR NORMAL DEPARTURE LAST
                VALUE   (LST)  VALUE       VALUE  FROM      YEAR
                                                  NORMAL
..................................................................
TEMPERATURE (F)
 YESTERDAY
  MAXIMUM         76    319 PM  84    1957  60     16       35
  MINIMUM         49   1212 AM  12    1905  38     11       19
  AVERAGE         63                        49     14       27

PRECIPITATION (IN)
  YESTERDAY        0.00          2.62 1939   0.20  -0.20     0.00
  MONTH TO DATE    3.71                      4.79  -1.08     1.72
  SINCE DEC 1      6.10                     10.91  -4.81     4.32
  SINCE JAN 1      3.71                      4.79  -1.08     1.72

SNOWFALL (IN)
  YESTERDAY        0.0           T    1951  MM     MM        0.0
  MONTH TO DATE    0.0                      MM     MM        4.5
  SINCE DEC 1      0.0                      MM     MM        4.5
  SINCE JUL 1      0.0                      MM     MM        4.5
  SNOW DEPTH       0

DEGREE DAYS
 HEATING
  YESTERDAY        2                        16    -14       38
  MONTH TO DATE  542                       464     78      641
  SINCE DEC 1    932                       928      4     1150
  SINCE JUL 1   1325                      1253     72     1526
..................................................................


WIND (MPH)
  HIGHEST WIND SPEED    18   HIGHEST WIND DIRECTION     N (360)
  HIGHEST GUST SPEED    25   HIGHEST GUST DIRECTION     N (350)
  AVERAGE WIND SPEED     7.7


SKY COVER
  POSSIBLE SUNSHINE  MM
  AVERAGE SKY COVER 0.4


WEATHER CONDITIONS
 THE FOLLOWING WEATHER WAS RECORDED YESTERDAY.
  FOG
  FOG W/VISIBILITY <= 1/4 MILE


RELATIVE HUMIDITY (PERCENT)
 HIGHEST   100           600 AM
 LOWEST     41           400 PM
 AVERAGE    71

..........................................................


THE ALEXANDRIA CLIMATE NORMALS FOR TODAY
                         NORMAL    RECORD    YEAR
 MAXIMUM TEMPERATURE (F)   60        82      2002
 MINIMUM TEMPERATURE (F)   39        15      1966


SUNRISE AND SUNSET
JANUARY 30 2015.......SUNRISE   704 AM CST   SUNSET   543 PM CST
JANUARY 31 2015.......SUNRISE   703 AM CST   SUNSET   544 PM CST


-  INDICATES NEGATIVE NUMBERS.
R  INDICATES RECORD WAS SET OR TIED.
MM INDICATES DATA IS MISSING.
T  INDICATES TRACE AMOUNT.




$$
