011
CDUS44 KLCH 311245
CLIAEX


CLIMATE REPORT
NATIONAL WEATHER SERVICE LAKE CHARLES, LA
745 AM CDT TUE MAY 31 2016


...................................

...THE ALEXANDRIA CLIMATE SUMMARY FOR MAY 30 2016...

CLIMATE NORMAL PERIOD 1981 TO 2010
CLIMATE RECORD PERIOD 1892 TO 2016


WEATHER ITEM   OBSERVED TIME   RECORD YEAR NORMAL DEPARTURE LAST
                VALUE   (LST)  VALUE       VALUE  FROM      YEAR
                                                  NORMAL
..................................................................
TEMPERATURE (F)
 YESTERDAY
  MAXIMUM         90    330 PM  98    1921  88      2       87
                                      1896
  MINIMUM         69    534 AM  50    1984  67      2       70
  AVERAGE         80                        78      2       79

PRECIPITATION (IN)
  YESTERDAY        T             3.84 1941   0.17  -0.17     0.52
  MONTH TO DATE    3.67                      4.55  -0.88     6.83
  SINCE MAR 1     15.87                     14.15   1.72    19.93
  SINCE JAN 1     22.35                     23.83  -1.48    25.03

DEGREE DAYS
 COOLING
  YESTERDAY       15                        12      3       14
  MONTH TO DATE  257                       281    -24      314
  SINCE MAR 1    445                       423     22      510
  SINCE JAN 1    453                       440     13      511
..................................................................


WIND (MPH)
  HIGHEST WIND SPEED    13   HIGHEST WIND DIRECTION     E (90)
  HIGHEST GUST SPEED    14   HIGHEST GUST DIRECTION     E (100)
  AVERAGE WIND SPEED     3.3


SKY COVER
  POSSIBLE SUNSHINE  MM
  AVERAGE SKY COVER 0.1


WEATHER CONDITIONS
 THE FOLLOWING WEATHER WAS RECORDED YESTERDAY.
  FOG


RELATIVE HUMIDITY (PERCENT)
 HIGHEST   100           200 AM
 LOWEST     53           100 PM
 AVERAGE    77

..........................................................


THE ALEXANDRIA CLIMATE NORMALS FOR TODAY
                         NORMAL    RECORD    YEAR
 MAXIMUM TEMPERATURE (F)   88        99      1998
                                             1906
 MINIMUM TEMPERATURE (F)   67        50      1984


SUNRISE AND SUNSET
MAY 31 2016...........SUNRISE   607 AM CDT   SUNSET   810 PM CDT
JUNE  1 2016..........SUNRISE   606 AM CDT   SUNSET   810 PM CDT


-  INDICATES NEGATIVE NUMBERS.
R  INDICATES RECORD WAS SET OR TIED.
MM INDICATES DATA IS MISSING.
T  INDICATES TRACE AMOUNT.




$$
