000
CDUS44 KLCH 181245
CLIAEX


CLIMATE REPORT
NATIONAL WEATHER SERVICE LAKE CHARLES, LA
645 AM CST WED JAN 18 2017


...................................

...THE ALEXANDRIA CLIMATE SUMMARY FOR JANUARY 17 2017...

CLIMATE NORMAL PERIOD 1981 TO 2010
CLIMATE RECORD PERIOD 1892 TO 2017


WEATHER ITEM   OBSERVED TIME   RECORD YEAR NORMAL DEPARTURE LAST
                VALUE   (LST)  VALUE       VALUE  FROM      YEAR
                                                  NORMAL
..................................................................
TEMPERATURE (F)
 YESTERDAY
  MAXIMUM         68    633 AM  79    1935  59      9       55
  MINIMUM         58   1015 PM  14    1982  38     20       32
  AVERAGE         63                        49     14       44

PRECIPITATION (IN)
  YESTERDAY        0.05          3.10 1925   0.17  -0.12     0.00
  MONTH TO DATE    1.28                      2.59  -1.31     1.91
  SINCE DEC 1     10.33                      8.71   1.62     9.97
  SINCE JAN 1      1.28                      2.59  -1.31     1.91

SNOWFALL (IN)
  YESTERDAY        0.0           T    1948  MM     MM        0.0
                                      1915
  MONTH TO DATE    0.5                      MM     MM        0.0
  SINCE DEC 1      0.5                      MM     MM        0.0
  SINCE JUL 1      0.5                      MM     MM        0.0
  SNOW DEPTH       0

DEGREE DAYS
 HEATING
  YESTERDAY        2                        16    -14       21
  MONTH TO DATE  178                       272    -94      294
  SINCE DEC 1    549                       736   -187      541
  SINCE JUL 1    724                      1061   -337      692
..................................................................


WIND (MPH)
  HIGHEST WIND SPEED    20   HIGHEST WIND DIRECTION     W (270)
  HIGHEST GUST SPEED    24   HIGHEST GUST DIRECTION     W (260)
  AVERAGE WIND SPEED     6.5


SKY COVER
  POSSIBLE SUNSHINE  MM
  AVERAGE SKY COVER 1.0


WEATHER CONDITIONS
 THE FOLLOWING WEATHER WAS RECORDED YESTERDAY.
  LIGHT RAIN
  FOG


RELATIVE HUMIDITY (PERCENT)
 HIGHEST   100          1200 AM
 LOWEST     87           700 PM
 AVERAGE    94

..........................................................


THE ALEXANDRIA CLIMATE NORMALS FOR TODAY
                         NORMAL    RECORD    YEAR
 MAXIMUM TEMPERATURE (F)   59        82      1907
 MINIMUM TEMPERATURE (F)   38        13      1930


SUNRISE AND SUNSET
JANUARY 18 2017.......SUNRISE   709 AM CST   SUNSET   533 PM CST
JANUARY 19 2017.......SUNRISE   709 AM CST   SUNSET   534 PM CST


-  INDICATES NEGATIVE NUMBERS.
R  INDICATES RECORD WAS SET OR TIED.
MM INDICATES DATA IS MISSING.
T  INDICATES TRACE AMOUNT.




$$
