000
CDUS42 KCAE 280526
CLIAGS


CLIMATE REPORT
NATIONAL WEATHER SERVICE COLUMBIA SC
126 AM EDT SAT MAR 28 2015


...................................

...THE AUGUSTA REGIONAL BUSH FIELD GA CLIMATE SUMMARY FOR MARCH 27 2015...

CLIMATE NORMAL PERIOD 1981 TO 2010
CLIMATE RECORD PERIOD 1873 TO 2015


WEATHER ITEM   OBSERVED TIME   RECORD YEAR NORMAL DEPARTURE LAST
                VALUE   (LST)  VALUE       VALUE  FROM      YEAR
                                                  NORMAL
..................................................................
TEMPERATURE (F)
 YESTERDAY
  MAXIMUM         71   1006 AM  88    1994  73     -2       69
                                      1921
  MINIMUM         46   1159 PM  22    1955  44      2       27
  AVERAGE         59                        58      1       48

PRECIPITATION (IN)
  YESTERDAY        T             4.17 1882   0.13  -0.13     0.00
  MONTH TO DATE    2.95                      3.68  -0.73     2.20
  SINCE MAR 1      2.95                      3.68  -0.73     2.20
  SINCE JAN 1      9.75                     11.51  -1.76     8.41

SNOWFALL (IN)
  YESTERDAY        0.0          MM      MM   0.0             0.0
  MONTH TO DATE    0.0                       0.0             0.0
  SINCE MAR 1      0.0                       0.0             0.0
  SINCE JUL 1      T                         0.9             3.3

DEGREE DAYS
 HEATING
  YESTERDAY        6                         7     -1       17
  MONTH TO DATE  161                       269   -108      370
  SINCE MAR 1    161                       269   -108      370
  SINCE JUL 1   2447                      2301    146     2532

 COOLING
  YESTERDAY        0                         1     -1        0
  MONTH TO DATE   12                        13     -1        0
  SINCE MAR 1     12                        13     -1        0
  SINCE JAN 1     12                        16     -4        2
..................................................................


WIND (MPH)
  HIGHEST WIND SPEED    22   HIGHEST WIND DIRECTION    NW (310)
  HIGHEST GUST SPEED    27   HIGHEST GUST DIRECTION     W (260)
  AVERAGE WIND SPEED     9.4


SKY COVER
  AVERAGE SKY COVER 0.8


WEATHER CONDITIONS
 THE FOLLOWING WEATHER WAS RECORDED YESTERDAY.
  LIGHT RAIN


RELATIVE HUMIDITY (PERCENT)
 HIGHEST    93           600 AM
 LOWEST     48           300 PM
 AVERAGE    71

..........................................................


THE AUGUSTA REGIONAL BUSH FIELD GA CLIMATE NORMALS FOR TODAY
                         NORMAL    RECORD    YEAR
 MAXIMUM TEMPERATURE (F)   73        91      1907
 MINIMUM TEMPERATURE (F)   44        27      2001
                                             1955


SUNRISE AND SUNSET
MARCH 28 2015.........SUNRISE   721 AM EDT   SUNSET   745 PM EDT
MARCH 29 2015.........SUNRISE   720 AM EDT   SUNSET   746 PM EDT


-  INDICATES NEGATIVE NUMBERS.
R  INDICATES RECORD WAS SET OR TIED.
MM INDICATES DATA IS MISSING.
T  INDICATES TRACE AMOUNT.




$$
