656
CDUS42 KCAE 240546
CLIAGS


CLIMATE REPORT
NATIONAL WEATHER SERVICE COLUMBIA SC
146 AM EDT TUE OCT 24 2017


...................................

...THE AUGUSTA REGIONAL BUSH FIELD GA CLIMATE SUMMARY FOR OCTOBER 23 2017...

CLIMATE NORMAL PERIOD 1981 TO 2010
CLIMATE RECORD PERIOD 1873 TO 2017


WEATHER ITEM   OBSERVED TIME   RECORD YEAR NORMAL DEPARTURE LAST
                VALUE   (LST)  VALUE       VALUE  FROM      YEAR
                                                  NORMAL
..................................................................
TEMPERATURE (F)
 YESTERDAY
  MAXIMUM         81    120 PM  91    2007  76      5       76
  MINIMUM         61   1159 PM  28    1987  48     13       37
                                      1974
  AVERAGE         71                        62      9       57

PRECIPITATION (IN)
  YESTERDAY        0.17          1.91 1983   0.10   0.07     0.00
  MONTH TO DATE    0.83                      2.60  -1.77     2.09
  SINCE SEP 1      5.11                      5.82  -0.71     6.67
  SINCE JAN 1     39.49                     36.69   2.80    33.24

SNOWFALL (IN)
  YESTERDAY        0.0          MM      MM   0.0             0.0
  MONTH TO DATE    0.0                       0.0             0.0
  SINCE SEP 1      0.0                       0.0             0.0
  SINCE JUL 1      0.0                       0.0             0.0

DEGREE DAYS
 HEATING
  YESTERDAY        0                         5     -5        8
  MONTH TO DATE   16                        61    -45       23
  SINCE SEP 1     16                        68    -52       23
  SINCE JUL 1     16                        68    -52       23

 COOLING
  YESTERDAY        6                         2      4        0
  MONTH TO DATE  190                        77    113      110
  SINCE SEP 1    549                       373    176      494
  SINCE JAN 1   2677                      2061    616     2465
..................................................................


WIND (MPH)
  HIGHEST WIND SPEED    25   HIGHEST WIND DIRECTION     S (170)
  HIGHEST GUST SPEED    36   HIGHEST GUST DIRECTION     S (170)
  AVERAGE WIND SPEED     9.1


SKY COVER
  AVERAGE SKY COVER 0.8


WEATHER CONDITIONS
 THE FOLLOWING WEATHER WAS RECORDED YESTERDAY.
  HEAVY RAIN
  RAIN
  LIGHT RAIN
  FOG


RELATIVE HUMIDITY (PERCENT)
 HIGHEST    93          1200 AM
 LOWEST     79          1000 AM
 AVERAGE    86

..........................................................


THE AUGUSTA REGIONAL BUSH FIELD GA CLIMATE NORMALS FOR TODAY
                         NORMAL    RECORD    YEAR
 MAXIMUM TEMPERATURE (F)   75        90      1927
 MINIMUM TEMPERATURE (F)   48        30      1974


SUNRISE AND SUNSET
OCTOBER 24 2017.......SUNRISE   740 AM EDT   SUNSET   644 PM EDT
OCTOBER 25 2017.......SUNRISE   741 AM EDT   SUNSET   643 PM EDT


-  INDICATES NEGATIVE NUMBERS.
R  INDICATES RECORD WAS SET OR TIED.
MM INDICATES DATA IS MISSING.
T  INDICATES TRACE AMOUNT.




$$
