000
CDUS42 KCAE 230532
CLIAGS


CLIMATE REPORT
NATIONAL WEATHER SERVICE COLUMBIA SC
132 AM EDT FRI JUN 23 2017


...................................

...THE AUGUSTA REGIONAL BUSH FIELD GA CLIMATE SUMMARY FOR JUNE 22 2017...

CLIMATE NORMAL PERIOD 1981 TO 2010
CLIMATE RECORD PERIOD 1873 TO 2017


WEATHER ITEM   OBSERVED TIME   RECORD YEAR NORMAL DEPARTURE LAST
                VALUE   (LST)  VALUE       VALUE  FROM      YEAR
                                                  NORMAL
..................................................................
TEMPERATURE (F)
 YESTERDAY
  MAXIMUM         93    350 PM 101    2015  92      1       97
                                      1925
  MINIMUM         76    554 AM  56    1966  68      8       69
  AVERAGE         85                        80      5       83

PRECIPITATION (IN)
  YESTERDAY        T             2.48 2000   0.16  -0.16     0.00
  MONTH TO DATE    2.00                      3.54  -1.54     2.33
  SINCE JUN 1      2.00                      3.54  -1.54     2.33
  SINCE JAN 1     21.95                     21.04   0.91    21.06

SNOWFALL (IN)
  YESTERDAY        0.0          MM      MM   0.0             0.0
  MONTH TO DATE    0.0                       0.0             0.0
  SINCE JUN 1      0.0                       0.0             0.0
  SINCE JUL 1      T                         0.9             0.5

DEGREE DAYS
 HEATING
  YESTERDAY        0                         0      0        0
  MONTH TO DATE    0                         0      0        0
  SINCE JUN 1      0                         0      0        0
  SINCE JUL 1   1407                      2471  -1064     1856

 COOLING
  YESTERDAY       20                        15      5       18
  MONTH TO DATE  324                       286     38      323
  SINCE JUN 1    324                       286     38      323
  SINCE JAN 1    865                       569    296      638
..................................................................


WIND (MPH)
  HIGHEST WIND SPEED    12   HIGHEST WIND DIRECTION     S (180)
  HIGHEST GUST SPEED    19   HIGHEST GUST DIRECTION    SE (140)
  AVERAGE WIND SPEED     4.3


SKY COVER
  AVERAGE SKY COVER 0.5


WEATHER CONDITIONS
 THE FOLLOWING WEATHER WAS RECORDED YESTERDAY.
  LIGHT RAIN
  FOG
  FOG W/VISIBILITY <= 1/4 MILE
  HAZE


RELATIVE HUMIDITY (PERCENT)
 HIGHEST   100           600 AM
 LOWEST     60           400 PM
 AVERAGE    80

..........................................................


THE AUGUSTA REGIONAL BUSH FIELD GA CLIMATE NORMALS FOR TODAY
                         NORMAL    RECORD    YEAR
 MAXIMUM TEMPERATURE (F)   92       104      1944
 MINIMUM TEMPERATURE (F)   68        54      1947


SUNRISE AND SUNSET
JUNE 23 2017..........SUNRISE   619 AM EDT   SUNSET   841 PM EDT
JUNE 24 2017..........SUNRISE   620 AM EDT   SUNSET   841 PM EDT


-  INDICATES NEGATIVE NUMBERS.
R  INDICATES RECORD WAS SET OR TIED.
MM INDICATES DATA IS MISSING.
T  INDICATES TRACE AMOUNT.




$$
