000
CDUS42 KCAE 190540
CLIAGS


CLIMATE REPORT
NATIONAL WEATHER SERVICE COLUMBIA SC
1239 AM EST THU JAN 19 2017


...................................

...THE AUGUSTA REGIONAL BUSH FIELD GA CLIMATE SUMMARY FOR JANUARY 18 2017...

CLIMATE NORMAL PERIOD 1981 TO 2010
CLIMATE RECORD PERIOD 1873 TO 2017


WEATHER ITEM   OBSERVED TIME   RECORD YEAR NORMAL DEPARTURE LAST
                VALUE   (LST)  VALUE       VALUE  FROM      YEAR
                                                  NORMAL
..................................................................
TEMPERATURE (F)
 YESTERDAY
  MAXIMUM         81R   131 PM  80    1928  58     23       47
  MINIMUM         54   1159 PM  14    2003  33     21       30
  AVERAGE         68                        45     23       39

PRECIPITATION (IN)
  YESTERDAY        0.00          2.33 1925   0.12  -0.12     0.00
  MONTH TO DATE    6.43                      2.22   4.21     0.89
  SINCE DEC 1     10.84                      5.61   5.23     7.81
  SINCE JAN 1      6.43                      2.22   4.21     0.89

SNOWFALL (IN)
  YESTERDAY        0.0          MM      MM   0.0             0.0
  MONTH TO DATE    T                         0.3             0.0
  SINCE DEC 1      T                         0.4             0.0
  SINCE JUL 1      T                         0.4             0.0

DEGREE DAYS
 HEATING
  YESTERDAY        0                        20    -20       26
  MONTH TO DATE  181                       360   -179      353
  SINCE DEC 1    547                       913   -366      570
  SINCE JUL 1    818                      1335   -517      857

 COOLING
  YESTERDAY        3                         0      3        0
  MONTH TO DATE   11                         0     11        0
  SINCE DEC 1     18                         3     15       47
  SINCE JAN 1     11                         0     11        0
..................................................................


WIND (MPH)
  HIGHEST WIND SPEED    21   HIGHEST WIND DIRECTION     W (260)
  HIGHEST GUST SPEED    29   HIGHEST GUST DIRECTION     W (250)
  AVERAGE WIND SPEED     8.1


SKY COVER
  AVERAGE SKY COVER 0.2


WEATHER CONDITIONS
 THE FOLLOWING WEATHER WAS RECORDED YESTERDAY.
  FOG


RELATIVE HUMIDITY (PERCENT)
 HIGHEST    93           700 AM
 LOWEST     45           400 PM
 AVERAGE    69

..........................................................


THE AUGUSTA REGIONAL BUSH FIELD GA CLIMATE NORMALS FOR TODAY
                         NORMAL    RECORD    YEAR
 MAXIMUM TEMPERATURE (F)   58        78      2001
 MINIMUM TEMPERATURE (F)   33        12      1977
                                             1976


SUNRISE AND SUNSET
JANUARY 19 2017.......SUNRISE   730 AM EST   SUNSET   547 PM EST
JANUARY 20 2017.......SUNRISE   730 AM EST   SUNSET   548 PM EST


-  INDICATES NEGATIVE NUMBERS.
R  INDICATES RECORD WAS SET OR TIED.
MM INDICATES DATA IS MISSING.
T  INDICATES TRACE AMOUNT.




$$
