000
CDUS42 KCAE 082234
CLIAGS


CLIMATE REPORT
NATIONAL WEATHER SERVICE COLUMBIA SC
534 PM EST THU DEC 8 2016


...................................

...THE AUGUSTA BUSH FIELD GA CLIMATE SUMMARY FOR DECEMBER 8 2016...
VALID TODAY AS OF 0500 PM LOCAL TIME.

CLIMATE NORMAL PERIOD 1981 TO 2010
CLIMATE RECORD PERIOD 1873 TO 2016


WEATHER ITEM   OBSERVED TIME   RECORD YEAR NORMAL DEPARTURE LAST
                VALUE   (LST)  VALUE       VALUE  FROM      YEAR
                                                  NORMAL
..................................................................
TEMPERATURE (F)
 TODAY
  MAXIMUM         63    323 PM  81    1951  62      1       67
  MINIMUM         47    807 AM  16    2010  36     11       35
  AVERAGE         55                        49      6       51

PRECIPITATION (IN)
  TODAY            0.00          1.64 1924   0.10  -0.10     0.00
  MONTH TO DATE    2.74                      0.83   1.91     0.50
  SINCE DEC 1      2.74                      0.83   1.91     0.50
  SINCE JAN 1     36.60                     41.01  -4.41    40.97

SNOWFALL (IN)
  TODAY            0.0          MM      MM   0.0             0.0
  MONTH TO DATE    0.0                       0.0             0.0
  SINCE DEC 1      0.0                       0.0             0.0
  SINCE JUL 1      0.0                       0.0             0.0

DEGREE DAYS
 HEATING
  TODAY           10                        16     -6       14
  MONTH TO DATE  100                       124    -24       93
  SINCE DEC 1    100                       124    -24       93
  SINCE JUL 1    371                       546   -175      380

 COOLING
  TODAY            0                         0      0        0
  MONTH TO DATE    0                         0      0        0
  SINCE DEC 1      0                         0      0        0
  SINCE JAN 1   2509                      2086    423     2310
..................................................................


WIND (MPH)
  HIGHEST WIND SPEED    18   HIGHEST WIND DIRECTION    NW (310)
  HIGHEST GUST SPEED    23   HIGHEST GUST DIRECTION     N (340)
  AVERAGE WIND SPEED     7.9


SKY COVER
  AVERAGE SKY COVER 0.3


WEATHER CONDITIONS
 THE FOLLOWING WEATHER WAS RECORDED TODAY.
  FOG


RELATIVE HUMIDITY (PERCENT)
 HIGHEST    93           100 AM
 LOWEST     39           400 PM
 AVERAGE    66

..........................................................


THE AUGUSTA BUSH FIELD GA CLIMATE NORMALS FOR TOMORROW
                         NORMAL    RECORD    YEAR
 MAXIMUM TEMPERATURE (F)   62        81      2007
 MINIMUM TEMPERATURE (F)   35        15      2006


SUNRISE AND SUNSET
DECEMBER  8 2016......SUNRISE   720 AM EST   SUNSET   520 PM EST
DECEMBER  9 2016......SUNRISE   720 AM EST   SUNSET   520 PM EST


-  INDICATES NEGATIVE NUMBERS.
R  INDICATES RECORD WAS SET OR TIED.
MM INDICATES DATA IS MISSING.
T  INDICATES TRACE AMOUNT.




$$
