000
CDUS42 KCAE 060717
CLIAGS


CLIMATE REPORT
NATIONAL WEATHER SERVICE COLUMBIA SC
316 AM EDT FRI MAY 6 2016


...................................

...THE AUGUSTA REGIONAL BUSH FIELD GA CLIMATE SUMMARY FOR MAY 5 2016...

CLIMATE NORMAL PERIOD 1981 TO 2010
CLIMATE RECORD PERIOD 1873 TO 2016


WEATHER ITEM   OBSERVED TIME   RECORD YEAR NORMAL DEPARTURE LAST
                VALUE   (LST)  VALUE       VALUE  FROM      YEAR
                                                  NORMAL
..................................................................
TEMPERATURE (F)
 YESTERDAY
  MAXIMUM         70        MM  96    2012  82    -12       83
  MINIMUM         50        MM  39    1997  54     -4       50
                                      1973
  AVERAGE         60                        68     -8       67

PRECIPITATION (IN)
  YESTERDAY        T             1.73 1896   0.08  -0.08     0.00
  MONTH TO DATE    1.16                      0.38   0.78     0.00
  SINCE MAR 1      8.76                      7.40   1.36     7.90
  SINCE JAN 1     14.18                     15.23  -1.05    14.70

SNOWFALL (IN)
  YESTERDAY        0.0          MM      MM   0.0             0.0
  MONTH TO DATE    0.0                       0.0             0.0
  SINCE MAR 1      0.0                       0.0             0.0
  SINCE JUL 1      0.5                       0.9              T

DEGREE DAYS
 HEATING
  YESTERDAY        5                         1      4        0
  MONTH TO DATE    5                         8     -3       10
  SINCE MAR 1    271                       428   -157      277
  SINCE JUL 1   1848                      2460   -612     2563

 COOLING
  YESTERDAY        0                         4     -4        2
  MONTH TO DATE   37                        19     18        3
  SINCE MAR 1    152                        89     63      117
  SINCE JAN 1    155                        92     63      117
..................................................................


WIND (MPH)
  HIGHEST WIND SPEED    30   HIGHEST WIND DIRECTION     W (290)
  HIGHEST GUST SPEED    39   HIGHEST GUST DIRECTION     W (270)
  AVERAGE WIND SPEED    13.0


SKY COVER
  AVERAGE SKY COVER 0.2


WEATHER CONDITIONS
 THE FOLLOWING WEATHER WAS RECORDED YESTERDAY.
  LIGHT RAIN


RELATIVE HUMIDITY (PERCENT)
 HIGHEST    83           900 PM
 LOWEST     30           400 PM
 AVERAGE    57

..........................................................


THE AUGUSTA REGIONAL BUSH FIELD GA CLIMATE NORMALS FOR TODAY
                         NORMAL    RECORD    YEAR
 MAXIMUM TEMPERATURE (F)   83        95      1952
 MINIMUM TEMPERATURE (F)   54        42      1973


SUNRISE AND SUNSET
MAY  6 2016...........SUNRISE   635 AM EDT   SUNSET   815 PM EDT
MAY  7 2016...........SUNRISE   634 AM EDT   SUNSET   815 PM EDT


-  INDICATES NEGATIVE NUMBERS.
R  INDICATES RECORD WAS SET OR TIED.
MM INDICATES DATA IS MISSING.
T  INDICATES TRACE AMOUNT.




$$
