000
CDUS42 KFFC 090937
CLIAHN


CLIMATE REPORT
NATIONAL WEATHER SERVICE PEACHTREE CITY GA
437 AM EST FRI DEC 9 2016


...................................

...THE ATHENS CLIMATE SUMMARY FOR DECEMBER 8 2016...

CLIMATE NORMAL PERIOD 1981 TO 2010
CLIMATE RECORD PERIOD 1898 TO 2016


WEATHER ITEM   OBSERVED TIME   RECORD YEAR NORMAL DEPARTURE LAST
                VALUE   (LST)  VALUE       VALUE  FROM      YEAR
                                                  NORMAL
..................................................................
TEMPERATURE (F)
 YESTERDAY
  MAXIMUM         50   1256 PM  78    1943  57     -7       65
  MINIMUM         36   1159 PM  16    2010  36      0       36
  AVERAGE         43                        47     -4       51

PRECIPITATION (IN)
  YESTERDAY        0.00          2.52 1919   0.12  -0.12     0.00
  MONTH TO DATE    1.87                      1.00   0.87     0.06
  SINCE DEC 1      1.87                      1.00   0.87     0.06
  SINCE JAN 1     36.33                     43.60  -7.27    52.86

SNOWFALL (IN)
  YESTERDAY        0.0           0.0  2001   0.0    0.0      0.0
  MONTH TO DATE    0.0                       0.0    0.0      0.0
  SINCE DEC 1      0.0                       0.0    0.0      0.0
  SINCE JUL 1      0.0                       0.0    0.0      0.0
  SNOW DEPTH       0

DEGREE DAYS
 HEATING
  YESTERDAY       22                        18      4       14
  MONTH TO DATE  138                       138      0      118
  SINCE DEC 1    138                       138      0      118
  SINCE JUL 1    424                       618   -194      478
..................................................................


WIND (MPH)
  RESULTANT WIND SPEED   7   RESULTANT WIND DIRECTION  NW (300)
  HIGHEST WIND SPEED    15   HIGHEST WIND DIRECTION    NW (310)
  HIGHEST GUST SPEED    23   HIGHEST GUST DIRECTION    NW (310)
  AVERAGE WIND SPEED     7.5


SKY COVER
  POSSIBLE SUNSHINE  MM
  AVERAGE SKY COVER 0.0


WEATHER CONDITIONS
 THE FOLLOWING WEATHER WAS RECORDED YESTERDAY.
  FOG


RELATIVE HUMIDITY (PERCENT)
 HIGHEST    92          1200 AM
 LOWEST     37           400 PM
 AVERAGE    65

..........................................................


THE ATHENS CLIMATE NORMALS FOR TODAY
                         NORMAL    RECORD    YEAR
 MAXIMUM TEMPERATURE (F)   57        78      2007
 MINIMUM TEMPERATURE (F)   36        10      1917


SUNRISE AND SUNSET
DECEMBER  9 2016......SUNRISE   727 AM EST   SUNSET   524 PM EST
DECEMBER 10 2016......SUNRISE   728 AM EST   SUNSET   525 PM EST


-  INDICATES NEGATIVE NUMBERS.
R  INDICATES RECORD WAS SET OR TIED.
MM INDICATES DATA IS MISSING.
T  INDICATES TRACE AMOUNT.




$$
