000
CDUS42 KFFC 072037
CLIAHN


CLIMATE REPORT
NATIONAL WEATHER SERVICE PEACHTREE CITY GA
436 PM EDT TUE JUL 7 2015


...................................

...THE ATHENS CLIMATE SUMMARY FOR JULY 7 2015...
VALID TODAY AS OF 0400 PM LOCAL TIME.

CLIMATE NORMAL PERIOD 1981 TO 2010
CLIMATE RECORD PERIOD 1898 TO 2015


WEATHER ITEM   OBSERVED TIME   RECORD YEAR NORMAL DEPARTURE LAST
                VALUE   (LST)  VALUE       VALUE  FROM      YEAR
                                                  NORMAL
..................................................................
TEMPERATURE (F)
 TODAY
  MAXIMUM         91    310 PM 104    1930  91      0       93
  MINIMUM         70    616 AM  59    1972  70      0       68
  AVERAGE         81                        80      1       81

PRECIPITATION (IN)
  TODAY            0.00          4.06 2005   0.14  -0.14     0.04
  MONTH TO DATE    3.38                      1.00   2.38     0.04
  SINCE JUN 1      6.14                      5.18   0.96     3.78
  SINCE JAN 1     26.54                     24.29   2.25    23.42

DEGREE DAYS
 HEATING
  TODAY            0                         0      0        0
  MONTH TO DATE    0                         0      0        0
  SINCE JUN 1      0                         1     -1        0
  SINCE JUL 1      0                         0      0        0

 COOLING
  TODAY           16                        15      1       16
  MONTH TO DATE   88                       105    -17      105
  SINCE JUN 1    558                       483     75      523
  SINCE JAN 1    883                       723    160      793
..................................................................


WIND (MPH)
  HIGHEST WIND SPEED     9   HIGHEST WIND DIRECTION     W (280)
  HIGHEST GUST SPEED    14   HIGHEST GUST DIRECTION    NW (300)
  AVERAGE WIND SPEED     4.2


SKY COVER
  AVERAGE SKY COVER 0.1


WEATHER CONDITIONS
 THE FOLLOWING WEATHER WAS RECORDED TODAY.
  FOG


RELATIVE HUMIDITY (PERCENT)
 HIGHEST    97           500 AM
 LOWEST     49           100 PM
 AVERAGE    73

..........................................................


THE ATHENS CLIMATE NORMALS FOR TOMORROW
                         NORMAL    RECORD    YEAR
 MAXIMUM TEMPERATURE (F)   91       104      1977
 MINIMUM TEMPERATURE (F)   70        59      1947


SUNRISE AND SUNSET
JULY  7 2015..........SUNRISE   629 AM EDT   SUNSET   848 PM EDT
JULY  8 2015..........SUNRISE   629 AM EDT   SUNSET   847 PM EDT


-  INDICATES NEGATIVE NUMBERS.
R  INDICATES RECORD WAS SET OR TIED.
MM INDICATES DATA IS MISSING.
T  INDICATES TRACE AMOUNT.




$$
