000
CDUS42 KFFC 282039
CLIAHN


CLIMATE REPORT
NATIONAL WEATHER SERVICE PEACHTREE CITY GA
439 PM EDT SUN AUG 28 2016


...................................

...THE ATHENS CLIMATE SUMMARY FOR AUGUST 28 2016...
VALID TODAY AS OF 0400 PM LOCAL TIME.

CLIMATE NORMAL PERIOD 1981 TO 2010
CLIMATE RECORD PERIOD 1898 TO 2016


WEATHER ITEM   OBSERVED TIME   RECORD YEAR NORMAL DEPARTURE LAST
                VALUE   (LST)  VALUE       VALUE  FROM      YEAR
                                                  NORMAL
..................................................................
TEMPERATURE (F)
 TODAY
  MAXIMUM         92    236 PM 104    1924  89      3       85
  MINIMUM         73    648 AM  56    1922  68      5       68
                                      1904
  AVERAGE         83                        78      5       77

PRECIPITATION (IN)
  TODAY            0.00          3.04 1890   0.11  -0.11     0.00
  MONTH TO DATE   10.10                      3.23   6.87     6.21
  SINCE JUN 1     15.79                     11.88   3.91    14.05
  SINCE JAN 1     30.97                     30.99  -0.02    34.45

DEGREE DAYS
 HEATING
  TODAY            0                         0      0        0
  MONTH TO DATE    0                         0      0        0
  SINCE JUN 1      0                         1     -1        0
  SINCE JUL 1      0                         0      0        0

 COOLING
  TODAY           18                        13      5       12
  MONTH TO DATE  491                       412     79      438
  SINCE JUN 1   1567                      1274    293     1444
  SINCE JAN 1   1868                      1514    354     1769
..................................................................


WIND (MPH)
  HIGHEST WIND SPEED     9   HIGHEST WIND DIRECTION     E (70)
  HIGHEST GUST SPEED    15   HIGHEST GUST DIRECTION    NE (60)
  AVERAGE WIND SPEED     5.6


SKY COVER
  AVERAGE SKY COVER 0.4


WEATHER CONDITIONS
 THE FOLLOWING WEATHER WAS RECORDED TODAY.
  NO SIGNIFICANT WEATHER WAS OBSERVED.


RELATIVE HUMIDITY (PERCENT)
 HIGHEST    93           200 AM
 LOWEST     59           100 PM
 AVERAGE    76

..........................................................


THE ATHENS CLIMATE NORMALS FOR TOMORROW
                         NORMAL    RECORD    YEAR
 MAXIMUM TEMPERATURE (F)   89       101      1924
 MINIMUM TEMPERATURE (F)   68        53      1927


SUNRISE AND SUNSET
AUGUST 28 2016........SUNRISE   704 AM EDT   SUNSET   804 PM EDT
AUGUST 29 2016........SUNRISE   705 AM EDT   SUNSET   802 PM EDT


-  INDICATES NEGATIVE NUMBERS.
R  INDICATES RECORD WAS SET OR TIED.
MM INDICATES DATA IS MISSING.
T  INDICATES TRACE AMOUNT.




$$
