000
CDUS42 KFFC 270820
CLIAHN


CLIMATE REPORT
NATIONAL WEATHER SERVICE PEACHTREE CITY GA
420 AM EDT TUE SEP 27 2016


...................................

...THE ATHENS CLIMATE SUMMARY FOR SEPTEMBER 26 2016...

CLIMATE NORMAL PERIOD 1981 TO 2010
CLIMATE RECORD PERIOD 1898 TO 2016


WEATHER ITEM   OBSERVED TIME   RECORD YEAR NORMAL DEPARTURE LAST
                VALUE   (LST)  VALUE       VALUE  FROM      YEAR
                                                  NORMAL
..................................................................
TEMPERATURE (F)
 YESTERDAY
  MAXIMUM         88    413 PM  96    1925  81      7       71
  MINIMUM         66    651 AM  45    2001  59      7       65
                                      1950
  AVERAGE         77                        70      7       68

PRECIPITATION (IN)
  YESTERDAY        0.12          3.76 1929   0.15  -0.03     0.11
  MONTH TO DATE    1.20                      3.32  -2.12     2.88
  SINCE SEP 1      1.20                      3.32  -2.12     2.88
  SINCE JAN 1     32.17                     34.61  -2.44    37.90

DEGREE DAYS
 HEATING
  YESTERDAY        0                         1     -1        0
  MONTH TO DATE    0                         4     -4        2
  SINCE SEP 1      0                         4     -4        2
  SINCE JUL 1      0                         4     -4        2

 COOLING
  YESTERDAY       12                         6      6        3
  MONTH TO DATE  355                       240    115      229
  SINCE SEP 1    355                       240    115      229
  SINCE JAN 1   2269                      1795    474     2026
..................................................................


WIND (MPH)
  RESULTANT WIND SPEED   2   RESULTANT WIND DIRECTION   E (100)
  HIGHEST WIND SPEED    12   HIGHEST WIND DIRECTION    NE (50)
  HIGHEST GUST SPEED    17   HIGHEST GUST DIRECTION    NE (40)
  AVERAGE WIND SPEED     2.1


SKY COVER
  POSSIBLE SUNSHINE  MM
  AVERAGE SKY COVER 0.3


WEATHER CONDITIONS
 THE FOLLOWING WEATHER WAS RECORDED YESTERDAY.
  HEAVY RAIN
  LIGHT RAIN
  FOG
  HAZE


RELATIVE HUMIDITY (PERCENT)
 HIGHEST   100           500 AM
 LOWEST     50           300 PM
 AVERAGE    75

..........................................................


THE ATHENS CLIMATE NORMALS FOR TODAY
                         NORMAL    RECORD    YEAR
 MAXIMUM TEMPERATURE (F)   80        94      1954
                                             1933
 MINIMUM TEMPERATURE (F)   58        44      1940


SUNRISE AND SUNSET
SEPTEMBER 27 2016.....SUNRISE   725 AM EDT   SUNSET   722 PM EDT
SEPTEMBER 28 2016.....SUNRISE   726 AM EDT   SUNSET   721 PM EDT


-  INDICATES NEGATIVE NUMBERS.
R  INDICATES RECORD WAS SET OR TIED.
MM INDICATES DATA IS MISSING.
T  INDICATES TRACE AMOUNT.




$$
