000
CDUS45 KCYS 020728
CLIAIA


CLIMATE REPORT
NATIONAL WEATHER SERVICE CHEYENNE WY
127 AM MDT THU OCT 2 2014


...................................

...THE ALLIANCE NE AIRPORT CLIMATE SUMMARY FOR OCTOBER 1 2014...

CLIMATE NORMAL PERIOD 1981 TO 2010
CLIMATE RECORD PERIOD 1896 TO 2014


WEATHER ITEM   OBSERVED TIME   RECORD YEAR NORMAL DEPARTURE LAST
                VALUE   (LST)  VALUE       VALUE  FROM      YEAR
                                                  NORMAL
..................................................................
TEMPERATURE (F)
 YESTERDAY
  MAXIMUM         66    212 PM  91    2005  69     -3       71
                                      1953
  MINIMUM         39    550 AM  20    1999  35      4       36
  AVERAGE         53                        52      1       54

PRECIPITATION (IN)
  YESTERDAY        0.07          0.80 1945   0.05   0.02     0.00
  MONTH TO DATE    0.07                      0.05   0.02     0.00
  SINCE JAN 1     17.34                     13.85   3.49    11.94

DEGREE DAYS
 HEATING
  YESTERDAY       12                        13     -1       11
  MONTH TO DATE   12                        13     -1       11
  SINCE SEP 1    163                       221    -58      132
  SINCE JUL 1    200                       258    -58      140

 COOLING
  YESTERDAY        0                         0      0        0
  MONTH TO DATE    0                         0      0        0
  SINCE SEP 1     37                        40     -3      136
  SINCE JAN 1    499                       563    -64      795
..................................................................


WIND (MPH)
  HIGHEST WIND SPEED    23   HIGHEST WIND DIRECTION     N (340)
  HIGHEST GUST SPEED    30   HIGHEST GUST DIRECTION     N (340)
  AVERAGE WIND SPEED     7.2


SKY COVER
  AVERAGE SKY COVER 0.5


WEATHER CONDITIONS
 THE FOLLOWING WEATHER WAS RECORDED YESTERDAY.
  LIGHT RAIN
  FOG


RELATIVE HUMIDITY (PERCENT)
 HIGHEST   100           300 AM
 LOWEST     44           200 PM
 AVERAGE    72

..........................................................


THE ALLIANCE NE AIRPORT CLIMATE NORMALS FOR TODAY
                         NORMAL    RECORD    YEAR
 MAXIMUM TEMPERATURE (F)   68        92      2005
 MINIMUM TEMPERATURE (F)   35        21      2009
                                             1905


SUNRISE AND SUNSET
OCTOBER  2 2014.......SUNRISE   649 AM MDT   SUNSET   631 PM MDT
OCTOBER  3 2014.......SUNRISE   650 AM MDT   SUNSET   629 PM MDT


-  INDICATES NEGATIVE NUMBERS.
R  INDICATES RECORD WAS SET OR TIED.
MM INDICATES DATA IS MISSING.
T  INDICATES TRACE AMOUNT.




$$
