000
CDUS45 KCYS 210738
CLIAIA


CLIMATE REPORT
NATIONAL WEATHER SERVICE CHEYENNE WY
138 AM MDT THU AUG 21 2014


...................................

...THE ALLIANCE NE AIRPORT CLIMATE SUMMARY FOR AUGUST 20 2014...

CLIMATE NORMAL PERIOD 1981 TO 2010
CLIMATE RECORD PERIOD 1896 TO 2014


WEATHER ITEM   OBSERVED TIME   RECORD YEAR NORMAL DEPARTURE LAST
                VALUE   (LST)  VALUE       VALUE  FROM      YEAR
                                                  NORMAL
..................................................................
TEMPERATURE (F)
 YESTERDAY
  MAXIMUM         94    255 PM 102    2013  86      8      102
  MINIMUM         62    135 AM  38    2004  54      8       58
  AVERAGE         78                        70      8       80

PRECIPITATION (IN)
  YESTERDAY        0.00          0.96 1965   0.05  -0.05     0.00
  MONTH TO DATE    0.46                      1.11  -0.65     2.34
  SINCE JAN 1     12.81                     11.82   0.99     9.06

DEGREE DAYS
 HEATING
  YESTERDAY        0                         1     -1        0
  MONTH TO DATE    0                         9     -9        0
  SINCE JUN 1    126                       114     12       70
  SINCE JUL 1     27                        21      6        8

 COOLING
  YESTERDAY       13                         5      8       15
  MONTH TO DATE  156                       142     14      134
  SINCE JUN 1    414                       464    -50      508
  SINCE JAN 1    428                       474    -46      530
..................................................................


WIND (MPH)
  HIGHEST WIND SPEED    25   HIGHEST WIND DIRECTION     W (280)
  HIGHEST GUST SPEED    45   HIGHEST GUST DIRECTION     W (250)
  AVERAGE WIND SPEED     8.7


SKY COVER
  AVERAGE SKY COVER 0.1


WEATHER CONDITIONS
 THE FOLLOWING WEATHER WAS RECORDED YESTERDAY.
  NO SIGNIFICANT WEATHER WAS OBSERVED.


RELATIVE HUMIDITY (PERCENT)
 HIGHEST    84           200 AM
 LOWEST     18           500 PM
 AVERAGE    51

..........................................................


THE ALLIANCE NE AIRPORT CLIMATE NORMALS FOR TODAY
                         NORMAL    RECORD    YEAR
 MAXIMUM TEMPERATURE (F)   85       101      1960
 MINIMUM TEMPERATURE (F)   54        39      2009


SUNRISE AND SUNSET
AUGUST 21 2014........SUNRISE   605 AM MDT   SUNSET   743 PM MDT
AUGUST 22 2014........SUNRISE   606 AM MDT   SUNSET   741 PM MDT


-  INDICATES NEGATIVE NUMBERS.
R  INDICATES RECORD WAS SET OR TIED.
MM INDICATES DATA IS MISSING.
T  INDICATES TRACE AMOUNT.




$$
