000
CDUS45 KCYS 260728
CLIAIA


CLIMATE REPORT
NATIONAL WEATHER SERVICE CHEYENNE WY
127 AM MDT TUE JUL 26 2016


...................................

...THE ALLIANCE NE AIRPORT CLIMATE SUMMARY FOR JULY 25 2016...

CLIMATE NORMAL PERIOD 1981 TO 2010
CLIMATE RECORD PERIOD 1896 TO 2016


WEATHER ITEM   OBSERVED TIME   RECORD YEAR NORMAL DEPARTURE LAST
                VALUE   (LST)  VALUE       VALUE  FROM      YEAR
                                                  NORMAL
..................................................................
TEMPERATURE (F)
 YESTERDAY
  MAXIMUM         88    359 PM 106    2003  89     -1       93
                                      1936
  MINIMUM         53    411 AM  42    1911  57     -4       59
  AVERAGE         71                        73     -2       76

PRECIPITATION (IN)
  YESTERDAY        0.00          2.12 1998   0.06  -0.06     0.00
  MONTH TO DATE    1.72                      1.96  -0.24     2.19
  SINCE JAN 1     11.28                     10.35   0.93    17.39

DEGREE DAYS
 HEATING
  YESTERDAY        0                         0      0        0
  MONTH TO DATE    3                         5     -2       12
  SINCE JUN 1     26                        98    -72       21
  SINCE JUL 1      3                         5     -2       12

 COOLING
  YESTERDAY        6                         9     -3       11
  MONTH TO DATE  188                       184      4      140
  SINCE JUN 1    362                       272     90      244
  SINCE JAN 1    362                       282     80      244
..................................................................


WIND (MPH)
  HIGHEST WIND SPEED    25   HIGHEST WIND DIRECTION     S (170)
  HIGHEST GUST SPEED    31   HIGHEST GUST DIRECTION     S (160)
  AVERAGE WIND SPEED    13.7


SKY COVER
  AVERAGE SKY COVER 0.0


WEATHER CONDITIONS
 THE FOLLOWING WEATHER WAS RECORDED YESTERDAY.
  FOG


RELATIVE HUMIDITY (PERCENT)
 HIGHEST   100           500 AM
 LOWEST     36           200 PM
 AVERAGE    68

..........................................................


THE ALLIANCE NE AIRPORT CLIMATE NORMALS FOR TODAY
                         NORMAL    RECORD    YEAR
 MAXIMUM TEMPERATURE (F)   89       100      2000
                                             1956
                                             1935
 MINIMUM TEMPERATURE (F)   57        38      1913


SUNRISE AND SUNSET
JULY 26 2016..........SUNRISE   539 AM MDT   SUNSET   816 PM MDT
JULY 27 2016..........SUNRISE   540 AM MDT   SUNSET   815 PM MDT


-  INDICATES NEGATIVE NUMBERS.
R  INDICATES RECORD WAS SET OR TIED.
MM INDICATES DATA IS MISSING.
T  INDICATES TRACE AMOUNT.




$$
