000
CDAK48 PAFC 221307
CLIAKN

CLIMATE REPORT
NATIONAL WEATHER SERVICE ANCHORAGE, AK
404 AM AKST SUN JAN 22 2017


...................................

...THE KING SALMON CLIMATE SUMMARY FOR JANUARY 21 2017...

CLIMATE NORMAL PERIOD 1981 TO 2010
CLIMATE RECORD PERIOD 1917 TO 2017


WEATHER ITEM   OBSERVED TIME   RECORD YEAR NORMAL DEPARTURE LAST
                VALUE   (LST)  VALUE       VALUE  FROM      YEAR
                                                  NORMAL
..................................................................
TEMPERATURE (F)
 YESTERDAY
  MAXIMUM          2   1239 AM  47    1963  23    -21       31
  MINIMUM        -14   1150 PM -29    1993   9    -23       10
  AVERAGE         -6                        16    -22       21

PRECIPITATION (IN)
  YESTERDAY        0.03          0.61 2006   0.03   0.00     0.00
  MONTH TO DATE    0.11                      0.68  -0.57     0.18
  SINCE DEC 1      1.20                      1.91  -0.71     1.68
  SINCE JAN 1      0.11                      0.68  -0.57     0.18

SNOWFALL (IN)
  YESTERDAY        0.9          MM      MM   0.4    0.5      0.0
  MONTH TO DATE    2.8                       6.9   -4.1      0.0
  SINCE DEC 1      8.3                      16.4   -8.1      0.0
  SINCE JUL 1     12.9                      26.2  -13.3     13.1
  SNOW DEPTH       1

DEGREE DAYS
 HEATING
  YESTERDAY       71                        49     22       44
  MONTH TO DATE 1185                      1025    160      694
  SINCE DEC 1   2607                      2463    144     1944
  SINCE JUL 1   5333                      5840   -507     4541

 COOLING
  YESTERDAY        0                         0      0        0
  MONTH TO DATE    0                         0      0        0
  SINCE DEC 1      0                         0      0        0
  SINCE JAN 1      0                         0      0        0
..................................................................


WIND (MPH)
  RESULTANT WIND SPEED  11   RESULTANT WIND DIRECTION   N (340)
  HIGHEST WIND SPEED    18   HIGHEST WIND DIRECTION     N (350)
  HIGHEST GUST SPEED    24   HIGHEST GUST DIRECTION    NW (330)
  AVERAGE WIND SPEED    10.8



WEATHER CONDITIONS
 THE FOLLOWING WEATHER WAS RECORDED YESTERDAY.
  LIGHT SNOW
  HAZE


RELATIVE HUMIDITY (PERCENT)
 HIGHEST    87
 LOWEST     59
 AVERAGE    73

..........................................................


THE KING SALMON CLIMATE NORMALS FOR TODAY
                         NORMAL    RECORD    YEAR
 MAXIMUM TEMPERATURE (F)   23        44      2014
 MINIMUM TEMPERATURE (F)    9       -33      2006
                                             1973


SUNRISE AND SUNSET
JANUARY 22 2017.......SUNRISE   952 AM AKST  SUNSET   525 PM AKST
JANUARY 23 2017.......SUNRISE   951 AM AKST  SUNSET   527 PM AKST

CIVIL TWILIGHT
JANUARY 22 2017         START    905 AM GMT     END    613 PM GMT
JANUARY 23 2017         START    904 AM GMT     END    615 PM GMT



-  INDICATES NEGATIVE NUMBERS.
R  INDICATES RECORD WAS SET OR TIED.
MM INDICATES DATA IS MISSING.
T  INDICATES TRACE AMOUNT.




$$
&&
------------------------------------------------------
AMOUNT OF DAYLIGHT TODAY  (HOUR:MIN)........ 7:33
GAIN/LOSS SINCE YESTERDAY (HOUR:MIN:SEC)....+0:04:05

$$
