778
CDAK48 PAFC 221303
CLIAKN


CLIMATE REPORT
NATIONAL WEATHER SERVICE ANCHORAGE, AK
502 AM AKDT SUN OCT 22 2017


...................................

...THE KING SALMON CLIMATE SUMMARY FOR OCTOBER 21 2017...

CLIMATE NORMAL PERIOD 1981 TO 2010
CLIMATE RECORD PERIOD 1917 TO 2017


WEATHER ITEM   OBSERVED TIME   RECORD YEAR NORMAL DEPARTURE LAST
                VALUE   (LST)  VALUE       VALUE  FROM      YEAR
                                                  NORMAL
..................................................................
TEMPERATURE (F)
 YESTERDAY
  MAXIMUM         36        MM  53    2002  39     -3       35
                                      1957
  MINIMUM          7        MM   3    2001  23    -16       26
                                      1970
  AVERAGE         22                        31     -9       31

PRECIPITATION (IN)
  YESTERDAY        T             0.98 1974   0.06  -0.06     0.00
  MONTH TO DATE    2.27                      1.55   0.72     0.67
  SINCE SEP 1      6.21                      4.74   1.47     5.50
  SINCE JAN 1     16.90                     16.34   0.56    23.47

SNOWFALL (IN)
  YESTERDAY        T             8.7  1983   0.1   -0.1      0.0
  MONTH TO DATE    T                         1.3   -1.3       T
  SINCE SEP 1      T                         1.4   -1.4       T
  SINCE JUL 1      T                         1.4   -1.4       T
  SNOW DEPTH       0

DEGREE DAYS
 HEATING
  YESTERDAY       43                        34      9       34
  MONTH TO DATE  528                       614    -86      459
  SINCE SEP 1   1022                      1136   -114      862
  SINCE JUL 1   1519                      1752   -233     1179

 COOLING
  YESTERDAY        0                         0      0        0
  MONTH TO DATE    0                         0      0        0
  SINCE SEP 1      0                         0      0        0
  SINCE JAN 1      1                         1      0        0
..................................................................


WIND (MPH)
  RESULTANT WIND SPEED   5   RESULTANT WIND DIRECTION   N (10)
  HIGHEST WIND SPEED     9   HIGHEST WIND DIRECTION    NW (330)
  HIGHEST GUST SPEED    MM   HIGHEST GUST DIRECTION    MM
  AVERAGE WIND SPEED     5.2



WEATHER CONDITIONS
 THE FOLLOWING WEATHER WAS RECORDED YESTERDAY.
  LIGHT SNOW


RELATIVE HUMIDITY (PERCENT)
 HIGHEST    92
 LOWEST     47
 AVERAGE    70

..........................................................


THE KING SALMON CLIMATE NORMALS FOR TODAY
                         NORMAL    RECORD    YEAR
 MAXIMUM TEMPERATURE (F)   38        52      1929
 MINIMUM TEMPERATURE (F)   23         2      2008


SUNRISE AND SUNSET
OCTOBER 22 2017.......SUNRISE   921 AM AKDT  SUNSET   700 PM AKDT
OCTOBER 23 2017.......SUNRISE   923 AM AKDT  SUNSET   658 PM AKDT


-  INDICATES NEGATIVE NUMBERS.
R  INDICATES RECORD WAS SET OR TIED.
MM INDICATES DATA IS MISSING.
T  INDICATES TRACE AMOUNT.




$$
