000
CDAK48 PAKN 301144
CLIAKN

CLIMATE REPORT
NATIONAL WEATHER SERVICE KING SALMON, AK
344 AM AKDT THU JUL 30 2015

...................................
...THE KING SALMON AP CLIMATE SUMMARY FOR JULY 29 2015...

CLIMATE NORMAL PERIOD  1981 TO  2010
CLIMATE RECORD PERIOD  1917 TO  2015

WEATHER ITEM   OBSERVED TIME    RECORD YEAR NORMAL DEPARTURE LAST
               VALUE    (LST)   VALUE       VALUE  FROM      YEAR
                                                   NORMAL
...................................................................
TEMPERATURE
YESTERDAY
 MAXIMUM            61  0654 PM    79  1963     64      -3     73
 MINIMUM            53  0927 AM    38  2002     48       5     49
 AVERAGE            57                          56       1     61

PRECIPITATION
(INCHES)
 YESTERDAY        0.03           1.83  1928   0.09   -0.06   0.00
 MONTH TO DATE    3.02                        2.13    0.89   2.38
 SINCE JUN 1      3.86                        3.78    0.08   5.63
 SINCE JAN 1     11.10                        8.48    2.62  10.76

SNOWFALL
(INCHES)
 YESTERDAY         0.0            0.0  2015    0.0     0.0    0.0
 MONTH TO DATE     0.0                         0.0     0.0    0.0
 SINCE JUN 1       0.0                         0.0     0.0    0.0
 SINCE JUL 1       0.0                         0.0     0.0    0.0
 SNOW DEPTH (IN)     0                                          0

DEGREE DAYS
 HEATING
  YESTERDAY          8                           9      -1      4
  MONTH TO DATE    224                         272     -48    228
  SINCE JUN 1      473                         679    -206    659
  SINCE JUL 1      224                         272     -48    228

 COOLING
  YESTERDAY          0                           0       0      0
  MONTH TO DATE      0                           0       0      0
  SINCE JUN 1        2                           0       2      0
  SINCE JAN 1        2                           0       2      0
...................................................................

WIND (MPH)
 HIGHEST WIND SPEED    13     HIGHEST WIND DIRECTION    200
 HIGHEST GUST SPEED    16     HIGHEST GUST DIRECTION    190
 AVERAGE WIND SPEED   5.5

SKY COVER
  POSSIBLE SUNSHINE    MM          AVERAGE SKY COVER     MM

WEATHER CONDITIONS
 THE FOLLOWING WEATHER WAS RECORDED YESTERDAY.
  FOG
DRIZZLE
RAIN


RELATIVE HUMIDITY
 HIGHEST RH     MM PERCENT       MM
 LOWEST  RH     MM PERCENT       MM
 AVERAGE RH     MM PERCENT       MM
...................................................................

THE KING SALMON CLIMATE NORMALS FOR TODAY
                           NORMAL    RECORD   YEAR
 MAXIMUM TEMPERATURE (F)     64        80     2014
 MINIMUM TEMPERATURE (F)     48        38     1931

SUNRISE AND SUNSET
 JUL 30 2015..........SUNRISE  6:12 AM      SUNSET 10:54 PM
 JUL 31 2015..........SUNRISE  6:14 AM      SUNSET 10:51 PM

-  INDICATES NEGATIVE NUMBERS.
R  INDICATES RECORD HAS BEEN SET OR TIED.
MM INDICATES DATA IS MISSING.
T  INDICATES TRACE OF PRECIPITATION.

&&
-------------------------------------------------------------------

AMOUNT OF DAYLIGHT TODAY  (HOUR:MIN)........16 HOURS 42 MINUTES
LOSS SINCE YESTERDAY (HOUR:MIN:SEC).........-0:04:21

$$
AM JUL 15
