000
CDAK48 PAKN 041130
CLIAKN

CLIMATE REPORT
NATIONAL WEATHER SERVICE KING SALMON, AK
330 AM AKDT SAT JUL 4 2015

...................................
...THE KING SALMON AP CLIMATE SUMMARY FOR JULY 3 2015...

CLIMATE NORMAL PERIOD  1981 TO  2010
CLIMATE RECORD PERIOD  1917 TO  2015

WEATHER ITEM   OBSERVED TIME    RECORD YEAR NORMAL DEPARTURE LAST
               VALUE    (LST)   VALUE       VALUE  FROM      YEAR
                                                   NORMAL
...................................................................
TEMPERATURE
YESTERDAY
 MAXIMUM            79  0426 PM    80  1989     63      16     75
 MINIMUM            39  0422 AM    36  2009     46      -7     43
 AVERAGE            59                          55       4     59

PRECIPITATION
(INCHES)
 YESTERDAY        0.00           0.57  1955   0.06   -0.06   0.00
 MONTH TO DATE       T                        0.18   -0.18   0.00
 SINCE JUN 1      0.84                        1.83   -0.99   3.25
 SINCE JAN 1      8.08                        6.53    1.55   8.38

SNOWFALL
(INCHES)
 YESTERDAY         0.0            0.0  2015    0.0     0.0    0.0
 MONTH TO DATE     0.0                         0.0     0.0    0.0
 SINCE JUN 1       0.0                         0.0     0.0    0.0
 SINCE JUL 1       0.0                         0.0     0.0    0.0
 SNOW DEPTH (IN)     0                                          0

DEGREE DAYS
 HEATING
  YESTERDAY          6                          10      -4      6
  MONTH TO DATE     18                          31     -13     23
  SINCE JUN 1      267                         438    -171    454
  SINCE JUL 1       18                          31     -13     23

 COOLING
  YESTERDAY          0                           0       0      0
  MONTH TO DATE      0                           0       0      0
  SINCE JUN 1        2                           0       2      0
  SINCE JAN 1        2                           0       2      0
...................................................................

WIND (MPH)
 HIGHEST WIND SPEED    24     HIGHEST WIND DIRECTION    100
 HIGHEST GUST SPEED    32     HIGHEST GUST DIRECTION    100
 AVERAGE WIND SPEED   8.9

SKY COVER
  POSSIBLE SUNSHINE    MM          AVERAGE SKY COVER     MM

WEATHER CONDITIONS
 THE FOLLOWING WEATHER WAS RECORDED YESTERDAY.
  FOG


RELATIVE HUMIDITY
 HIGHEST RH     MM PERCENT       MM
 LOWEST  RH     MM PERCENT       MM
 AVERAGE RH     MM PERCENT       MM
...................................................................

THE KING SALMON CLIMATE NORMALS FOR TODAY
                           NORMAL    RECORD   YEAR
 MAXIMUM TEMPERATURE (F)     64        84     1997
 MINIMUM TEMPERATURE (F)     46        37     2013

SUNRISE AND SUNSET
 JUL 4 2015..........SUNRISE  5:26 AM      SUNSET 11:36 PM
 JUL 5 2015..........SUNRISE  5:27 AM      SUNSET 11:35 PM

-  INDICATES NEGATIVE NUMBERS.
R  INDICATES RECORD HAS BEEN SET OR TIED.
MM INDICATES DATA IS MISSING.
T  INDICATES TRACE OF PRECIPITATION.

&&
-------------------------------------------------------------------

AMOUNT OF DAYLIGHT TODAY  (HOUR:MIN)........18 HOURS 10 MINUTES
GAIN/LOSS SINCE YESTERDAY (HOUR:MIN:SEC)....-0:01:57

$$
AM JUL 15
