096
CDAK48 PAKN 081030
CLIAKN

CLIMATE REPORT
NATIONAL WEATHER SERVICE KING SALMON, AK
130 AM AKST MON FEB 8 2016

...................................
...THE KING SALMON AP CLIMATE SUMMARY FOR FEBRUARY 7 2016...

CLIMATE NORMAL PERIOD  1981 TO  2010
CLIMATE RECORD PERIOD  1917 TO  2016

WEATHER ITEM   OBSERVED TIME    RECORD YEAR NORMAL DEPARTURE LAST
               VALUE    (LST)   VALUE       VALUE  FROM      YEAR
                                                   NORMAL
...................................................................
TEMPERATURE
YESTERDAY
 MAXIMUM            38  0447 PM    51  1981     25      13      4
 MINIMUM            26  0852 AM   -34  1953     10      16     -6
 AVERAGE            32                          18      14     -1

PRECIPITATION
(INCHES)
 YESTERDAY        0.00           0.44  2003   0.03   -0.03   0.00
 MONTH TO DATE    0.24                        0.20    0.04   0.00
 SINCE DEC 1      3.07                        2.45    0.62   2.48
 SINCE JAN 1      0.72                        1.22   -0.50   0.52

SNOWFALL
(INCHES)
 YESTERDAY         0.0            12.0  1920    0.2    -0.2    0.0
 MONTH TO DATE     1.3                         1.6    -0.3    0.0
 SINCE DEC 1      18.1                        21.3    -3.2    8.2
 SINCE JUL 1      31.2                        31.1     0.1   11.7
 SNOW DEPTH (IN)     T                                          T

DEGREE DAYS
 HEATING
  YESTERDAY         33                          47     -14     66
  MONTH TO DATE    221                         335    -114    378
  SINCE DEC 1     2510                        3286    -776   2761
  SINCE JUL 1     5288                        6661   -1373   5513

 COOLING
  YESTERDAY          0                           0       0      0
  MONTH TO DATE      0                           0       0      0
  SINCE DEC 1        0                           0       0      0
  SINCE JAN 1        0                           0       0      0
...................................................................

WIND (MPH)
 HIGHEST WIND SPEED    23     HIGHEST WIND DIRECTION     40
 HIGHEST GUST SPEED    31     HIGHEST GUST DIRECTION     50
 AVERAGE WIND SPEED  12.4

SKY COVER
  POSSIBLE SUNSHINE    MM          AVERAGE SKY COVER     MM

WEATHER CONDITIONS
 THE FOLLOWING WEATHER WAS RECORDED YESTERDAY.
  SLEET


RELATIVE HUMIDITY
 HIGHEST RH     MM PERCENT       MM
 LOWEST  RH     MM PERCENT       MM
 AVERAGE RH     MM PERCENT       MM
...................................................................

THE KING SALMON CLIMATE NORMALS FOR TODAY
                           NORMAL    RECORD   YEAR
 MAXIMUM TEMPERATURE (F)     26        48     2015
 MINIMUM TEMPERATURE (F)     10       -30     1984

SUNRISE AND SUNSET
 FEB 8 2016..........SUNRISE  9:18 AM      SUNSET  6:05 PM
 FEB 9 2016..........SUNRISE  9:16 AM      SUNSET  6:08 PM

-  INDICATES NEGATIVE NUMBERS.
R  INDICATES RECORD HAS BEEN SET OR TIED.
MM INDICATES DATA IS MISSING.
T  INDICATES TRACE OF PRECIPITATION.

&&
-------------------------------------------------------------------

AMOUNT OF DAYLIGHT TODAY  (HOUR:MIN)........8 HOURS 47 MINUTES
GAIN/LOSS SINCE YESTERDAY (HOUR:MIN:SEC)....+0:04:51

$$
FS FEB 16
