000
CDAK48 PAKN 200908
CLIAKN

CLIMATE REPORT
NATIONAL WEATHER SERVICE KING SALMON, AK
108 AM AKDT SUN APR 20 2014

...................................
...THE KING SALMON AP CLIMATE SUMMARY FOR APRIL 19 2014...

CLIMATE NORMAL PERIOD  1981 TO  2010
CLIMATE RECORD PERIOD  1949 TO  2014

WEATHER ITEM   OBSERVED TIME    RECORD YEAR NORMAL DEPARTURE LAST
               VALUE    (LST)   VALUE       VALUE  FROM      YEAR
                                                   NORMAL
...................................................................
TEMPERATURE
YESTERDAY
 MAXIMUM            47  0556 PM    59  1951     44       3     47
 MINIMUM            36  0415 AM     0  1982     26      10     20
 AVERAGE            42                          35       7     34

PRECIPITATION
(INCHES)
 YESTERDAY        0.00           0.21  1994   0.03   -0.03   0.00
 MONTH TO DATE    0.42                        0.58   -0.16   0.06
 SINCE MAR 1      1.18                        1.28   -0.10   1.56
 SINCE JAN 1      2.99                        3.06   -0.07   5.89

SNOWFALL
(INCHES)
 YESTERDAY         0.0            1.6  1968    0.1    -0.1    0.0
 MONTH TO DATE     0.5                         3.0    -2.5    0.8
 SINCE MAR 1       9.3                         9.4    -0.1   12.1
 SINCE JUL 1      36.0                        44.9    -8.9   74.5
 SNOW DEPTH (IN)     0                                          0

DEGREE DAYS
 HEATING
  YESTERDAY         23                          30      -7     31
  MONTH TO DATE    560                         636     -76    786
  SINCE MAR 1     1809                        1901     -92   2134
  SINCE JUL 1     8164                        9519   -1355   9999

 COOLING
  YESTERDAY          0                           0       0      0
  MONTH TO DATE      0                           0       0      0
  SINCE MAR 1        0                           0       0      0
  SINCE JAN 1        0                           0       0      0
...................................................................

WIND (MPH)
 HIGHEST WIND SPEED    22     HIGHEST WIND DIRECTION     60
 HIGHEST GUST SPEED    28     HIGHEST GUST DIRECTION     80
 AVERAGE WIND SPEED  12.1

SKY COVER
  POSSIBLE SUNSHINE    MM          AVERAGE SKY COVER     MM

WEATHER CONDITIONS
 THE FOLLOWING WEATHER WAS RECORDED YESTERDAY.
  NO SIGNIFICANT WEATHER WAS OBSERVED.

RELATIVE HUMIDITY
 HIGHEST RH     MM PERCENT       MM
 LOWEST  RH     MM PERCENT       MM
 AVERAGE RH     MM PERCENT       MM
...................................................................

THE KING SALMON CLIMATE NORMALS FOR TODAY
                           NORMAL    RECORD   YEAR
 MAXIMUM TEMPERATURE (F)     44        57     1979
 MINIMUM TEMPERATURE (F)     27         3     1972

SUNRISE AND SUNSET
 APR 20 2014..........SUNRISE  7:00 AM      SUNSET  9:54 PM
 APR 21 2014..........SUNRISE  6:57 AM      SUNSET  9:56 PM

-  INDICATES NEGATIVE NUMBERS.
R  INDICATES RECORD HAS BEEN SET OR TIED.
MM INDICATES DATA IS MISSING.
T  INDICATES TRACE OF PRECIPITATION.

&&
-------------------------------------------------------------------

AMOUNT OF DAYLIGHT TODAY  (HOUR:MIN)........14 HOURS 54 MINUTES
GAIN/LOSS SINCE YESTERDAY (HOUR:MIN:SEC)....+0:05:03

$$
DJH APR 14
