000
CDUS45 KBOU 240725
CLIAKO


CLIMATE REPORT
NATIONAL WEATHER SERVICE BOULDER, CO
125 AM MDT SUN MAY 24 2015


...................................

...THE AKRON CO CLIMATE SUMMARY FOR MAY 23 2015...

CLIMATE NORMAL PERIOD 1981 TO 2010
CLIMATE RECORD PERIOD 9999 TO 9999


WEATHER ITEM   OBSERVED TIME   RECORD YEAR NORMAL DEPARTURE LAST
                VALUE   (LST)  VALUE       VALUE  FROM      YEAR
                                                  NORMAL
..................................................................
TEMPERATURE (F)
 YESTERDAY
  MAXIMUM         67    149 PM  94    1989  73     -6
  MINIMUM         46    910 PM  35    1971  46      0
  AVERAGE         57                        59     -2

PRECIPITATION (IN)
  YESTERDAY        0.03          1.82 1965   0.11  -0.08      T
  MONTH TO DATE    5.31                      2.09   3.22     2.83
  SINCE MAR 1      7.02                      4.61   2.41     4.02
  SINCE JAN 1      7.30                      5.35   1.95     4.45

DEGREE DAYS
 HEATING
  YESTERDAY        8
  MONTH TO DATE  317

 COOLING
  YESTERDAY        0
  MONTH TO DATE    0
..................................................................


WIND (MPH)
  HIGHEST WIND SPEED    28   HIGHEST WIND DIRECTION    SW (210)
  HIGHEST GUST SPEED    35   HIGHEST GUST DIRECTION    SW (210)




RELATIVE HUMIDITY (PERCENT)
 HIGHEST   100
 LOWEST     56
 AVERAGE    78

..........................................................


THE AKRON CO CLIMATE NORMALS FOR TODAY
                         NORMAL    RECORD    YEAR
 MAXIMUM TEMPERATURE (F)   73        92      1967
 MINIMUM TEMPERATURE (F)   46        36      1946


SUNRISE AND SUNSET
MAY 24 2015...........SUNRISE   530 AM MDT   SUNSET   810 PM MDT
MAY 25 2015...........SUNRISE   529 AM MDT   SUNSET   811 PM MDT


-  INDICATES NEGATIVE NUMBERS.
R  INDICATES RECORD WAS SET OR TIED.
MM INDICATES DATA IS MISSING.
T  INDICATES TRACE AMOUNT.




$$
