000
CDUS45 KBOU 290725
CLIAKO


CLIMATE REPORT
NATIONAL WEATHER SERVICE DENVER/BOULDER CO
125 AM MDT FRI APR 29 2016


...................................

...THE AKRON CO CLIMATE SUMMARY FOR APRIL 28 2016...

CLIMATE NORMAL PERIOD 1981 TO 2010
CLIMATE RECORD PERIOD 9999 TO 9999


WEATHER ITEM   OBSERVED TIME   RECORD YEAR NORMAL DEPARTURE LAST
                VALUE   (LST)  VALUE       VALUE  FROM      YEAR
                                                  NORMAL
..................................................................
TEMPERATURE (F)
 YESTERDAY
  MAXIMUM         39    651 PM  83    2010  65    -26
  MINIMUM         26    130 AM  17    1984  37    -11
  AVERAGE         33                        51    -18

PRECIPITATION (IN)
  YESTERDAY        0.06          0.34 1940   0.07  -0.01     0.00
  MONTH TO DATE    1.52                      1.50   0.02     1.27
  SINCE MAR 1      1.82                      2.37  -0.55     1.49
  SINCE JAN 1      1.93                      3.11  -1.18     1.77

DEGREE DAYS
 HEATING
  YESTERDAY       32
  MONTH TO DATE  469

 COOLING
  YESTERDAY        0
  MONTH TO DATE    0
..................................................................


WIND (MPH)
  HIGHEST WIND SPEED    15   HIGHEST WIND DIRECTION     N (340)
  HIGHEST GUST SPEED    17   HIGHEST GUST DIRECTION     N (340)




RELATIVE HUMIDITY (PERCENT)
 HIGHEST    96
 LOWEST     70
 AVERAGE    83

..........................................................


THE AKRON CO CLIMATE NORMALS FOR TODAY
                         NORMAL    RECORD    YEAR
 MAXIMUM TEMPERATURE (F)   65        84      1987
 MINIMUM TEMPERATURE (F)   38        21      1950


SUNRISE AND SUNSET
APRIL 29 2016.........SUNRISE   554 AM MDT   SUNSET   746 PM MDT
APRIL 30 2016.........SUNRISE   553 AM MDT   SUNSET   747 PM MDT


-  INDICATES NEGATIVE NUMBERS.
R  INDICATES RECORD WAS SET OR TIED.
MM INDICATES DATA IS MISSING.
T  INDICATES TRACE AMOUNT.




$$
