694
CDUS45 KBOU 250725
CLIAKO


CLIMATE REPORT
NATIONAL WEATHER SERVICE DENVER/BOULDER CO
125 AM MDT MON SEP 25 2017


...................................

...THE AKRON CO CLIMATE SUMMARY FOR SEPTEMBER 24 2017...

CLIMATE NORMAL PERIOD 1981 TO 2010
CLIMATE RECORD PERIOD 9999 TO 9999


WEATHER ITEM   OBSERVED TIME   RECORD YEAR NORMAL DEPARTURE LAST
                VALUE   (LST)  VALUE       VALUE  FROM      YEAR
                                                  NORMAL
..................................................................
TEMPERATURE (F)
 YESTERDAY
  MAXIMUM         50    231 PM  91    1966  73    -23
  MINIMUM         44    802 AM  27    1985  45     -1
  AVERAGE         47                        59    -12

PRECIPITATION (IN)
  YESTERDAY        0.04          1.03 1959   0.04   0.00     0.00
  MONTH TO DATE    1.18                      0.94   0.24     1.37
  SINCE SEP 1      1.18                      0.94   0.24     1.37
  SINCE JAN 1     12.97                     14.43  -1.46    16.10

DEGREE DAYS
 HEATING
  YESTERDAY       18
  MONTH TO DATE   60

 COOLING
  YESTERDAY        0
  MONTH TO DATE  126
..................................................................


WIND (MPH)
  HIGHEST WIND SPEED    18   HIGHEST WIND DIRECTION    NW (320)
  HIGHEST GUST SPEED    22   HIGHEST GUST DIRECTION    NW (320)




RELATIVE HUMIDITY (PERCENT)
 HIGHEST   100
 LOWEST     80
 AVERAGE    90

..........................................................


THE AKRON CO CLIMATE NORMALS FOR TODAY
                         NORMAL    RECORD    YEAR
 MAXIMUM TEMPERATURE (F)   73        90      1964
 MINIMUM TEMPERATURE (F)   45        26      1942


SUNRISE AND SUNSET
SEPTEMBER 25 2017.....SUNRISE   644 AM MDT   SUNSET   644 PM MDT
SEPTEMBER 26 2017.....SUNRISE   645 AM MDT   SUNSET   643 PM MDT


-  INDICATES NEGATIVE NUMBERS.
R  INDICATES RECORD WAS SET OR TIED.
MM INDICATES DATA IS MISSING.
T  INDICATES TRACE AMOUNT.




$$
