000
CDUS45 KBOU 210725
CLIAKO


CLIMATE REPORT
NATIONAL WEATHER SERVICE BOULDER, CO
125 AM MDT SUN SEP 21 2014


...................................

...THE AKRON CO CLIMATE SUMMARY FOR SEPTEMBER 20 2014...

CLIMATE NORMAL PERIOD 1981 TO 2010
CLIMATE RECORD PERIOD 9999 TO 9999


WEATHER ITEM   OBSERVED TIME   RECORD YEAR NORMAL DEPARTURE LAST
                VALUE   (LST)  VALUE       VALUE  FROM      YEAR
                                                  NORMAL
..................................................................
TEMPERATURE (F)
 YESTERDAY
  MAXIMUM         80    331 PM  96    2010  75      5
  MINIMUM         54    610 AM  24    1983  47      7
  AVERAGE         67                        61      6

PRECIPITATION (IN)
  YESTERDAY        0.00          0.76 1963   0.04  -0.04     0.00
  MONTH TO DATE    0.32                      0.80  -0.48     2.23
  SINCE SEP 1      0.32                      0.80  -0.48     2.23
  SINCE JAN 1     15.92                     14.29   1.63    13.65

DEGREE DAYS
 HEATING
  YESTERDAY        0
  MONTH TO DATE   89

 COOLING
  YESTERDAY        2
  MONTH TO DATE   57
..................................................................


WIND (MPH)
  HIGHEST WIND SPEED    18   HIGHEST WIND DIRECTION    NE (40)
  HIGHEST GUST SPEED    22   HIGHEST GUST DIRECTION    NE (40)




RELATIVE HUMIDITY (PERCENT)
 HIGHEST    93
 LOWEST     30
 AVERAGE    62

..........................................................


THE AKRON CO CLIMATE NORMALS FOR TODAY
                         NORMAL    RECORD    YEAR
 MAXIMUM TEMPERATURE (F)   75        93      2005
 MINIMUM TEMPERATURE (F)   47        28      1983


SUNRISE AND SUNSET
SEPTEMBER 21 2014.....SUNRISE   639 AM MDT   SUNSET   652 PM MDT
SEPTEMBER 22 2014.....SUNRISE   640 AM MDT   SUNSET   650 PM MDT


-  INDICATES NEGATIVE NUMBERS.
R  INDICATES RECORD WAS SET OR TIED.
MM INDICATES DATA IS MISSING.
T  INDICATES TRACE AMOUNT.




$$
