000
CDUS45 KBOU 210736
CLIAKO


CLIMATE REPORT
NATIONAL WEATHER SERVICE DENVER/BOULDER CO
1233 AM MST TUE NOV 21 2017


...................................

...THE AKRON CO CLIMATE SUMMARY FOR NOVEMBER 20 2017...

CLIMATE NORMAL PERIOD 1981 TO 2010
CLIMATE RECORD PERIOD 9999 TO 9999


WEATHER ITEM   OBSERVED TIME   RECORD YEAR NORMAL DEPARTURE LAST
                VALUE   (LST)  VALUE       VALUE  FROM      YEAR
                                                  NORMAL
..................................................................
TEMPERATURE (F)
 YESTERDAY
  MAXIMUM         66    325 PM  69    2006  47     19
  MINIMUM         35    700 AM   1    1953  23     12
  AVERAGE         51                        35     16

PRECIPITATION (IN)
  YESTERDAY        0.00          0.64 1973   0.02  -0.02     0.00
  MONTH TO DATE    0.07                      0.40  -0.33      T
  SINCE SEP 1      1.88                      2.67  -0.79     1.83
  SINCE JAN 1     13.67                     16.16  -2.49    16.56

SNOWFALL (IN)
  YESTERDAY        0.0
  SNOW DEPTH       0

DEGREE DAYS
 HEATING
  YESTERDAY       14
  MONTH TO DATE  467

 COOLING
  YESTERDAY        0
  MONTH TO DATE    0
..................................................................


WIND (MPH)
  HIGHEST WIND SPEED    32   HIGHEST WIND DIRECTION    NW (330)
  HIGHEST GUST SPEED    40   HIGHEST GUST DIRECTION    NW (320)




RELATIVE HUMIDITY (PERCENT)
 HIGHEST    32
 LOWEST      7
 AVERAGE    20

..........................................................


THE AKRON CO CLIMATE NORMALS FOR TODAY
                         NORMAL    RECORD    YEAR
 MAXIMUM TEMPERATURE (F)   47        70      1974
 MINIMUM TEMPERATURE (F)   23         1      1953


SUNRISE AND SUNSET
NOVEMBER 21 2017......SUNRISE   646 AM MST   SUNSET   432 PM MST
NOVEMBER 22 2017......SUNRISE   647 AM MST   SUNSET   431 PM MST


-  INDICATES NEGATIVE NUMBERS.
R  INDICATES RECORD WAS SET OR TIED.
MM INDICATES DATA IS MISSING.
T  INDICATES TRACE AMOUNT.




$$
