000
CDUS45 KBOU 190725
CLIAKO


CLIMATE REPORT
NATIONAL WEATHER SERVICE BOULDER, CO
1225 AM MST FRI DEC 19 2014


...................................

...THE AKRON CO CLIMATE SUMMARY FOR DECEMBER 18 2014...

CLIMATE NORMAL PERIOD 1981 TO 2010
CLIMATE RECORD PERIOD 9999 TO 9999


WEATHER ITEM   OBSERVED TIME   RECORD YEAR NORMAL DEPARTURE LAST
                VALUE   (LST)  VALUE       VALUE  FROM      YEAR
                                                  NORMAL
..................................................................
TEMPERATURE (F)
 YESTERDAY
  MAXIMUM         38    334 PM  61    2013  39     -1
  MINIMUM         16   1207 AM -13    1945  16      0
  AVERAGE         27                        28     -1

PRECIPITATION (IN)
  YESTERDAY        0.00          0.51 1973   0.02  -0.02     0.00
  MONTH TO DATE    0.20                      0.27  -0.07     0.02
  SINCE DEC 1      0.20                      0.27  -0.07     0.02
  SINCE JAN 1     18.31                     16.61   1.70    16.98

DEGREE DAYS
 HEATING
  YESTERDAY       38
  MONTH TO DATE  539

 COOLING
  YESTERDAY        0
  MONTH TO DATE    0
..................................................................


WIND (MPH)
  HIGHEST WIND SPEED    16   HIGHEST WIND DIRECTION     W (260)
  HIGHEST GUST SPEED    17   HIGHEST GUST DIRECTION     W (270)




RELATIVE HUMIDITY (PERCENT)
 HIGHEST    92
 LOWEST     69
 AVERAGE    81

..........................................................


THE AKRON CO CLIMATE NORMALS FOR TODAY
                         NORMAL    RECORD    YEAR
 MAXIMUM TEMPERATURE (F)   39        65      1941
 MINIMUM TEMPERATURE (F)   16       -10      1989


SUNRISE AND SUNSET
DECEMBER 19 2014......SUNRISE   711 AM MST   SUNSET   429 PM MST
DECEMBER 20 2014......SUNRISE   711 AM MST   SUNSET   430 PM MST


-  INDICATES NEGATIVE NUMBERS.
R  INDICATES RECORD WAS SET OR TIED.
MM INDICATES DATA IS MISSING.
T  INDICATES TRACE AMOUNT.




$$
