000
CDUS45 KBOU 280725
CLIAKO


CLIMATE REPORT
NATIONAL WEATHER SERVICE DENVER/BOULDER CO
125 AM MDT TUE MAR 28 2017


...................................

...THE AKRON CO CLIMATE SUMMARY FOR MARCH 27 2017...

CLIMATE NORMAL PERIOD 1981 TO 2010
CLIMATE RECORD PERIOD 9999 TO 9999


WEATHER ITEM   OBSERVED TIME   RECORD YEAR NORMAL DEPARTURE LAST
                VALUE   (LST)  VALUE       VALUE  FROM      YEAR
                                                  NORMAL
..................................................................
TEMPERATURE (F)
 YESTERDAY
  MAXIMUM         64    347 PM  79    1988  55      9
  MINIMUM         33    317 AM   2    1955  28      5
  AVERAGE         49                        42      7

PRECIPITATION (IN)
  YESTERDAY        0.00          1.11 1975   0.03  -0.03     0.00
  MONTH TO DATE    1.08                      0.72   0.36     0.22
  SINCE MAR 1      1.08                      0.72   0.36     0.22
  SINCE JAN 1      1.19                      1.46  -0.27     0.33

DEGREE DAYS
 HEATING
  YESTERDAY       16
  MONTH TO DATE  480

 COOLING
  YESTERDAY        0
  MONTH TO DATE    0
..................................................................


WIND (MPH)
  HIGHEST WIND SPEED    25   HIGHEST WIND DIRECTION    SE (140)
  HIGHEST GUST SPEED    33   HIGHEST GUST DIRECTION    SE (130)




RELATIVE HUMIDITY (PERCENT)
 HIGHEST    92
 LOWEST     27
 AVERAGE    60

..........................................................


THE AKRON CO CLIMATE NORMALS FOR TODAY
                         NORMAL    RECORD    YEAR
 MAXIMUM TEMPERATURE (F)   55        85      1963
 MINIMUM TEMPERATURE (F)   29        -1      1975


SUNRISE AND SUNSET
MARCH 28 2017.........SUNRISE   643 AM MDT   SUNSET   713 PM MDT
MARCH 29 2017.........SUNRISE   641 AM MDT   SUNSET   715 PM MDT


-  INDICATES NEGATIVE NUMBERS.
R  INDICATES RECORD WAS SET OR TIED.
MM INDICATES DATA IS MISSING.
T  INDICATES TRACE AMOUNT.




$$
