000
CDUS45 KBOU 250725
CLIAKO


CLIMATE REPORT
NATIONAL WEATHER SERVICE DENVER/BOULDER CO
1225 AM MST SAT FEB 25 2017


...................................

...THE AKRON CO CLIMATE SUMMARY FOR FEBRUARY 24 2017...

CLIMATE NORMAL PERIOD 1981 TO 2010
CLIMATE RECORD PERIOD 9999 TO 9999


WEATHER ITEM   OBSERVED TIME   RECORD YEAR NORMAL DEPARTURE LAST
                VALUE   (LST)  VALUE       VALUE  FROM      YEAR
                                                  NORMAL
..................................................................
TEMPERATURE (F)
 YESTERDAY
  MAXIMUM         25    340 PM  69    1986  46    -21
  MINIMUM         10    956 PM -17    1960  22    -12
  AVERAGE         18                        34    -16

PRECIPITATION (IN)
  YESTERDAY        T             0.19 1952   0.02  -0.02     0.00
  MONTH TO DATE    T                         0.36  -0.36     0.02
  SINCE DEC 1      0.25                      1.06  -0.81     0.13
  SINCE JAN 1      0.11                      0.66  -0.55     0.11

DEGREE DAYS
 HEATING
  YESTERDAY       47
  MONTH TO DATE  606

 COOLING
  YESTERDAY        0
  MONTH TO DATE    0
..................................................................


WIND (MPH)
  HIGHEST WIND SPEED    20   HIGHEST WIND DIRECTION     N (10)
  HIGHEST GUST SPEED    27   HIGHEST GUST DIRECTION     N (10)




RELATIVE HUMIDITY (PERCENT)
 HIGHEST    92
 LOWEST     74
 AVERAGE    83

..........................................................


THE AKRON CO CLIMATE NORMALS FOR TODAY
                         NORMAL    RECORD    YEAR
 MAXIMUM TEMPERATURE (F)   46        73      1986
 MINIMUM TEMPERATURE (F)   22       -12      1960


SUNRISE AND SUNSET
FEBRUARY 25 2017......SUNRISE   632 AM MST   SUNSET   540 PM MST
FEBRUARY 26 2017......SUNRISE   630 AM MST   SUNSET   542 PM MST


-  INDICATES NEGATIVE NUMBERS.
R  INDICATES RECORD WAS SET OR TIED.
MM INDICATES DATA IS MISSING.
T  INDICATES TRACE AMOUNT.




$$
