000
CDUS45 KBOU 230725
CLIAKO


CLIMATE REPORT
NATIONAL WEATHER SERVICE DENVER/BOULDER CO
125 AM MDT SUN JUL 23 2017


...................................

...THE AKRON CO CLIMATE SUMMARY FOR JULY 22 2017...

CLIMATE NORMAL PERIOD 1981 TO 2010
CLIMATE RECORD PERIOD 9999 TO 9999


WEATHER ITEM   OBSERVED TIME   RECORD YEAR NORMAL DEPARTURE LAST
                VALUE   (LST)  VALUE       VALUE  FROM      YEAR
                                                  NORMAL
..................................................................
TEMPERATURE (F)
 YESTERDAY
  MAXIMUM         85    234 PM 104    2005  89     -4
  MINIMUM         63    433 AM  46    1990  60      3
  AVERAGE         74                        75     -1

PRECIPITATION (IN)
  YESTERDAY        0.00          1.19   MM   0.09  -0.09     0.00
  MONTH TO DATE    1.84                      1.74   0.10     1.96
  SINCE JUN 1      2.52                      4.20  -1.68     5.90
  SINCE JAN 1      9.17                     10.38  -1.21    12.41

DEGREE DAYS
 HEATING
  YESTERDAY        0
  MONTH TO DATE    0

 COOLING
  YESTERDAY        9
  MONTH TO DATE  278
..................................................................


WIND (MPH)
  HIGHEST WIND SPEED    22   HIGHEST WIND DIRECTION    SE (120)
  HIGHEST GUST SPEED    27   HIGHEST GUST DIRECTION    SE (120)




RELATIVE HUMIDITY (PERCENT)
 HIGHEST    87
 LOWEST     25
 AVERAGE    56

..........................................................


THE AKRON CO CLIMATE NORMALS FOR TODAY
                         NORMAL    RECORD    YEAR
 MAXIMUM TEMPERATURE (F)   89       103      2005
 MINIMUM TEMPERATURE (F)   60        48      1950


SUNRISE AND SUNSET
JULY 23 2017..........SUNRISE   543 AM MDT   SUNSET   815 PM MDT
JULY 24 2017..........SUNRISE   544 AM MDT   SUNSET   814 PM MDT


-  INDICATES NEGATIVE NUMBERS.
R  INDICATES RECORD WAS SET OR TIED.
MM INDICATES DATA IS MISSING.
T  INDICATES TRACE AMOUNT.




$$
