000
CDUS41 KALY 190637
CLIALB


CLIMATE REPORT
NATIONAL WEATHER SERVICE ALBANY NY
135 AM EST FRI JAN 19 2018


...................................

...THE ALBANY NY CLIMATE SUMMARY FOR JANUARY 18 2018...

CLIMATE NORMAL PERIOD 1981 TO 2010
CLIMATE RECORD PERIOD 1874 TO 2018


WEATHER ITEM   OBSERVED TIME   RECORD YEAR NORMAL DEPARTURE LAST
                VALUE   (LST)  VALUE       VALUE  FROM      YEAR
                                                  NORMAL
..................................................................
TEMPERATURE (F)
 YESTERDAY
  MAXIMUM         24        MM  59    1973  30     -6       37
  MINIMUM          2        MM -19    1957  14    -12       33
  AVERAGE         13                        22     -9       35

PRECIPITATION (IN)
  YESTERDAY        T             1.72 2006   0.09  -0.09     0.09
  MONTH TO DATE    1.60                      1.50   0.10     1.60
  SINCE DEC 1      3.53                      4.43  -0.90     3.35
  SINCE JAN 1      1.60                      1.50   0.10     1.60

SNOWFALL (IN)
  YESTERDAY        T             7.9  1891   0.6   -0.6      0.1
  MONTH TO DATE   12.7                      10.6    2.1      1.0
  SINCE DEC 1     24.8                      24.3    0.5     13.1
  SINCE JUL 1     24.8                      27.4   -2.6     15.4
  SNOW DEPTH       5

DEGREE DAYS
 HEATING
  YESTERDAY       52                        43      9       30
  MONTH TO DATE  840                       765     75      671
  SINCE DEC 1   2079                      1896    183     1738
  SINCE JUL 1   3193                      3300   -107     2894

 COOLING
  YESTERDAY        0                         0      0        0
  MONTH TO DATE    0                         0      0        0
  SINCE DEC 1      0                         0      0        0
  SINCE JAN 1      0                         0      0        0
..................................................................


WIND (MPH)
  HIGHEST WIND SPEED    18   HIGHEST WIND DIRECTION     W (290)
  HIGHEST GUST SPEED    28   HIGHEST GUST DIRECTION     W (290)
  AVERAGE WIND SPEED     7.1


SKY COVER
  AVERAGE SKY COVER 0.4



RELATIVE HUMIDITY (PERCENT)
 HIGHEST    91
 LOWEST     55
 AVERAGE    73

..........................................................


THE ALBANY NY CLIMATE NORMALS FOR TODAY
                         NORMAL    RECORD    YEAR
 MAXIMUM TEMPERATURE (F)   30        60      1966
 MINIMUM TEMPERATURE (F)   14       -28      1971


SUNRISE AND SUNSET
JANUARY 19 2018.......SUNRISE   721 AM EST   SUNSET   452 PM EST
JANUARY 20 2018.......SUNRISE   720 AM EST   SUNSET   453 PM EST


-  INDICATES NEGATIVE NUMBERS.
R  INDICATES RECORD WAS SET OR TIED.
MM INDICATES DATA IS MISSING.
T  INDICATES TRACE AMOUNT.




$$
