000
CDUS41 KALY 230622
CLIALB


CLIMATE REPORT
NATIONAL WEATHER SERVICE ALBANY NY
122 AM EST MON JAN 23 2017


...................................

...THE ALBANY NY CLIMATE SUMMARY FOR JANUARY 22 2017...

CLIMATE NORMAL PERIOD 1981 TO 2010
CLIMATE RECORD PERIOD 1874 TO 2017


WEATHER ITEM   OBSERVED TIME   RECORD YEAR NORMAL DEPARTURE LAST
                VALUE   (LST)  VALUE       VALUE  FROM      YEAR
                                                  NORMAL
..................................................................
TEMPERATURE (F)
 YESTERDAY
  MAXIMUM         43    306 PM  62    1906  30     13       29
  MINIMUM         37   1159 PM -20    1984  14     23       12
  AVERAGE         40                        22     18       21

PRECIPITATION (IN)
  YESTERDAY        T             1.18 1891   0.09  -0.09     0.00
  MONTH TO DATE    1.60                      1.84  -0.24     1.24
  SINCE DEC 1      3.35                      4.77  -1.42     4.91
  SINCE JAN 1      1.60                      1.84  -0.24     1.24

SNOWFALL (IN)
  YESTERDAY        0.0          12.9  1987   0.6   -0.6      0.0
  MONTH TO DATE    1.0                      12.9  -11.9      3.3
  SINCE DEC 1     13.1                      26.6  -13.5      5.5
  SINCE JUL 1     15.4                      29.7  -14.3      5.5
  SNOW DEPTH       0

DEGREE DAYS
 HEATING
  YESTERDAY       25                        43    -18       44
  MONTH TO DATE  769                       937   -168      839
  SINCE DEC 1   1836                      2068   -232     1549
  SINCE JUL 1   2992                      3472   -480     2632

 COOLING
  YESTERDAY        0                         0      0        0
  MONTH TO DATE    0                         0      0        0
  SINCE DEC 1      0                         0      0        0
  SINCE JAN 1      0                         0      0        0
..................................................................


WIND (MPH)
  HIGHEST WIND SPEED    12   HIGHEST WIND DIRECTION     N (10)
  HIGHEST GUST SPEED    14   HIGHEST GUST DIRECTION     N (10)
  AVERAGE WIND SPEED     4.3


SKY COVER
  AVERAGE SKY COVER 0.9



RELATIVE HUMIDITY (PERCENT)
 HIGHEST    92
 LOWEST     79
 AVERAGE    86

..........................................................


THE ALBANY NY CLIMATE NORMALS FOR TODAY
                         NORMAL    RECORD    YEAR
 MAXIMUM TEMPERATURE (F)   31        64      1906
 MINIMUM TEMPERATURE (F)   14       -20      1970


SUNRISE AND SUNSET
JANUARY 23 2017.......SUNRISE   718 AM EST   SUNSET   457 PM EST
JANUARY 24 2017.......SUNRISE   717 AM EST   SUNSET   458 PM EST


-  INDICATES NEGATIVE NUMBERS.
R  INDICATES RECORD WAS SET OR TIED.
MM INDICATES DATA IS MISSING.
T  INDICATES TRACE AMOUNT.




$$
