000
CDUS41 KALY 230622
CLIALB


CLIMATE REPORT
NATIONAL WEATHER SERVICE ALBANY NY
222 AM EDT MON OCT 23 2017


...................................

...THE ALBANY NY CLIMATE SUMMARY FOR OCTOBER 22 2017...

CLIMATE NORMAL PERIOD 1981 TO 2010
CLIMATE RECORD PERIOD 1874 TO 2017


WEATHER ITEM   OBSERVED TIME   RECORD YEAR NORMAL DEPARTURE LAST
                VALUE   (LST)  VALUE       VALUE  FROM      YEAR
                                                  NORMAL
..................................................................
TEMPERATURE (F)
 YESTERDAY
  MAXIMUM         74    404 PM  86    1979  57     17       51
  MINIMUM         40    658 AM  20    1959  38      2       39
  AVERAGE         57                        48      9       45

PRECIPITATION (IN)
  YESTERDAY        0.00          2.16 1912   0.11  -0.11     1.21
  MONTH TO DATE    0.92                      2.65  -1.73     1.91
  SINCE SEP 1      3.65                      5.95  -2.30     4.09
  SINCE JAN 1     35.45                     32.10   3.35    27.54

SNOWFALL (IN)
  YESTERDAY        0.0           T    2005   0.0    0.0      0.0
                                      2003
  MONTH TO DATE    0.0                       0.2   -0.2      0.0
  SINCE SEP 1      0.0                       0.2   -0.2      0.0
  SINCE JUL 1      0.0                       0.2   -0.2      0.0
  SNOW DEPTH       0

DEGREE DAYS
 HEATING
  YESTERDAY        8                        18    -10       20
  MONTH TO DATE  154                       307   -153      192
  SINCE SEP 1    247                       451   -204      258
  SINCE JUL 1    266                       474   -208      259

 COOLING
  YESTERDAY        0                         0      0        0
  MONTH TO DATE   15                         0     15        6
  SINCE SEP 1    135                        51     84      114
  SINCE JAN 1    710                       594    116      902
..................................................................


WIND (MPH)
  HIGHEST WIND SPEED    13   HIGHEST WIND DIRECTION     S (200)
  HIGHEST GUST SPEED    16   HIGHEST GUST DIRECTION     S (170)
  AVERAGE WIND SPEED     4.0


SKY COVER
  AVERAGE SKY COVER 0.6



RELATIVE HUMIDITY (PERCENT)
 HIGHEST    93
 LOWEST     31
 AVERAGE    62

..........................................................


THE ALBANY NY CLIMATE NORMALS FOR TODAY
                         NORMAL    RECORD    YEAR
 MAXIMUM TEMPERATURE (F)   57        81      1947
 MINIMUM TEMPERATURE (F)   37        20      1969


SUNRISE AND SUNSET
OCTOBER 23 2017.......SUNRISE   718 AM EDT   SUNSET   600 PM EDT
OCTOBER 24 2017.......SUNRISE   720 AM EDT   SUNSET   559 PM EDT


-  INDICATES NEGATIVE NUMBERS.
R  INDICATES RECORD WAS SET OR TIED.
MM INDICATES DATA IS MISSING.
T  INDICATES TRACE AMOUNT.




$$
