000
CDUS41 KALY 072045
CLIALB


CLIMATE REPORT
NATIONAL WEATHER SERVICE ALBANY NY
444 PM EDT TUE JUL 7 2015


...................................

...THE ALBANY NY CLIMATE SUMMARY FOR JULY 7 2015...
VALID TODAY AS OF 0400 PM LOCAL TIME.

CLIMATE NORMAL PERIOD 1981 TO 2010
CLIMATE RECORD PERIOD 1874 TO 2015


WEATHER ITEM   OBSERVED TIME   RECORD YEAR NORMAL DEPARTURE LAST
                VALUE   (LST)  VALUE       VALUE  FROM      YEAR
                                                  NORMAL
..................................................................
TEMPERATURE (F)
 TODAY
  MAXIMUM         86   1254 PM  97    1988  82      4       85
  MINIMUM         70    436 AM  44    1979  61      9       68
  AVERAGE         78                        72      6       77

PRECIPITATION (IN)
  TODAY            0.25          2.08 1935   0.13   0.12     0.56
  MONTH TO DATE    0.64                      0.90  -0.26     2.48
  SINCE JUN 1      7.34                      4.69   2.65     7.25
  SINCE JAN 1     16.06                     19.47  -3.41    20.81

DEGREE DAYS
 HEATING
  TODAY            0                         0      0        0
  MONTH TO DATE    1                         0      1        0
  SINCE JUN 1     52                        52      0       12
  SINCE JUL 1      1                         0      1        0

 COOLING
  TODAY           13                         7      6       12
  MONTH TO DATE   34                        46    -12       68
  SINCE JUN 1    145                       164    -19      216
  SINCE JAN 1    268                       194     74      251
..................................................................


WIND (MPH)
  HIGHEST WIND SPEED    16   HIGHEST WIND DIRECTION     S (190)
  HIGHEST GUST SPEED    20   HIGHEST GUST DIRECTION     S (200)
  AVERAGE WIND SPEED     7.7


SKY COVER
  AVERAGE SKY COVER 0.7



RELATIVE HUMIDITY (PERCENT)
 HIGHEST    84           400 AM
 LOWEST     57           100 PM
 AVERAGE    71

..........................................................


THE ALBANY NY CLIMATE NORMALS FOR TOMORROW
                         NORMAL    RECORD    YEAR
 MAXIMUM TEMPERATURE (F)   82       100      1936
 MINIMUM TEMPERATURE (F)   61        43      1969


SUNRISE AND SUNSET
JULY  7 2015..........SUNRISE   524 AM EDT   SUNSET   836 PM EDT
JULY  8 2015..........SUNRISE   525 AM EDT   SUNSET   835 PM EDT


-  INDICATES NEGATIVE NUMBERS.
R  INDICATES RECORD WAS SET OR TIED.
MM INDICATES DATA IS MISSING.
T  INDICATES TRACE AMOUNT.




$$
