000
CDUS41 KALY 020712
CLIALB


CLIMATE REPORT
NATIONAL WEATHER SERVICE ALBANY NY
312 AM EDT SAT AUG 2 2014


...................................

...THE ALBANY NY CLIMATE SUMMARY FOR AUGUST 1 2014...

CLIMATE NORMAL PERIOD 1981 TO 2010
CLIMATE RECORD PERIOD 1874 TO 2014


WEATHER ITEM   OBSERVED TIME   RECORD YEAR NORMAL DEPARTURE LAST
                VALUE   (LST)  VALUE       VALUE  FROM      YEAR
                                                  NORMAL
..................................................................
TEMPERATURE (F)
 YESTERDAY
  MAXIMUM         84    243 PM 101    1933  82      2       76
  MINIMUM         59    238 AM  46    1964  62     -3       64
  AVERAGE         72                        72      0       70

PRECIPITATION (IN)
  YESTERDAY        T             1.41 2003   0.13  -0.13     0.02
  MONTH TO DATE    T                         0.13  -0.13     0.02
  SINCE JUN 1     11.64                      8.04   3.60    14.09
  SINCE JAN 1     25.20                     22.82   2.38    28.83

DEGREE DAYS
 HEATING
  YESTERDAY        0                         0      0        0
  MONTH TO DATE    0                         0      0        0
  SINCE JUN 1     12                        57    -45       57
  SINCE JUL 1      0                         5     -5        2

 COOLING
  YESTERDAY        7                         7      0        5
  MONTH TO DATE    7                         7      0        5
  SINCE JUN 1    392                       343     49      499
  SINCE JAN 1    427                       373     54      548
..................................................................


WIND (MPH)
  HIGHEST WIND SPEED    21   HIGHEST WIND DIRECTION     S (170)
  HIGHEST GUST SPEED    26   HIGHEST GUST DIRECTION     S (180)
  AVERAGE WIND SPEED     6.5


SKY COVER
  AVERAGE SKY COVER 0.7



RELATIVE HUMIDITY (PERCENT)
 HIGHEST   100
 LOWEST     51
 AVERAGE    76

..........................................................


THE ALBANY NY CLIMATE NORMALS FOR TODAY
                         NORMAL    RECORD    YEAR
 MAXIMUM TEMPERATURE (F)   82        97      1975
 MINIMUM TEMPERATURE (F)   61        45      1976


SUNRISE AND SUNSET
AUGUST  2 2014........SUNRISE   548 AM EDT   SUNSET   815 PM EDT
AUGUST  3 2014........SUNRISE   549 AM EDT   SUNSET   813 PM EDT


-  INDICATES NEGATIVE NUMBERS.
R  INDICATES RECORD WAS SET OR TIED.
MM INDICATES DATA IS MISSING.
T  INDICATES TRACE AMOUNT.




$$
